CREATE TABLE `plans` (
  `plan_id` int(11) NOT NULL AUTO_INCREMENT,
  `plan_name` varchar(100) NOT NULL,
  `amount` decimal(15,2) NOT NULL,
  `date_added` datetime NOT NULL,
  PRIMARY KEY (`plan_id`)
) ENGINE=InnoDB DEFAULT CHARSET=latin1;






CREATE TABLE `print_slip_dates` (
  `print_slip_dates_id` int(11) NOT NULL AUTO_INCREMENT,
  `type` varchar(30) NOT NULL,
  `date_printed` date NOT NULL,
  PRIMARY KEY (`print_slip_dates_id`)
) ENGINE=InnoDB DEFAULT CHARSET=latin1;






CREATE TABLE `push_subscriptions` (
  `push_subscriptions_id` int(11) NOT NULL AUTO_INCREMENT,
  `endpoint` varchar(500) NOT NULL,
  `p256dh` varchar(500) NOT NULL,
  `auth` varchar(500) NOT NULL,
  `date_created` datetime NOT NULL DEFAULT current_timestamp(),
  `user_id` int(11) NOT NULL,
  `school_id` int(11) NOT NULL,
  `table_name` varchar(100) NOT NULL,
  `user_key` varchar(100) NOT NULL,
  `browser_token` char(32) NOT NULL,
  PRIMARY KEY (`push_subscriptions_id`),
  KEY `user_id` (`user_id`),
  KEY `school_id` (`school_id`),
  KEY `table_name` (`table_name`),
  KEY `user_key` (`user_key`),
  KEY `browser_token` (`browser_token`)
) ENGINE=InnoDB DEFAULT CHARSET=latin1;






CREATE TABLE `question_bank` (
  `question_bank_id` int(11) NOT NULL AUTO_INCREMENT,
  `question_bank_title` varchar(30) NOT NULL,
  `class_id` int(11) NOT NULL,
  `subject_id` int(11) NOT NULL,
  `question_bank_type` varchar(20) NOT NULL,
  `date_added` datetime NOT NULL DEFAULT current_timestamp(),
  PRIMARY KEY (`question_bank_id`),
  KEY `class_id` (`class_id`),
  KEY `subject_id` (`subject_id`)
) ENGINE=InnoDB DEFAULT CHARSET=utf8;






CREATE TABLE `question_lead` (
  `question_lead_id` int(11) NOT NULL AUTO_INCREMENT,
  `question_bank_id` int(11) NOT NULL,
  `question_lead_title` varchar(300) NOT NULL,
  `question_lead_description` text NOT NULL,
  `question_lead_dir` varchar(500) NOT NULL,
  `google_drive_id` varchar(200) NOT NULL,
  `question_lead_embed_dir` varchar(300) NOT NULL,
  `question_lead_thumb_dir` varchar(300) NOT NULL,
  `date_added` datetime NOT NULL DEFAULT current_timestamp(),
  PRIMARY KEY (`question_lead_id`),
  KEY `question_bank_id` (`question_bank_id`)
) ENGINE=InnoDB DEFAULT CHARSET=utf8;






CREATE TABLE `question_options` (
  `question_options_id` int(11) NOT NULL AUTO_INCREMENT,
  `question_id` int(11) NOT NULL,
  `google_drive_id` varchar(200) NOT NULL,
  `option_text` varchar(500) NOT NULL,
  `option_dir` varchar(300) NOT NULL,
  `option_embed_dir` varchar(300) NOT NULL,
  `option_thumb_dir` varchar(200) NOT NULL,
  `answer` tinyint(4) NOT NULL,
  `date_added` datetime NOT NULL DEFAULT current_timestamp(),
  PRIMARY KEY (`question_options_id`),
  KEY `question_id` (`question_id`)
) ENGINE=InnoDB DEFAULT CHARSET=utf8mb4;






CREATE TABLE `questions` (
  `question_id` int(11) NOT NULL AUTO_INCREMENT,
  `question_bank_id` int(11) NOT NULL,
  `question_lead_id` int(11) NOT NULL,
  `google_drive_id` varchar(200) NOT NULL,
  `correct_answer` int(11) NOT NULL,
  `incorrect_answer` int(11) NOT NULL,
  `question_type` varchar(30) NOT NULL,
  `question_text` text NOT NULL,
  `question_dir` varchar(500) NOT NULL,
  `question_embed_dir` varchar(200) NOT NULL,
  `question_thumb_dir` varchar(200) NOT NULL,
  `date_added` datetime NOT NULL DEFAULT current_timestamp(),
  PRIMARY KEY (`question_id`),
  KEY `question_bank_id` (`question_bank_id`),
  KEY `question_lead_id` (`question_lead_id`)
) ENGINE=InnoDB DEFAULT CHARSET=utf8;






CREATE TABLE `received_students` (
  `received_students_id` int(11) NOT NULL AUTO_INCREMENT,
  `old_student_id` int(11) NOT NULL,
  `new_student_id` int(11) NOT NULL,
  `parent_id` int(11) NOT NULL,
  `student_name` varchar(300) NOT NULL,
  `class_id` int(11) NOT NULL,
  `old_class_name` varchar(100) NOT NULL,
  `new_class_name` varchar(100) NOT NULL,
  `old_serial_number` varchar(30) NOT NULL,
  `new_serial_number` varchar(30) NOT NULL,
  `school_id` int(11) NOT NULL,
  `database_name` varchar(300) NOT NULL,
  `status` varchar(20) NOT NULL,
  `date_created` datetime NOT NULL,
  PRIMARY KEY (`received_students_id`),
  KEY `status` (`status`)
) ENGINE=InnoDB DEFAULT CHARSET=latin1;






CREATE TABLE `remark_result` (
  `remark_result_id` int(10) unsigned NOT NULL AUTO_INCREMENT,
  `remark_result_name` varchar(300) NOT NULL,
  `class_id` int(10) unsigned NOT NULL,
  `terms` varchar(20) NOT NULL,
  `activation` varchar(20) NOT NULL DEFAULT 'activated',
  PRIMARY KEY (`remark_result_id`),
  KEY `class_id` (`class_id`),
  KEY `activation` (`activation`)
) ENGINE=InnoDB DEFAULT CHARSET=latin1;






CREATE TABLE `remark_result_cat` (
  `remark_result_cat_id` int(10) unsigned NOT NULL AUTO_INCREMENT,
  `remark_result_id` int(10) unsigned NOT NULL,
  `remark_result_cat_name` varchar(300) NOT NULL,
  `date_created` datetime NOT NULL DEFAULT current_timestamp(),
  PRIMARY KEY (`remark_result_cat_id`),
  KEY `remark_result_id` (`remark_result_id`),
  KEY `date_created` (`date_created`)
) ENGINE=InnoDB DEFAULT CHARSET=latin1;






CREATE TABLE `remark_result_column` (
  `remark_result_column_id` int(10) unsigned NOT NULL AUTO_INCREMENT,
  `remark_result_id` int(10) unsigned NOT NULL,
  `remark_result_column_name` varchar(300) NOT NULL,
  PRIMARY KEY (`remark_result_column_id`),
  KEY `remark_result_id` (`remark_result_id`)
) ENGINE=InnoDB DEFAULT CHARSET=latin1;






CREATE TABLE `remark_result_mark` (
  `remark_result_mark_id` int(10) unsigned NOT NULL AUTO_INCREMENT,
  `remark_result_id` int(10) unsigned NOT NULL,
  `grade_from` int(11) NOT NULL,
  `grade_to` int(11) NOT NULL,
  `remark_result_mark_name` varchar(300) NOT NULL,
  `remark_result_mark_desc` varchar(500) NOT NULL,
  PRIMARY KEY (`remark_result_mark_id`),
  KEY `remark_result_id` (`remark_result_id`)
) ENGINE=InnoDB DEFAULT CHARSET=latin1;






CREATE TABLE `remark_result_student` (
  `remark_result_student_id` int(10) unsigned NOT NULL AUTO_INCREMENT,
  `student_id` int(10) unsigned NOT NULL,
  `class_id` int(10) unsigned NOT NULL,
  `subclass_id` int(10) unsigned NOT NULL,
  `remark_result_id` int(10) unsigned NOT NULL,
  `remark_result_cat_id` int(10) unsigned NOT NULL,
  `remark_result_subcat_id` int(10) unsigned NOT NULL,
  `remark_result_column_id` int(10) unsigned NOT NULL,
  `remark_result_mark_id` int(10) unsigned NOT NULL,
  `class_name` varchar(300) NOT NULL,
  `subclass_name` varchar(300) NOT NULL,
  `remark_result_name` varchar(300) NOT NULL,
  `remark_result_cat_name` varchar(300) NOT NULL,
  `remark_result_subcat_name` varchar(300) NOT NULL,
  `remark_result_column_name` varchar(300) NOT NULL,
  `remark_result_mark_name` varchar(300) NOT NULL,
  `remark_result_mark_desc` varchar(500) NOT NULL,
  `score` int(11) DEFAULT NULL,
  `student_attendance` int(11) DEFAULT NULL,
  `total_attendance` int(11) DEFAULT NULL,
  `form_staff_name` varchar(200) NOT NULL,
  `form_staff_comment` text NOT NULL,
  `principal_name` varchar(200) NOT NULL,
  `principal_comment` text NOT NULL,
  `principal_signature` varchar(400) NOT NULL,
  `scratch_card_number` varchar(16) NOT NULL,
  `next_term_begins` date NOT NULL,
  `status` varchar(20) NOT NULL,
  `publish_result` varchar(20) NOT NULL DEFAULT 'not_published',
  `sessions` varchar(20) NOT NULL,
  `terms` varchar(20) NOT NULL,
  PRIMARY KEY (`remark_result_student_id`),
  KEY `student_id` (`student_id`,`class_id`,`subclass_id`,`remark_result_id`,`remark_result_cat_id`,`remark_result_subcat_id`,`remark_result_column_id`,`remark_result_mark_id`),
  KEY `status` (`status`),
  KEY `publish_result` (`publish_result`)
) ENGINE=InnoDB DEFAULT CHARSET=latin1;






CREATE TABLE `remark_result_subcat` (
  `remark_result_subcat_id` int(10) unsigned NOT NULL AUTO_INCREMENT,
  `remark_result_id` int(10) unsigned NOT NULL,
  `remark_result_cat_id` int(10) unsigned NOT NULL,
  `remark_result_subcat_name` varchar(300) NOT NULL,
  PRIMARY KEY (`remark_result_subcat_id`),
  KEY `remark_result_id` (`remark_result_id`,`remark_result_cat_id`)
) ENGINE=InnoDB DEFAULT CHARSET=latin1;






CREATE TABLE `result_class` (
  `result_class_id` int(11) NOT NULL AUTO_INCREMENT,
  `class_id` int(11) NOT NULL,
  `class_name` varchar(30) NOT NULL,
  `generate_result` varchar(30) NOT NULL,
  `skip_result` varchar(20) NOT NULL,
  `sessions` varchar(20) NOT NULL,
  `terms` varchar(20) NOT NULL,
  PRIMARY KEY (`result_class_id`),
  KEY `class_id` (`class_id`,`generate_result`,`sessions`,`terms`),
  KEY `skip_result` (`skip_result`)
) ENGINE=InnoDB AUTO_INCREMENT=17 DEFAULT CHARSET=latin1;


INSERT INTO result_class VALUES
("1","1","JSS1","not_generated","skipped","2021/2022","1st Term"),
("2","2","JSS2","not_generated","skipped","2021/2022","1st Term"),
("3","3","JSS3","not_generated","skipped","2021/2022","1st Term"),
("4","4","SSS1","not_generated","skipped","2021/2022","1st Term"),
("5","5","SSS2","not_generated","skipped","2021/2022","1st Term"),
("6","6","SSS3","not_generated","skipped","2021/2022","1st Term"),
("7","1","PRE ROSE","not_generated","skipped","2021/2022","1st Term"),
("8","2","NURSERY 1","not_generated","skipped","2021/2022","1st Term"),
("9","3","NURSERY 2","not_generated","skipped","2021/2022","1st Term"),
("10","4","NURSERY 3","not_generated","skipped","2021/2022","1st Term"),
("11","5","PRIMARY 1","not_generated","skipped","2021/2022","1st Term"),
("12","6","PRIMARY 2","not_generated","skipped","2021/2022","1st Term"),
("13","7","PRIMARY 3","not_generated","skipped","2021/2022","1st Term"),
("14","8","PRIMARY 4","not_generated","skipped","2021/2022","1st Term"),
("15","9","PRIMARY 5","not_generated","skipped","2021/2022","1st Term"),
("16","10","PRIMARY 6","not_generated","skipped","2021/2022","1st Term");




CREATE TABLE `result_class_score` (
  `result_class_score_id` int(10) unsigned NOT NULL AUTO_INCREMENT,
  `class_id` int(11) unsigned NOT NULL,
  `no_of_ca` int(11) NOT NULL,
  `ca1_total_score` float NOT NULL,
  `ca2_total_score` float NOT NULL,
  `ca3_total_score` float NOT NULL,
  `ca4_total_score` float NOT NULL,
  `ca5_total_score` float NOT NULL,
  `ca6_total_score` float NOT NULL,
  `ca7_total_score` float NOT NULL,
  `ca8_total_score` float NOT NULL,
  `ca9_total_score` float NOT NULL,
  `ca10_total_score` float NOT NULL,
  `exam_total_score` float NOT NULL,
  `total_score` float NOT NULL,
  `ca_name_1` varchar(50) NOT NULL,
  `ca_name_2` varchar(50) NOT NULL,
  `ca_name_3` varchar(50) NOT NULL,
  `ca_name_4` varchar(50) NOT NULL,
  `ca_name_5` varchar(50) NOT NULL,
  `ca_name_6` varchar(50) NOT NULL,
  `ca_name_7` varchar(50) NOT NULL,
  `ca_name_8` varchar(50) NOT NULL,
  `ca_name_9` varchar(50) NOT NULL,
  `ca_name_10` varchar(50) NOT NULL,
  `exam_name` varchar(50) NOT NULL,
  `terms` varchar(10) NOT NULL,
  PRIMARY KEY (`result_class_score_id`),
  KEY `class_id` (`class_id`,`terms`)
) ENGINE=InnoDB AUTO_INCREMENT=31 DEFAULT CHARSET=latin1;


INSERT INTO result_class_score VALUES
("1","1","1","40","0","0","0","0","0","0","0","0","0","0","0","CA","CA 2","CA 3","CA 4","CA 5","CA 6","","","","","Exam","1st Term"),
("2","1","1","40","0","0","0","0","0","0","0","0","0","0","0","CA","CA 2","CA 3","CA 4","CA 5","CA 6","","","","","Exam","2nd Term"),
("3","1","1","40","0","0","0","0","0","0","0","0","0","0","0","CA","CA 2","CA 3","CA 4","CA 5","CA 6","","","","","Exam","3rd Term"),
("4","2","1","40","0","0","0","0","0","0","0","0","0","0","0","CA","CA 2","CA 3","CA 4","CA 5","CA 6","","","","","Exam","1st Term"),
("5","2","1","40","0","0","0","0","0","0","0","0","0","0","0","CA","CA 2","CA 3","CA 4","CA 5","CA 6","","","","","Exam","2nd Term"),
("6","2","1","40","0","0","0","0","0","0","0","0","0","0","0","CA","CA 2","CA 3","CA 4","CA 5","CA 6","","","","","Exam","3rd Term"),
("7","3","1","40","0","0","0","0","0","0","0","0","0","0","0","CA","CA 2","CA 3","CA 4","CA 5","CA 6","","","","","Exam","1st Term"),
("8","3","1","40","0","0","0","0","0","0","0","0","0","0","0","CA","CA 2","CA 3","CA 4","CA 5","CA 6","","","","","Exam","2nd Term"),
("9","3","1","40","0","0","0","0","0","0","0","0","0","0","0","CA","CA 2","CA 3","CA 4","CA 5","CA 6","","","","","Exam","3rd Term"),
("10","4","1","40","0","0","0","0","0","0","0","0","0","0","0","CA","CA 2","CA 3","CA 4","CA 5","CA 6","","","","","Exam","1st Term"),
("11","4","1","40","0","0","0","0","0","0","0","0","0","0","0","CA","CA 2","CA 3","CA 4","CA 5","CA 6","","","","","Exam","2nd Term"),
("12","4","1","40","0","0","0","0","0","0","0","0","0","0","0","CA","CA 2","CA 3","CA 4","CA 5","CA 6","","","","","Exam","3rd Term"),
("13","5","1","40","0","0","0","0","0","0","0","0","0","0","0","CA","CA 2","CA 3","CA 4","CA 5","CA 6","","","","","Exam","1st Term"),
("14","5","1","40","0","0","0","0","0","0","0","0","0","0","0","CA","CA 2","CA 3","CA 4","CA 5","CA 6","","","","","Exam","2nd Term"),
("15","5","1","40","0","0","0","0","0","0","0","0","0","0","0","CA","CA 2","CA 3","CA 4","CA 5","CA 6","","","","","Exam","3rd Term"),
("16","6","1","40","0","0","0","0","0","0","0","0","0","0","0","CA","CA 2","CA 3","CA 4","CA 5","CA 6","","","","","Exam","1st Term"),
("17","6","1","40","0","0","0","0","0","0","0","0","0","0","0","CA","CA 2","CA 3","CA 4","CA 5","CA 6","","","","","Exam","2nd Term"),
("18","6","1","40","0","0","0","0","0","0","0","0","0","0","0","CA","CA 2","CA 3","CA 4","CA 5","CA 6","","","","","Exam","3rd Term"),
("19","7","1","40","0","0","0","0","0","0","0","0","0","0","0","CA","CA 2","CA 3","CA 4","CA 5","CA 6","","","","","Exam","1st Term"),
("20","7","1","40","0","0","0","0","0","0","0","0","0","0","0","CA","CA 2","CA 3","CA 4","CA 5","CA 6","","","","","Exam","2nd Term"),
("21","7","1","40","0","0","0","0","0","0","0","0","0","0","0","CA","CA 2","CA 3","CA 4","CA 5","CA 6","","","","","Exam","3rd Term"),
("22","8","1","40","0","0","0","0","0","0","0","0","0","0","0","CA","CA 2","CA 3","CA 4","CA 5","CA 6","","","","","Exam","1st Term"),
("23","8","1","40","0","0","0","0","0","0","0","0","0","0","0","CA","CA 2","CA 3","CA 4","CA 5","CA 6","","","","","Exam","2nd Term"),
("24","8","1","40","0","0","0","0","0","0","0","0","0","0","0","CA","CA 2","CA 3","CA 4","CA 5","CA 6","","","","","Exam","3rd Term"),
("25","9","1","40","0","0","0","0","0","0","0","0","0","0","0","CA","CA 2","CA 3","CA 4","CA 5","CA 6","","","","","Exam","1st Term"),
("26","9","1","40","0","0","0","0","0","0","0","0","0","0","0","CA","CA 2","CA 3","CA 4","CA 5","CA 6","","","","","Exam","2nd Term"),
("27","9","1","40","0","0","0","0","0","0","0","0","0","0","0","CA","CA 2","CA 3","CA 4","CA 5","CA 6","","","","","Exam","3rd Term"),
("28","10","1","40","0","0","0","0","0","0","0","0","0","0","0","CA","CA 2","CA 3","CA 4","CA 5","CA 6","","","","","Exam","1st Term"),
("29","10","1","40","0","0","0","0","0","0","0","0","0","0","0","CA","CA 2","CA 3","CA 4","CA 5","CA 6","","","","","Exam","2nd Term"),
("30","10","1","40","0","0","0","0","0","0","0","0","0","0","0","CA","CA 2","CA 3","CA 4","CA 5","CA 6","","","","","Exam","3rd Term");




CREATE TABLE `result_class_term` (
  `result_class_term` int(11) NOT NULL AUTO_INCREMENT,
  `class_id` int(11) NOT NULL,
  `terms` varchar(20) NOT NULL,
  PRIMARY KEY (`result_class_term`),
  KEY `class_id` (`class_id`,`terms`)
) ENGINE=InnoDB AUTO_INCREMENT=31 DEFAULT CHARSET=latin1;


INSERT INTO result_class_term VALUES
("2","1","2nd Term"),
("3","1","3rd Term"),
("5","2","2nd Term"),
("6","2","3rd Term"),
("8","3","2nd Term"),
("9","3","3rd Term"),
("11","4","2nd Term"),
("12","4","3rd Term"),
("14","5","2nd Term"),
("15","5","3rd Term"),
("17","6","2nd Term"),
("18","6","3rd Term"),
("20","7","2nd Term"),
("21","7","3rd Term"),
("23","8","2nd Term"),
("24","8","3rd Term"),
("26","9","2nd Term"),
("27","9","3rd Term"),
("29","10","2nd Term"),
("30","10","3rd Term");




CREATE TABLE `result_main` (
  `result_main_id` int(11) NOT NULL AUTO_INCREMENT,
  `student_id` int(11) NOT NULL,
  `class_id` int(11) NOT NULL,
  `class_name` char(50) NOT NULL,
  `section` varchar(10) NOT NULL,
  `subclass_id` int(11) NOT NULL,
  `subclass_name` char(50) NOT NULL,
  `total` float NOT NULL,
  `cumulative_total` float NOT NULL,
  `total_obtainable` float NOT NULL,
  `cumu_total_obtainable` float NOT NULL,
  `average` varchar(10) NOT NULL,
  `cumulative_average` varchar(10) NOT NULL,
  `position_class` varchar(20) NOT NULL,
  `cumulative_position_class` varchar(20) NOT NULL,
  `position_subclass` varchar(20) NOT NULL,
  `cumulative_position_subclass` varchar(20) NOT NULL,
  `student_attendance` int(11) DEFAULT NULL,
  `total_attendance` int(11) DEFAULT NULL,
  `total_student_class` int(10) unsigned NOT NULL,
  `total_student_subclass` int(10) unsigned NOT NULL,
  `cumulative_total_student_class` int(10) unsigned NOT NULL,
  `cumulative_total_student_subclass` int(10) unsigned NOT NULL,
  `handwriting` int(11) NOT NULL,
  `cumulative_handwriting` int(11) NOT NULL,
  `neatness` int(11) NOT NULL,
  `cumulative_neatness` int(11) NOT NULL,
  `punctuality` int(11) NOT NULL,
  `cumulative_punctuality` int(11) NOT NULL,
  `attentiveness` int(11) NOT NULL,
  `cumulative_attentiveness` int(11) NOT NULL,
  `initiative` int(11) NOT NULL,
  `cumulative_initiative` int(11) NOT NULL,
  `respect` int(11) NOT NULL,
  `cumulative_respect` int(11) NOT NULL,
  `obedience` int(11) NOT NULL,
  `cumulative_obedience` int(11) NOT NULL,
  `attitude` int(11) NOT NULL,
  `cumulative_attitude` int(11) NOT NULL,
  `honesty` int(11) NOT NULL,
  `cumulative_honesty` int(11) NOT NULL,
  `creativity` int(11) NOT NULL,
  `cumulative_creativity` int(11) NOT NULL,
  `behaviour1_name` varchar(100) NOT NULL,
  `behaviour2_name` varchar(100) NOT NULL,
  `behaviour3_name` varchar(100) NOT NULL,
  `behaviour4_name` varchar(100) NOT NULL,
  `behaviour5_name` varchar(100) NOT NULL,
  `behaviour6_name` varchar(100) NOT NULL,
  `behaviour7_name` varchar(100) NOT NULL,
  `behaviour8_name` varchar(100) NOT NULL,
  `behaviour9_name` varchar(100) NOT NULL,
  `behaviour10_name` varchar(100) NOT NULL,
  `promotion` varchar(50) NOT NULL,
  `promotion_class_id` int(11) NOT NULL,
  `promotion_class_name` varchar(50) NOT NULL,
  `promotion_comment` varchar(500) NOT NULL,
  `promotion_subclass_id` int(11) NOT NULL,
  `promotion_subclass_name` varchar(50) NOT NULL,
  `pass_ave` varchar(5) NOT NULL,
  `scratch_card_number` varchar(16) NOT NULL,
  `next_term_begins` date NOT NULL,
  `ca1_total_score` float NOT NULL,
  `ca2_total_score` float NOT NULL,
  `ca3_total_score` float NOT NULL,
  `ca4_total_score` float NOT NULL,
  `ca5_total_score` float NOT NULL,
  `ca6_total_score` float NOT NULL,
  `ca7_total_score` float NOT NULL,
  `ca8_total_score` float NOT NULL,
  `ca9_total_score` float NOT NULL,
  `ca10_total_score` float NOT NULL,
  `ca_total_score` float NOT NULL,
  `exam_total_score` float NOT NULL,
  `no_of_ca` int(11) NOT NULL,
  `exam_name` varchar(50) NOT NULL,
  `ca_name_1` varchar(50) NOT NULL,
  `ca_name_2` varchar(50) NOT NULL,
  `ca_name_3` varchar(50) NOT NULL,
  `ca_name_4` varchar(50) NOT NULL,
  `ca_name_5` varchar(50) NOT NULL,
  `ca_name_6` varchar(50) NOT NULL,
  `ca_name_7` varchar(50) NOT NULL,
  `ca_name_8` varchar(50) NOT NULL,
  `ca_name_9` varchar(50) NOT NULL,
  `ca_name_10` varchar(50) NOT NULL,
  `principal_name` varchar(100) NOT NULL,
  `principal_comment` text NOT NULL,
  `form_staff_name` varchar(200) NOT NULL,
  `form_staff_comment` text NOT NULL,
  `student_affairs_comment` text NOT NULL,
  `cumulative_principal_comment` text NOT NULL,
  `cumulative_form_staff_comment` text NOT NULL,
  `principal_signature` varchar(150) NOT NULL,
  `second_principal_signature` varchar(60) NOT NULL,
  `visited` int(11) NOT NULL,
  `sessions` varchar(20) NOT NULL,
  `terms` varchar(20) NOT NULL,
  PRIMARY KEY (`result_main_id`),
  KEY `student_id` (`student_id`),
  KEY `sessions` (`sessions`),
  KEY `terms` (`terms`),
  KEY `promotion` (`promotion`)
) ENGINE=InnoDB DEFAULT CHARSET=latin1;






CREATE TABLE `result_page` (
  `result_page_id` int(11) NOT NULL AUTO_INCREMENT,
  `subject_id` int(11) NOT NULL,
  `class_id` int(11) NOT NULL,
  `subclass_id` int(11) NOT NULL,
  `class_name` varchar(50) NOT NULL,
  `subclass_name` varchar(50) NOT NULL,
  `subject_name` varchar(100) NOT NULL,
  `status` char(10) NOT NULL,
  `students` int(11) NOT NULL,
  `t_attendance` int(11) NOT NULL,
  `sessions` varchar(20) NOT NULL,
  `terms` varchar(10) NOT NULL,
  PRIMARY KEY (`result_page_id`),
  KEY `status` (`status`),
  KEY `class_id` (`class_id`)
) ENGINE=InnoDB DEFAULT CHARSET=latin1;






CREATE TABLE `result_subject` (
  `result_subject_id` int(11) NOT NULL AUTO_INCREMENT,
  `student_id` int(11) NOT NULL,
  `class_id` int(11) NOT NULL,
  `subclass_id` int(11) NOT NULL,
  `class_name` varchar(50) NOT NULL,
  `subclass_name` varchar(50) NOT NULL,
  `subject_name` varchar(100) NOT NULL,
  `subject_id` int(11) NOT NULL,
  `ca1` float DEFAULT NULL,
  `ca2` float DEFAULT NULL,
  `ca3` float DEFAULT NULL,
  `ca4` float DEFAULT NULL,
  `ca5` float DEFAULT NULL,
  `ca6` float DEFAULT NULL,
  `ca7` float DEFAULT NULL,
  `ca8` float DEFAULT NULL,
  `ca9` float DEFAULT NULL,
  `ca10` float DEFAULT NULL,
  `ca` float DEFAULT NULL,
  `exam` float DEFAULT NULL,
  `sum_total` float DEFAULT NULL,
  `total` float NOT NULL,
  `cumulative_score` float NOT NULL,
  `cumulative_score_percent` float DEFAULT NULL,
  `cumulative_position` char(10) NOT NULL,
  `position_subclass` varchar(20) NOT NULL,
  `grade` varchar(5) NOT NULL,
  `grade_comment` varchar(50) NOT NULL,
  `staff_name` varchar(200) NOT NULL,
  `staff_comment` varchar(60) NOT NULL,
  `attendance` int(11) DEFAULT NULL,
  `percent_attendance` varchar(10) DEFAULT NULL,
  `handwriting` int(11) DEFAULT NULL,
  `neatness` int(11) DEFAULT NULL,
  `punctuality` int(11) DEFAULT NULL,
  `attentiveness` int(11) DEFAULT NULL,
  `initiative` int(11) DEFAULT NULL,
  `respect` int(11) DEFAULT NULL,
  `obedience` int(11) DEFAULT NULL,
  `attitude` int(11) DEFAULT NULL,
  `honesty` int(11) DEFAULT NULL,
  `creativity` int(11) DEFAULT NULL,
  `status` varchar(10) NOT NULL,
  `sessions` varchar(20) NOT NULL,
  `terms` varchar(10) NOT NULL,
  PRIMARY KEY (`result_subject_id`),
  KEY `sess_term` (`sessions`,`terms`),
  KEY `foreign_keys` (`student_id`,`class_id`,`subclass_id`,`subject_id`),
  KEY `status` (`status`)
) ENGINE=InnoDB DEFAULT CHARSET=latin1;






CREATE TABLE `result_subject_group_assign` (
  `result_subject_group_assign_id` int(11) NOT NULL AUTO_INCREMENT,
  `result_subject_group_id` int(11) NOT NULL,
  `subject_id` int(11) NOT NULL,
  PRIMARY KEY (`result_subject_group_assign_id`),
  KEY `result_subject_group_id` (`result_subject_group_id`,`subject_id`)
) ENGINE=InnoDB DEFAULT CHARSET=latin1;






CREATE TABLE `result_subject_groups` (
  `result_subject_group_id` int(11) NOT NULL AUTO_INCREMENT,
  `result_subject_group_name` varchar(300) NOT NULL,
  `date_created` datetime NOT NULL DEFAULT current_timestamp(),
  PRIMARY KEY (`result_subject_group_id`),
  UNIQUE KEY `result_subject_group_name` (`result_subject_group_name`),
  KEY `date_created` (`date_created`)
) ENGINE=InnoDB DEFAULT CHARSET=latin1;






CREATE TABLE `salary_deduct` (
  `salary_deduct_id` int(11) NOT NULL AUTO_INCREMENT,
  `staff_id` int(11) NOT NULL,
  `amount` decimal(15,2) NOT NULL,
  `reason` varchar(400) NOT NULL,
  `sessions` varchar(20) NOT NULL,
  `terms` varchar(20) NOT NULL,
  `months` varchar(30) NOT NULL,
  PRIMARY KEY (`salary_deduct_id`),
  KEY `staff_id` (`staff_id`),
  KEY `sessions` (`sessions`),
  KEY `terms` (`terms`),
  KEY `months` (`months`)
) ENGINE=InnoDB DEFAULT CHARSET=latin1;






CREATE TABLE `salary_info` (
  `salary_info_id` int(11) NOT NULL AUTO_INCREMENT,
  `staff_id` int(11) NOT NULL,
  `current_salary` decimal(15,2) NOT NULL,
  `past_debt` decimal(15,2) NOT NULL,
  `amount_to_pay` decimal(15,2) NOT NULL,
  `amount_paid` decimal(15,2) NOT NULL,
  `wave_over` decimal(15,2) NOT NULL,
  `current_debt` decimal(15,2) NOT NULL,
  `deduct` decimal(15,2) NOT NULL,
  `appreciation_amount` decimal(15,2) NOT NULL,
  `appreciation_reason` varchar(500) NOT NULL,
  `owing` decimal(15,2) NOT NULL,
  `sessions` varchar(20) NOT NULL,
  `terms` varchar(20) NOT NULL,
  `months` varchar(30) NOT NULL,
  PRIMARY KEY (`salary_info_id`),
  KEY `staff_id` (`staff_id`),
  KEY `sessions` (`sessions`)
) ENGINE=InnoDB DEFAULT CHARSET=latin1;






CREATE TABLE `salary_payment` (
  `salary_payment_id` int(11) NOT NULL AUTO_INCREMENT,
  `staff_id` int(11) NOT NULL,
  `accountant_id` int(10) unsigned NOT NULL,
  `amount_paid` decimal(15,2) NOT NULL,
  `staff_name` varchar(200) NOT NULL,
  `sessions` varchar(20) NOT NULL,
  `terms` varchar(20) NOT NULL,
  `months` varchar(30) NOT NULL,
  `date_added` datetime NOT NULL,
  PRIMARY KEY (`salary_payment_id`)
) ENGINE=InnoDB DEFAULT CHARSET=latin1;






CREATE TABLE `school_fees` (
  `school_fees_id` int(11) NOT NULL AUTO_INCREMENT,
  `transaction_id` char(20) NOT NULL,
  `student_id` int(11) NOT NULL,
  `staff_id` int(11) NOT NULL,
  `plan_id` int(11) NOT NULL,
  `school_fees_payment_mode_id` int(11) NOT NULL,
  `payment_mode` varchar(300) NOT NULL,
  `staff_name` varchar(200) NOT NULL,
  `amount_paid` decimal(15,2) NOT NULL,
  `payment_no` varchar(20) NOT NULL,
  `payment_date` date NOT NULL,
  `fees_status` varchar(20) NOT NULL,
  `sessions` varchar(20) NOT NULL,
  `terms` varchar(10) NOT NULL,
  `date_added` datetime NOT NULL,
  PRIMARY KEY (`school_fees_id`),
  KEY `sessions` (`sessions`),
  KEY `terms` (`terms`),
  KEY `transaction_id` (`transaction_id`),
  KEY `school_fees_payment_mode_id` (`school_fees_payment_mode_id`)
) ENGINE=InnoDB DEFAULT CHARSET=latin1;






CREATE TABLE `school_fees_payment_modes` (
  `school_fees_payment_mode_id` int(11) NOT NULL AUTO_INCREMENT,
  `payment_mode` varchar(300) NOT NULL,
  `date_created` datetime NOT NULL DEFAULT current_timestamp(),
  PRIMARY KEY (`school_fees_payment_mode_id`),
  UNIQUE KEY `payment_mode` (`payment_mode`),
  KEY `date_created` (`date_created`)
) ENGINE=InnoDB DEFAULT CHARSET=latin1;






CREATE TABLE `school_storages` (
  `school_storage_id` int(11) NOT NULL AUTO_INCREMENT,
  `school_storage_title` varchar(200) NOT NULL,
  `school_storage_dir` varchar(500) NOT NULL,
  `school_storage_date` datetime NOT NULL,
  PRIMARY KEY (`school_storage_id`)
) ENGINE=InnoDB DEFAULT CHARSET=latin1;






CREATE TABLE `sent_sms` (
  `sent_sms_id` int(11) NOT NULL AUTO_INCREMENT,
  `unit_spent` varchar(300) NOT NULL,
  `message` text NOT NULL,
  `people` text NOT NULL,
  `date_sent` datetime NOT NULL,
  PRIMARY KEY (`sent_sms_id`)
) ENGINE=InnoDB DEFAULT CHARSET=latin1;






CREATE TABLE `session_month` (
  `session_month_id` int(11) NOT NULL AUTO_INCREMENT,
  `sessions` varchar(20) NOT NULL,
  `terms` varchar(20) NOT NULL,
  `months` varchar(30) NOT NULL,
  PRIMARY KEY (`session_month_id`)
) ENGINE=InnoDB DEFAULT CHARSET=latin1;






CREATE TABLE `session_term` (
  `session_term_id` int(11) NOT NULL AUTO_INCREMENT,
  `sessions` varchar(20) NOT NULL,
  `terms` varchar(20) NOT NULL,
  PRIMARY KEY (`session_term_id`)
) ENGINE=InnoDB AUTO_INCREMENT=5 DEFAULT CHARSET=latin1;


INSERT INTO session_term VALUES
("4","2021/2022","1st Term");




CREATE TABLE `sessions` (
  `sid` varchar(40) NOT NULL,
  `expiry` int(10) unsigned NOT NULL,
  `data` text NOT NULL,
  `date_added` datetime NOT NULL DEFAULT current_timestamp(),
  PRIMARY KEY (`sid`)
) ENGINE=InnoDB DEFAULT CHARSET=utf8;






CREATE TABLE `settings` (
  `settings_id` int(11) NOT NULL AUTO_INCREMENT,
  `setting_name` varchar(300) NOT NULL,
  `setting_value` varchar(300) NOT NULL,
  PRIMARY KEY (`settings_id`),
  KEY `setting_name` (`setting_name`)
) ENGINE=InnoDB AUTO_INCREMENT=97 DEFAULT CHARSET=latin1;


INSERT INTO settings VALUES
("1","total_sms","100"),
("2","school_name","CARMEL NURSERY AND PRIMARY SCHOOL"),
("3","school_login_logo","assets/images/logo.png"),
("4","login_attempt","30"),
("5","holiday_project","yes"),
("6","cumulate_test","yes"),
("7","show_test","yes"),
("8","show_waec","yes"),
("9","show_neco","yes"),
("10","lower_ca_score","30"),
("11","lower_exam_score","70"),
("12","school_phonenumber","2340000000000"),
("13","teacher_subclass","yes"),
("14","country","NIGERIA"),
("15","country_code","234"),
("16","phonenumber_length","10"),
("17","full_phonenumber_length","11"),
("18","main_phonenumber_length","13"),
("19","one_sms_amount","3"),
("20","result_cumulative","yes"),
("21","result_school_fees","no"),
("22","school_address","26 MIKE AVENUE G.R.A. ENUGU"),
("23","principal_finance","no"),
("24","one_card_amount","1000"),
("25","principal_name","SCHOOL HEAD"),
("26","principal_signature","images/principal_signatures/f31fff.jpg"),
("27","third_term_lower","no"),
("28","third_term_higher","no"),
("29","allow_finance","no"),
("30","order_class","no"),
("31","online_school_fees_payment","no"),
("32","sms_sender","NO NAME"),
("33","school_email","school@mail.com"),
("34","school_email_password","DÓ¬øÇÍÕ³J©A#ÏÌÏ"),
("35","school_email_name","School Name"),
("36","scratch_card","no"),
("37","higher_ca_score","30"),
("38","higher_exam_score","70"),
("39","class_approval","no"),
("40","allow_hostel","no"),
("41","result_attendance","no"),
("42","second_principal_signature",""),
("43","lower_no_of_ca","1"),
("44","higher_no_of_ca","1"),
("45","lower_ca1","40"),
("46","lower_ca2","0"),
("47","lower_ca3","0"),
("48","lower_ca4","0"),
("49","lower_ca5","0"),
("50","lower_ca6","0"),
("51","higher_ca1","40"),
("52","higher_ca2","0"),
("53","higher_ca3","0"),
("54","higher_ca4","0"),
("55","higher_ca5","0"),
("56","higher_ca6","0"),
("57","lower_ca_name_1","CA"),
("58","lower_ca_name_2","CA 2"),
("59","lower_ca_name_3","CA 3"),
("60","lower_ca_name_4","CA 4"),
("61","lower_ca_name_5","CA 5"),
("62","lower_ca_name_6","CA 6"),
("63","higher_ca_name_1","CA"),
("64","higher_ca_name_2","CA 2"),
("65","higher_ca_name_3","CA 3"),
("66","higher_ca_name_4","CA 4"),
("67","higher_ca_name_5","CA 5"),
("68","higher_ca_name_6","CA 6"),
("69","lower_exam_name","Exam"),
("70","higher_exam_name","Exam"),
("71","main_school_id","1"),
("72","school_id","1"),
("73","school_storage","yes"),
("74","class_storage","yes"),
("75","class_teacher_comment_setting","yes"),
("76","student_affairs","no"),
("77","admission_number","no"),
("78","admission_format",""),
("79","paystack_subaccount","ACCT_t3w6pmnwzvmv2np"),
("80","currency","&#8358;"),
("81","annual_position_for_last_term","yes"),
("82","annual_only_last_subjects","no"),
("83","parent_finance","yes"),
("84","third_term_in_annual","no"),
("85","admin_class_check_result","yes"),
("86","refresh_token","1//050SH4EtODsccCgYIARAAGAUSNwF-L9Irppe_Bv2rl35Mkj_CsbQEnCFFKltUjnWiPalTUqfLeXyBcZNM05DkpzD5NJ3CFyfFfUM"),
("87","folder_id",""),
("88","google_client_id","150277175744-n19rn2vsuio1lt7ot1cirgvfp3ehjp2l.apps.googleusercontent.com"),
("89","google_client_secret","eTWa1cXmNcG-Ky2h32o7bv4n"),
("90","online_class","no"),
("91","payment_warning","no"),
("92","instalmental_payment","yes"),
("93","classroom_materials","no"),
("94","class_activity_name","CLASS ACTIVITY"),
("95","upload_admission_form","yes"),
("96","admit_student_button","yes");




CREATE TABLE `sms_account` (
  `sms_account_id` int(10) unsigned NOT NULL AUTO_INCREMENT,
  `transaction_id` varchar(20) NOT NULL,
  `unit_bought` int(10) unsigned NOT NULL,
  `amount` varchar(20) NOT NULL,
  `status` varchar(20) NOT NULL,
  `mode` varchar(20) NOT NULL,
  `date_bought` datetime NOT NULL,
  PRIMARY KEY (`sms_account_id`),
  UNIQUE KEY `transaction_id` (`transaction_id`),
  KEY `mode` (`mode`)
) ENGINE=InnoDB DEFAULT CHARSET=latin1;






CREATE TABLE `staff` (
  `staff_id` int(11) NOT NULL AUTO_INCREMENT,
  `school_id` int(10) unsigned NOT NULL,
  `user_key` varchar(100) DEFAULT NULL,
  `serial_number` varchar(200) NOT NULL,
  `pass` varchar(255) NOT NULL,
  `first_password` varchar(200) NOT NULL,
  `new_password` varchar(255) NOT NULL,
  `first_name` varchar(200) NOT NULL,
  `other_name` varchar(200) NOT NULL,
  `last_name` varchar(100) NOT NULL,
  `gender` varchar(10) NOT NULL,
  `status` varchar(50) NOT NULL,
  `groups` varchar(20) NOT NULL,
  `position` varchar(200) NOT NULL,
  `student_affairs` varchar(20) NOT NULL,
  `address` varchar(200) NOT NULL,
  `dob` date NOT NULL,
  `phone_number` bigint(20) unsigned NOT NULL,
  `email` varchar(200) NOT NULL,
  `country` varchar(200) NOT NULL,
  `state_origin` varchar(200) NOT NULL,
  `religion` varchar(50) NOT NULL,
  `disability` varchar(300) NOT NULL,
  `passport` varchar(200) NOT NULL,
  `form` varchar(5) NOT NULL,
  `sent_serial_pass_sms` char(3) NOT NULL,
  `forget_token` varchar(200) NOT NULL,
  `login_attempt` int(11) NOT NULL,
  `login_last_time` int(11) unsigned NOT NULL,
  `skip` varchar(5) NOT NULL,
  `activation` varchar(50) NOT NULL,
  `year_of_employment` varchar(15) NOT NULL,
  `term_of_employment` varchar(15) NOT NULL,
  PRIMARY KEY (`staff_id`),
  UNIQUE KEY `user_key` (`user_key`),
  KEY `activation` (`activation`),
  KEY `serial_number` (`serial_number`),
  KEY `status` (`status`),
  KEY `religion` (`religion`),
  KEY `sent_serial_pass_sms` (`sent_serial_pass_sms`),
  KEY `skip` (`skip`),
  KEY `school_id` (`school_id`)
) ENGINE=InnoDB AUTO_INCREMENT=75 DEFAULT CHARSET=latin1;


INSERT INTO staff VALUES
("1","195","11952a4b6ddc","T/21/0001","$2y$10$x6v3cdLcCAuikl9tQiquq.d3f6aw/gqG4S6LY.EwMLcfe2YQs4bie","jichidiebere","jichidiebere","CHIDIEBERE","","NNEJI","female","academic","nursery","","","ENUGU","1992-01-11","2347034617553","","NIGERIA","ENUGU","Christianity","","","form","","","0","0","","activated","2021/2022","1st Term"),
("2","195","2195df1b24d2","T/21/0002","$2y$10$zzW9qJLUXOf6Vp2pm73i3ucby/l8zaTxDHsZ5ZgYpn7spsiOT0CG.","leobianugo","leobianugo","OBIANUGO","","IKELE","female","academic","nursery","","","ENUGU","1980-04-05","2347069629538","","NIGERIA","ENUGU","Christianity","","","","","","0","0","","activated","2021/2022","1st Term"),
("3","195","319571139be9","T/21/0003","$2y$10$.XnMHRBI/MDgzhWkEKbJ/.d9EbWwnFNKbHBL.Kz/sfTY6ySAZeDs.","keesther","keesther","ESTHER","","UWABUIKE","female","academic","nursery","","","ENUGU","1997-03-10","2348101218825","","NIGERIA","IMO","Christianity","","","","","","0","0","","activated","2021/2022","1st Term"),
("4","195","41951cd1114e","T/21/0004","$2y$10$wJuOnvsVqn/utwG8VfoPUOnFcJ32T5/Acq2MU5/QTk8WCp7CGKM26","haveronica","haveronica","VERONICA","","NWAOHA","female","academic","nursery","","","ENUGU","1957-08-24","2348068819995","","NIGERIA","IMO","Christianity","","","","","","0","0","","activated","2021/2022","1st Term"),
("5","195","51957171fa53","T/21/0005","$2y$10$BOCmmmVdqwOP06BHQnddtezv4s7Hc3HHioMvvgOJByK6DLmXRTqI6","sirosemary","sirosemary","ROSEMARY","","NWAOBASI","female","academic","nursery","","","ENUGU","1995-09-15","2348125862431","","NIGERIA","EBONYI","Christianity","","","","","","0","0","","activated","2021/2022","1st Term"),
("6","195","6195e643c353","T/21/0006","$2y$10$r2Xl3LmSKJbl15Jtxlq4quDx3mOnLeT20N.pNYLv1lO4Z7eLVprYm","weilodibia","weilodibia","ILODIBIA","","CHINWE","female","academic","nursery","","","ENUGU","1985-10-11","2349092744518","","NIGERIA","ANAMBRA","Christianity","","","","","","0","0","","activated","2021/2022","1st Term"),
("7","195","71959a88b0a1","T/21/0007","$2y$10$X/rZyF1Mfd.NueGBk0TvtOZv5Xhku.VO7aL2uaie/x8DoKFXJ9ZvG","tichristiana","tichristiana","CHRISTIANA","","OTI","female","academic","nursery","","","ENUGU","1965-08-23","2348135267552","","NIGERIA","ANAMBRA","Christianity","","","","","","0","0","","activated","2021/2022","1st Term"),
("8","195","81955f967d52","T/21/0008","$2y$10$YIKQgHa8yaZHY61sP/CxxOwNCI6zI1cfYgNwAsNvFEnuJ/Edipo3u","kevera","kevera","VERA","","ANIOKE","female","academic","nursery","","","ENUGU","1974-11-30","2348036118251","","NIGERIA","ENUGU","Christianity","","","","","","0","0","","activated","2021/2022","1st Term"),
("9","195","9195932551c5","T/21/0009","$2y$10$aVqX7LqHVd98ncUx9hxpnuts9c2t7U8512C74Tr6EI3R6iaHoguEK","hichiomma","hichiomma","CHIOMMA","PATRICIA","IBEABUCHI","female","academic","nursery","","","ENUGU","1980-04-11","2348036000622","","NIGERIA","ABIA","Christianity","","","","","","0","0","","activated","2021/2022","1st Term"),
("10","195","101958deb42bb","T/21/0010","$2y$10$M9xgoygXB47C/.8xb9co8eQqmbTzWTQQ8w8BUvOA0Zpj/CpyEX6ZS","wublessing","wublessing","BLESSING","JOY","UGWU","female","academic","nursery","","","ENUGU","1982-03-17","2347062271884","","NIGERIA","ABIA","Christianity","","","","","","0","0","","activated","2021/2022","1st Term"),
("11","195","1119566d974aa","T/21/0011","$2y$10$BNVV82dlURroo46bgQKfRet/m6jbPBRd22QitZbJrJxbfhutg1V3.","buanthoniia","buanthoniia","ANTHONIIA","","EHILEGBU","female","academic","nursery","","","ENUGU","1983-04-21","2347035289320","","NIGERIA","ABIA","Christianity","","","","","","0","0","","activated","2021/2022","1st Term"),
("12","195","121953f063c09","T/21/0012","$2y$10$aFOWHVltuz85dwiBHQZEwe.ELQ/TV5R0HVKkjwruHwqEvCF/4JnTm","zechidinma","zechidinma","CHIDINMA","","CHINZE","female","academic","nursery","","","ENUGU","1981-06-01","2348036379568","","NIGERIA","ENUGU","Christianity","","","","","","0","0","","activated","2021/2022","1st Term"),
("13","195","13195da2dd9d5","T/21/0013","$2y$10$haalAfuF9ZbaS4dv1WDK4eV2CABk9J5ZofUyRsLZ19XWf1NBlEYpC","ormary","ormary","MARY","IFY","UGWUOZOR","female","academic","nursery","","","ENUGU","1974-07-09","2348063592948","","NIGERIA","ENUGU","Christianity","","","","","","0","0","","activated","2021/2022","1st Term"),
("14","195","14195b06f3d5d","T/21/0014","$2y$10$6f2k6/pFBbfr49/OtGnnZOCM7gZlPRaZOkSbvMggGcjJjBviTLB2W","yimercy","yimercy","MERCY","N","EZEAMENYI","female","academic","nursery","","","ENUGU","1973-09-11","2348069133260","","NIGERIA","ENUGU","Christianity","","","","","","0","0","","activated","2021/2022","1st Term"),
("15","195","151959d095cde","T/21/0015","$2y$10$AhVLUS4m3B2SzcukEIKMNezJjp6NEFP5reteffzZVmrL3yEcIJpXa","ihblessing","ihblessing","BLESSING","","ALIH","female","academic","nursery","","","ENUGU","1986-12-25","2345060924124","","NIGERIA","ENUGU","Christianity","","","","","","0","0","","activated","2021/2022","1st Term"),
("16","195","16195e3f5f3e2","T/21/0016","$2y$10$izXEW8fiI/iEgvQuGBUAZu19hBfFiSl3ViIurPKI9/YVx05fQLNXy","hioby","hioby","OBY","","ONYEFULUCHI","female","academic","nursery","","","ENUGU","1983-12-20","2349064773216","","NIGERIA","ENUGU","Christianity","","","","","","0","0","","activated","2021/2022","1st Term"),
("17","195","17195ea576071","T/21/0017","$2y$10$uEzt9Dtgw.SfBHnzr4UkQ.zNmmEaWy7Mbd2qySuCeU/ae4w9ToyXm","ehkosisochukwu","ehkosisochukwu","KOSISOCHUKWU","","EDEH","female","academic","nursery","","","ENUGU","1999-09-01","2349080160579","","NIGERIA","ENUGU","Christianity","","","","","","0","0","","activated","2021/2022","1st Term"),
("18","195","18195cda9a0c7","T/21/0018","$2y$10$EpeFI10iK.FewXPI8OOoyeII6LwnCvCxAYAbHOFZmLq2C5GT0n1JO","jiblessing","jiblessing","BLESSING","NNEKA","NNEJI","female","academic","nursery","","","ENUGU","1985-09-18","2348068690118","","NIGERIA","ENUGU","Christianity","","","","","","0","0","","activated","2021/2022","1st Term"),
("19","195","1919511ba4308","T/21/0019","$2y$10$fezp.7pDvnXkH0miKnoYeOFDErY.1727Pm/OXHhZ22Q7MnMAXtq32","lechinaenye","lechinaenye","CHINAENYE","NORA","ANAELE","female","academic","nursery","","","ENUGU","1970-03-11","2348091674493","","NIGERIA","IMO","Christianity","","","","","","0","0","","activated","2021/2022","1st Term"),
("20","195","201958823d040","T/21/0020","$2y$10$xxZ89FEplDR7tT.E8y1KZ.4vy4dffrZtudfo/bzOoNZI0qKn0wEby","kecelestina","kecelestina","CELESTINA","","IGBOZIRIKE","female","academic","nursery","","","ENUGU","1974-11-26","2348066598378","","NIGERIA","IMO","Christianity","","","","","","0","0","","activated","2021/2022","1st Term"),
("21","195","21195e7fd89b6","T/21/0021","$2y$10$i4GbuhcaE80uOgKMV2E6VeF70EIBO3qaEQbw2G8lBbRXKjg9TZ0n6","wuchinaenye","wuchinaenye","CHINAENYE","CYNTHIA","ODIMEGWU","female","academic","nursery","","","ENUGU","1984-04-07","2347033026860","","NIGERIA","IMO","Christianity","","","","","","0","0","","activated","2021/2022","1st Term"),
("22","195","2219534e6e37b","T/21/0022","$2y$10$MELiKGfBVa1hM5DOvKNM0O/kBfD6Nap3Tw4FZYhqMcOrcgBDVhcai","hiadieme","hiadieme","ADIEME","","IROAWUCHI","female","academic","nursery","","","ENUGU","1987-07-27","2348160486537","","NIGERIA","IMO","Christianity","","","","","","0","0","","activated","2021/2022","1st Term"),
("23","195","2319537c1211c","T/21/0023","$2y$10$oBhUdjm1vK82t1reCBhnOO7rUoFsw5Vxr3ZYaHGZMSPiP/sEnGo1.","biappolonia","biappolonia","APPOLONIA","","ANIDIOBI","female","academic","nursery","","","ENUGU","1965-12-04","2348032438379","","NIGERIA","ENUGU","Christianity","","","","","","0","0","","activated","2021/2022","1st Term"),
("24","195","24195858b385c","T/21/0024","$2y$10$f.OWxf69J.xq5/eqhDcVl.DTGGJFOPCKdektOxbLA.x77SN3vtbDu","domargaret","domargaret","MARGARET","MARY","OGBODO","female","academic","nursery","","","ENUGU","1980-09-05","2348032438379","","NIGERIA","ENUGU","Christianity","","","","","","0","0","","activated","2021/2022","1st Term"),
("25","195","251954a7c0e1d","T/21/0025","$2y$10$5czNAWkHtl7fLA3hRcaqv.Psb9VhR8lQHhG6PazaNBWCjVQMkgOsq","hachidinma","hachidinma","CHIDINMA","LUCY","NWAOHA","female","academic","nursery","","","ENUGU","1986-04-27","2347030677069","","NIGERIA","ENUGU","Christianity","","","","","","0","0","","activated","2021/2022","1st Term"),
("26","195","261953f74a55a","T/21/0026","$2y$10$UBou5F.O3eoU7C1EzlrR9uYJMfrZ8dzHLzziWZr/SwPAuXiarUPcS","yeifeoma","yeifeoma","IFEOMA","","OKOYE","female","academic","nursery","","","ENUGU","1988-12-25","2348064742476","","NIGERIA","ANAMBRA","Christianity","","","","","","0","0","","activated","2021/2022","1st Term"),
("27","195","27195104aed59","T/21/0027","$2y$10$UierDf1d/y1VhjS7FCby0u5G97Iz1fLVg.UpPwJkmTAygZfF12Bty","ohnkemakonam","ohnkemakonam","NKEMAKONAM","EGODI","OLOH","female","academic","primary","","","ENUGU","1978-01-21","2348179469999","","NIGERIA","ABIA","Christianity","","","form","","","0","0","","activated","2021/2022","1st Term"),
("28","195","28195cad39c50","T/21/0028","$2y$10$9SZDTry8p0hutI.A7W.23.4hlZoNCRqQKb25tC5acUUPXXMYHfo12","hichikodi","hichikodi","CHIKODI","STELLA","AMAECHI","female","academic","primary","","","ENUGU","1984-11-18","2347033016354","","NIGERIA","ANAMBRA","Christianity","","","","","","0","0","","activated","2021/2022","1st Term"),
("29","195","29195abe860ae","T/21/0029","$2y$10$0L8xg90NcofcVHH5RAvXzOW737iDxvv6WOWs0X8dZBDgNlPT3OO5C","ninkemdirim","ninkemdirim","NKEMDIRIM","NJIDEKA","ANI","female","academic","primary","","","ENUGU","1972-03-15","2348068012844","","NIGERIA","ENUGU","Christianity","","","","","","0","0","","activated","2021/2022","1st Term"),
("30","195","3019579a5cbe3","T/21/0030","$2y$10$8RrHqBOqQdBkRYbvhYl4B.WavzSzh8ZLJHVyemj/jeQfSD9IDpn/6","wejacinta","wejacinta","JACINTA","","ENEKWE","female","academic","primary","","","ENUGU","1983-11-15","2347035443341","","NIGERIA","ENUGU","Christianity","","","","","","0","0","","activated","2021/2022","1st Term"),
("31","195","3119568caaa68","T/21/0031","$2y$10$uEbcG30IriOhfLdeMuB9XeR3pt1p9X9iXzJoDhZgLfvRWxbSTLqua","bosandra","bosandra","SANDRA","","TONYCHIGBO","female","academic","primary","","","ENUGU","1980-06-02","2348032793075","","NIGERIA","ENUGU","Christianity","","","form","","","0","0","","activated","2021/2022","1st Term"),
("32","195","32195d9d7b99b","T/21/0032","$2y$10$bGAUdpH5TZO5PzeSnhD5ceVbLHmQQdObiKSLCDqnBXunYq.pFToTy","lohelen","lohelen","HELEN","EBERE","OKOLO","female","academic","primary","","","ENUGU","1982-04-24","2348032138990","","NIGERIA","ENUGU","Christianity","","","","","","0","0","","activated","2021/2022","1st Term"),
("33","195","331957c4d7d70","T/21/0033","$2y$10$45OR7Pb4MZ4HyR8mpC81w.O0OXQx3a9bOcQ0NG0dfGb09vnrkJQr6","wuloveth","wuloveth","LOVETH","","ONWU","female","academic","primary","","","ENUGU","1985-09-29","2348169297441","","NIGERIA","ENUGU","Christianity","","","","","","0","0","","activated","2021/2022","1st Term"),
("34","195","34195a895b43b","T/21/0034","$2y$10$g8VPGhMl0HYz8CvJcMvaO.4M3b45oqkdViFtfoA7GpnX/.BrgyOVq","kachinyere","kachinyere","CHINYERE","","ILOKA","female","academic","primary","","","ENUGU","1993-02-24","2348164327367","","NIGERIA","ENUGU","Christianity","","","","","","0","0","","activated","2021/2022","1st Term"),
("35","195","35195c6bc4206","T/21/0035","$2y$10$i86yRrZk50xLc04sEg3oNuuwnHIvT5F6QeDU5Y5zCzceUVbgnXHX.","ahgeraldine","ahgeraldine","GERALDINE","","UKOMAH","female","academic","primary","","","ENUGU","1980-06-06","2348068513232","","NIGERIA","ABIA","Christianity","","","","","","0","0","","activated","2021/2022","1st Term"),
("36","195","3619592f13c3f","T/21/0036","$2y$10$ArTzctXploZMg2UrR.s0W.iwE414xyA7EP0WQKJHHFj6PuIZk6jkC","booluchi","booluchi","OLUCHI","MARYANN","MAGBO","female","academic","primary","","","ENUGU","1994-11-13","2347060885234","","NIGERIA","ENUGU","Christianity","","","","","","0","0","","activated","2021/2022","1st Term"),
("37","195","37195ffa9916f","T/21/0037","$2y$10$vFZ0RTirmq.zNPM6my1Kr.Rnynka9kDZk3NfAJKTVGpB1VGUH9DCu","ormodesta","ormodesta","MODESTA","","EJIOFOR","female","academic","primary","","","ENUGU","1978-10-30","2347088638425","","NIGERIA","ENUGU","Christianity","","","","","","0","0","","activated","2021/2022","1st Term"),
("38","195","38195a6659d42","T/21/0038","$2y$10$AtfFeHjCM7lH7Xfx5y0l.OC6TxE/DbX.QCdTTLHpRRQi5E66Ljdk.","wumartha","wumartha","MARTHA","OGECHUKWU","IFEANYICHUKWU","female","academic","primary","","","ENUGU","1997-07-27","2348086695762","","NIGERIA","ENUGU","Christianity","","","","","","0","0","","activated","2021/2022","1st Term"),
("39","195","39195b90fa042","T/21/0039","$2y$10$tNVdUSk5P1EcEcOWGGfGyOlBUxRGhGpQxe3S7cL42eX.4zjg4lg3W","kejustina","kejustina","JUSTINA","","CHIOKE","female","academic","primary","","","ENUGU","1984-12-16","2348038926875","","NIGERIA","ENUGU","Christianity","","","","","","0","0","","activated","2021/2022","1st Term"),
("40","195","40195fb8c58b0","T/21/0040","$2y$10$Xw9CDCJhPHnMu5yJPZUBK.brYcIa5i0qGFx.G5EIQtMErMll2Fkgq","sinkeiruka","sinkeiruka","NKEIRUKA","","EZEABASI","female","academic","primary","","","ENUGU","1985-04-09","2348064603684","","NIGERIA","ENUGU","Christianity","","","","","","0","0","","activated","2021/2022","1st Term"),
("41","195","41195c21f1f7a","T/21/0041","$2y$10$fa4RMtVkRtI2IzaZvPTO0uIuXSPsASrO7BCd6MvvQ5QobsEKn24..","orloveth","orloveth","LOVETH","","OGBOZOR","female","academic","primary","","","ENUGU","1986-01-26","2347063019315","","NIGERIA","ENUGU","Christianity","","","","","","0","0","","activated","2021/2022","1st Term"),
("42","195","42195db9fd080","T/21/0042","$2y$10$uEXbcf.XyLuYtftHlF.RSOqCVmy.HTn414OiEE4vhQ8pcHTy5QNP6","ehnkemdirim","ehnkemdirim","NKEMDIRIM","A","EDEH","female","academic","primary","","","ENUGU","1986-12-14","2347063019315","","NIGERIA","ENUGU","Christianity","","","","","","0","0","","activated","2021/2022","1st Term"),
("43","195","431955db0d4c7","T/21/0043","$2y$10$AL6xZsSGuISqKzyEZ0D1vuTO1qf6um7q67Vw417pf3pmKykwEcfnG","tamary","tamary","MARY","CHINEDU","OBETTA","female","academic","primary","","","ENUGU","1991-10-16","2347037885740","","NIGERIA","ENUGU","Christianity","","","","","","0","0","","activated","2021/2022","1st Term"),
("44","195","441959abceb80","T/21/0044","$2y$10$sEUblhOBtj3ccKc2zDsAF.0qUTpo53tia.yMxwI1NS.rel0C0RIlW","wueucharia","wueucharia","EUCHARIA","","UGBORDIEGWU","female","academic","primary","","","ENUGU","1977-05-05","2348162080790","","NIGERIA","ENUGU","Christianity","","","","","","0","0","","activated","2021/2022","1st Term"),
("45","195","45195506f96ad","T/21/0045","$2y$10$UhMgyMwr0XScYyAVp7J.6OhCpeHNxzQnKJUWaUogZkHpJ6tLrFEAq","aievelyn","aievelyn","EVELYN","","OSSAI","female","principal","both","","","ENUGU","2022-03-12","2347037182777","","NIGERIA","ENUGU","Christianity","","","","","","0","0","","activated","2021/2022","1st Term"),
("46","195","461959b07243e","T/21/0046","$2y$10$q0fGhpj9T5iGG6we86l.kO66hGB16yZ8VoJ/sKaPk254q9kNiJu1C","lastanley","lastanley","STANLEY","","AHAMEFULA","male","principal","both","","","ENUGU","1982-09-14","2348143051847","","NIGERIA","IMO","Christianity","","","","","","0","0","","activated","2021/2022","1st Term"),
("47","195","47195583a04bf","T/21/0047","$2y$10$frjTclVCIJejzEeESpknQeuwjCKElk9QAYuax2KIEyZCILVV/5Eay","iankechi","iankechi","NKECHI","","OFIFIA","female","admin","both","","","ENUGU","1989-03-12","2347032359987","","NIGERIA","ENUGU","Christianity","","","","","","0","0","","activated","2021/2022","1st Term"),
("48","195","48195695855ab","T/21/0048","$2y$10$LA6nzCrskg6VDDPadMvHSOXyH.MTBnMeUPumv0UqRc7XK31M.bLIW","duvictoria","duvictoria","VICTORIA","UCHE","NDU","female","admin","both","","","ENUGU","1990-05-16","2348036883679","","NIGERIA","ANAMBRA","Christianity","","","","","","0","0","","activated","2021/2022","1st Term"),
("49","195","4919523217154","T/21/0049","$2y$10$mEMUUKPf/F1b1DJnsF39bOri/YCztgOfxuWc8m57Umc5CgvV8ZV4i","maayogu","maayogu","AYOGU","","IJEOMA","female","admin","both","","","ENUGU","1982-05-21","2349018066306","ijesab7@gmail.com","NIGERIA","ENUGU","Christianity","","","","","","0","0","","activated","2021/2022","1st Term"),
("50","195","50195590ea1ad","T/21/0050","$2y$10$vOBknDtez7YSQRyBxg8AvevWBfGe6Bnm/KfEt/Wq8xaClPZIvGJFW","dianurika","dianurika","ANURIKA","","AMADI","female","account","both","","","ENUGU","1991-03-31","2348068725663","","NIGERIA","ENUGU","Christianity","","","","","","0","0","","activated","2021/2022","1st Term"),
("51","195","5119531f90506","T/21/0051","$2y$10$SGjbiSeKoMn5rgM9FK2wneGbXVw4JufKwR2AxmWY1Be98NYYMG2pG","fudaniel","fudaniel","DANIEL","","ONYEFU","male","account","both","","","ENUGU","1989-10-21","23470649002","","NIGERIA","BENUE","Christianity","","","","","","0","0","","activated","2021/2022","1st Term"),
("52","195","5219572fb6b39","T/21/0052","$2y$10$ZI/ohSVNo8e.Lmdklp4a.OeWgPouMULM.r3b.6/4zy4F0S.fYy.g6","nipatchamon","nipatchamon","PATCHAMON","","ANI","female","academic_admin","both","","","ENUGU","1971-12-06","2348076651286","","NIGERIA","ENUGU","Christianity","","","","","","0","0","","activated","2021/2022","1st Term"),
("53","195","5319528532527","T/21/0053","$2y$10$ZusLDYYQSPBPPbaIV1d17.ldiZGuyMos6qmuyJX0BpQIt5h5LMcQG","jiqueen","jiqueen","QUEEN","NNEOMA","NNAJI","female","academic","both","","","ENUGU","2004-09-16","2349124843481","","NIGERIA","ENUGU","Christianity","","","","","","0","0","","activated","2021/2022","1st Term"),
("54","195","541954586f918","T/21/0054","$2y$10$W3HrGk7C2jC/FhtvJQF30.j/QZ/Ia2sGvDzzFvWiXcwSdh2ug4DJm","hiogbonna","hiogbonna","OGBONNA","","IKECHI","male","non-academic","both","","","ENUGU","2022-03-12","2348864113263","","NIGERIA","ABIA","Christianity","","","","","","0","0","","activated","2021/2022","1st Term"),
("55","195","5519583ed8a35","T/21/0055","$2y$10$8EJNSV5OXdFcSahz3gAW3e/CdoBrSgV3aDztkE/GMqmpsDMAHtHg2","elokonkwo","elokonkwo","OKONKWO","","EMMANUEL","male","non-academic","both","","","ENUGU","1996-03-03","2345867587493","","NIGERIA","ENUGU","Christianity","","","","","","0","0","","activated","2021/2022","1st Term"),
("56","195","56195159858a4","T/21/0056","$2y$10$1dX1LynFGvO3vO.w2P0FkeWaPAT80ygiq94QpzZ2Oaq7Yel6b.WC.","yenonye","yenonye","NONYE","","OKOYE","female","academic","both","","","ENUGU","1974-09-03","2348036608310","","NIGERIA","ENUGU","Christianity","","","","","","0","0","","activated","2021/2022","1st Term"),
("57","195","57195f4cc2aa1","T/21/0057","$2y$10$ktjqF9T1ApAQUxSEtFH0o.utLCOpbDmdS6DFE1G7booXiKSuWLZmW","esosumgborogwu","esosumgborogwu","OSUMGBOROGWU","","AGNES","female","academic","both","","","ENUGU","1985-08-06","2347038742137","","NIGERIA","IMO","Christianity","","","","","","0","0","","activated","2021/2022","1st Term"),
("58","195","5819573c40c3d","T/21/0058","$2y$10$Qzg04Dn8Ap5JUwvDkJrew.KeEv2DSGHUx48yCtSjNodltPec9rkKe","tenseke","tenseke","NSEKE","","CHARLOTTE","female","academic","both","","","ENUGU","1985-10-22","2347052030415","","NIGERIA","FCT","Christianity","","","","","","0","0","","activated","2021/2022","1st Term"),
("59","195","59195957ccfeb","T/21/0059","$2y$10$q6wzPbd1ly3c5b8lORYF6u9ain51BDg/H864g4sJNlR7LoxztQ9ei","jijosephine","jijosephine","JOSEPHINE","","ORIJI","female","academic","both","","","ENUGU","1977-08-29","2348038463625","","NIGERIA","EBONYI","Christianity","","","","","","0","0","","activated","2021/2022","1st Term"),
("60","195","6019548d10197","T/21/0060","$2y$10$34e4y0QxDloHunQZHO4p4upp66GMrLDR7yiCTGKTaOvWvuR4P4ay6","rochika","rochika","CHIKA","","DARO","female","academic","both","","","ENUGU","1977-08-14","2348034482480","","NIGERIA","ENUGU","Christianity","","","","","","0","0","","activated","2021/2022","1st Term"),
("61","195","6119598e96a12","T/21/0061","$2y$10$64MymDgUEAyZBWJt6xQWR.o61OtSVwKhMRJDU3XEEF2UV4E..RGtq","difidelia","difidelia","FIDELIA","","UGWUDI","female","academic","both","","","ENUGU","1982-08-15","2348137275606","","NIGERIA","ENUGU","Christianity","","","","","","0","0","","activated","2021/2022","1st Term"),
("62","195","62195f1c6175e","T/21/0062","$2y$10$lH26330rKfypDQ7txP/waO..vUHz3ykwcozV2PGc1rtD1uNOuboAm","riukawa","riukawa","UKAWA","","NZEAKORI","female","academic","both","","","ENUGU","1977-02-20","2348032657747","","NIGERIA","ANAMBRA","Christianity","","","","","","0","0","","activated","2021/2022","1st Term"),
("63","195","6319540d296fc","T/21/0063","$2y$10$FJX2S.t4tu6fOKAi9brUF.5FWqAp5wagilrslTPLwAetBqBsd7kje","oronyinye","oronyinye","ONYINYE","","NWAFOR","female","academic","both","","","ENUGU","1972-04-03","2348038291980","","NIGERIA","ENUGU","Christianity","","","","","","0","0","","activated","2021/2022","1st Term"),
("64","195","641950bb4b81d","T/21/0064","$2y$10$FjNA3yscTCIRGVMAucMPXeDJKqmHPg5GeBgramtqRNYRH9/bJlJYW","wemodesta","wemodesta","MODESTA","","OBIEKWE","female","academic","both","","","ENUGU","1982-06-14","2348068437913","","NIGERIA","ENUGU","Christianity","","","","","","0","0","","activated","2021/2022","1st Term"),
("65","195","65195effa2a46","T/21/0065","$2y$10$qcqvt00kQckAx2UTvMCsyONsPonQqwICqtaaeJThhRYvtqyOlRtO2","hielendu","hielendu","ELENDU","","OLUCHI","female","academic","both","","","ENUGU","1975-04-08","2347036512260","","NIGERIA","ABIA","Christianity","","","","","","0","0","","activated","2021/2022","1st Term"),
("66","195","6619573cf4c7a","T/21/0066","$2y$10$MzrK6YX.DE0dT3oC4b6.jecEnE/59ct2kA7Y2mzY7MbGLRXlMLLSK","wuifeoma","wuifeoma","IFEOMA","","OKECHUKWU","female","admin","both","","","ENUGU","1994-01-03","2348181158289","","NIGERIA","ENUGU","Christianity","","","","","","0","0","","activated","2021/2022","1st Term"),
("67","195","67195c5c7d461","T/21/0067","$2y$10$i3cNIn/W1uOikP2N0R2P7OGUdhw60xY4Pc0cSBR3d4KIu.xI2A476","wablessing","wablessing","BLESSING","","OKENWA","female","admin","both","","","ENUGU","1995-10-10","2348101071430","","NIGERIA","ENUGU","Christianity","","","","","","0","0","","activated","2021/2022","1st Term"),
("68","195","681957d03b2c9","T/21/0068","$2y$10$VpuDUSW4DdgLBGgo8CYHtOirFWPywcWMOCzIwBl3YbMpHcxfEsto2","wamary","wamary","MARY","","ONWUCHEKWA","female","admin","both","","","ENUGU","1972-05-03","2348065871624","","NIGERIA","ABIA","Christianity","","","","","","0","0","","activated","2021/2022","1st Term"),
("69","195","69195b3148c71","T/21/0069","$2y$10$mloZfd7Sq4R5EluhWuzRn.GDGTKcs4/P479Kki1Ga4xLDWGWAtE7W","cyigata","cyigata","IGATA","","MERCY","female","admin","both","","","ENUGU","1982-10-01","2348036870425","","NIGERIA","ENUGU","Christianity","","","","","","0","0","","activated","2021/2022","1st Term"),
("70","195","70195f0955bbc","T/21/0070","$2y$10$9P/VWrf.Ceg8dtan1yq6R.6heuKWYkWAcCwPSCYK4spUswjMEz3Ey","omjuliet","omjuliet","JULIET","","ELOM","female","admin","both","","","ENUGU","1988-03-25","2348138006957","","NIGERIA","EBONYI","Christianity","","","","","","0","0","","activated","2021/2022","1st Term"),
("71","195","71195b6213e85","T/21/0071","$2y$10$bmsCYvjg1mbAtxeUSINGie0ng8qG7If3q1FuUDP2nB8CAdG7yYKuO","enokike","enokike","OKIKE","","HELEN","female","admin","both","","","ENUGU","1969-09-19","2348100068574","","NIGERIA","ENUGU","Christianity","","","","","","0","0","","activated","2021/2022","1st Term"),
("72","195","721954a7b0944","T/21/0072","$2y$10$KhX.///ySNF/Q.zcx/cHk.PBxlJBZhc6WtVIe8KHjuyp7PT55o7X2","soyusuf","soyusuf","YUSUF","","BOWASO","male","non-academic","both","","","ENUGU","1989-09-18","2347038202511","","NIGERIA","ADAMAWA","Christianity","","","","","","0","0","","activated","2021/2022","1st Term"),
("73","195","7319525e5b1fa","T/21/0073","$2y$10$OfdWScEfQEtFrxwtN4JP9uADdXA/PQfrLmEN0cjIASZg7L9xVAIhq","stubenyi","stubenyi","UBENYI","","ERNEST","male","non-academic","both","","","ENUGU","1992-09-21","2349064188343","","NIGERIA","ENUGU","Christianity","","","","","","0","0","","activated","2021/2022","1st Term"),
("74","195","7419514557cad","T/21/0074","$2y$10$7wxbxdkt7k2HUyl4.b5.3eZhdtX9bo18gRJVxTOz1cfrlSTpmXS8W","taobetta","taobetta","OBETTA","","OSITA","male","non-academic","both","","","ENUGU","1983-08-14","2348147091314","","NIGERIA","ENUGU","Christianity","","","","","","0","0","","activated","2021/2022","1st Term");




CREATE TABLE `staff_salary` (
  `staff_salary_id` int(11) NOT NULL AUTO_INCREMENT,
  `staff_id` int(11) NOT NULL,
  `amount` decimal(15,2) NOT NULL,
  PRIMARY KEY (`staff_salary_id`)
) ENGINE=InnoDB AUTO_INCREMENT=75 DEFAULT CHARSET=latin1;


INSERT INTO staff_salary VALUES
("1","1","0.00"),
("2","2","0.00"),
("3","3","0.00"),
("4","4","0.00"),
("5","5","0.00"),
("6","6","0.00"),
("7","7","0.00"),
("8","8","0.00"),
("9","9","0.00"),
("10","10","0.00"),
("11","11","0.00"),
("12","12","0.00"),
("13","13","0.00"),
("14","14","0.00"),
("15","15","0.00"),
("16","16","0.00"),
("17","17","0.00"),
("18","18","0.00"),
("19","19","0.00"),
("20","20","0.00"),
("21","21","0.00"),
("22","22","0.00"),
("23","23","0.00"),
("24","24","0.00"),
("25","25","0.00"),
("26","26","0.00"),
("27","27","0.00"),
("28","28","0.00"),
("29","29","0.00"),
("30","30","0.00"),
("31","31","0.00"),
("32","32","0.00"),
("33","33","0.00"),
("34","34","0.00"),
("35","35","0.00"),
("36","36","0.00"),
("37","37","0.00"),
("38","38","0.00"),
("39","39","0.00"),
("40","40","0.00"),
("41","41","0.00"),
("42","42","0.00"),
("43","43","0.00"),
("44","44","0.00"),
("45","45","0.00"),
("46","46","0.00"),
("47","47","0.00"),
("48","48","0.00"),
("49","49","0.00"),
("50","50","0.00"),
("51","51","0.00"),
("52","52","0.00"),
("53","53","0.00"),
("54","54","0.00"),
("55","55","0.00"),
("56","56","0.00"),
("57","57","0.00"),
("58","58","0.00"),
("59","59","0.00"),
("60","60","0.00"),
("61","61","0.00"),
("62","62","0.00"),
("63","63","0.00"),
("64","64","0.00"),
("65","65","0.00"),
("66","66","0.00"),
("67","67","0.00"),
("68","68","0.00"),
("69","69","0.00"),
("70","70","0.00"),
("71","71","0.00"),
("72","72","0.00"),
("73","73","0.00"),
("74","74","0.00");




CREATE TABLE `staff_subject` (
  `staff_subject_id` int(11) NOT NULL AUTO_INCREMENT,
  `staff_id` int(11) NOT NULL,
  `subject_id` int(11) NOT NULL,
  `class_id` int(11) NOT NULL,
  PRIMARY KEY (`staff_subject_id`),
  KEY `staff_subject_class` (`staff_id`,`subject_id`,`class_id`)
) ENGINE=InnoDB AUTO_INCREMENT=11 DEFAULT CHARSET=latin1;


INSERT INTO staff_subject VALUES
("8","0","1","1"),
("7","0","1","2"),
("10","0","1","5"),
("9","0","1","10"),
("6","1","1","3"),
("5","1","1","4"),
("1","1","1","6"),
("2","3","1","7"),
("4","3","1","9"),
("3","4","1","8");




CREATE TABLE `staff_subject_subclass` (
  `staff_subject_subclass_id` int(11) NOT NULL AUTO_INCREMENT,
  `staff_id` int(11) NOT NULL,
  `subject_id` int(11) NOT NULL,
  `class_id` int(11) NOT NULL,
  `subclass_id` int(11) NOT NULL,
  PRIMARY KEY (`staff_subject_subclass_id`),
  UNIQUE KEY `staff_subject_subclass` (`staff_id`,`subject_id`,`class_id`,`subclass_id`)
) ENGINE=InnoDB AUTO_INCREMENT=34 DEFAULT CHARSET=latin1;


INSERT INTO staff_subject_subclass VALUES
("21","0","1","1","17"),
("22","0","1","1","18"),
("23","0","1","1","19"),
("24","0","1","2","20"),
("25","0","1","2","21"),
("26","0","1","2","22"),
("27","0","1","5","23"),
("28","0","1","5","24"),
("2","0","1","7","1"),
("20","0","1","10","16"),
("30","1","1","3","25"),
("31","1","1","3","26"),
("16","1","1","4","9"),
("14","1","1","4","10"),
("15","1","1","4","11"),
("32","1","1","6","12"),
("33","1","1","6","13"),
("18","1","1","6","14"),
("3","1","1","7","2"),
("5","2","1","8","4"),
("8","2","1","9","7"),
("4","3","1","7","3"),
("6","3","1","8","5"),
("9","3","1","9","8"),
("19","3","1","9","15"),
("7","4","1","8","6");




CREATE TABLE `student_plan` (
  `student_plan_id` int(11) NOT NULL AUTO_INCREMENT,
  `student_id` int(11) NOT NULL,
  `plan_id` int(11) NOT NULL,
  PRIMARY KEY (`student_plan_id`)
) ENGINE=InnoDB DEFAULT CHARSET=latin1;






CREATE TABLE `student_subject` (
  `student_subject_id` int(11) NOT NULL AUTO_INCREMENT,
  `student_id` int(11) NOT NULL,
  `subject_id` int(11) NOT NULL,
  `status` varchar(10) NOT NULL,
  PRIMARY KEY (`student_subject_id`),
  KEY `student_subject_status` (`student_id`,`subject_id`,`status`)
) ENGINE=InnoDB AUTO_INCREMENT=677 DEFAULT CHARSET=latin1;


INSERT INTO student_subject VALUES
("1","1","1","doing"),
("2","2","1","doing"),
("3","3","1","doing"),
("4","4","1","doing"),
("5","5","1","doing"),
("6","6","1","doing"),
("7","7","1","doing"),
("8","8","1","doing"),
("9","9","1","doing"),
("10","10","1","doing"),
("11","11","1","doing"),
("12","12","1","doing"),
("13","13","1","doing"),
("14","14","1","doing"),
("15","15","1","doing"),
("16","16","1","doing"),
("17","17","1","doing"),
("18","18","1","doing"),
("19","19","1","doing"),
("20","20","1","doing"),
("21","21","1","doing"),
("22","22","1","doing"),
("23","23","1","doing"),
("24","24","1","doing"),
("25","25","1","doing"),
("26","26","1","doing"),
("27","27","1","doing"),
("28","28","1","doing"),
("29","29","1","doing"),
("30","30","1","doing"),
("31","31","1","doing"),
("32","32","1","doing"),
("33","33","1","doing"),
("34","34","1","doing"),
("35","35","1","doing"),
("36","36","1","doing"),
("37","37","1","doing"),
("38","38","1","doing"),
("39","39","1","doing"),
("40","40","1","doing"),
("41","41","1","doing"),
("42","42","1","doing"),
("43","43","1","doing"),
("44","44","1","doing"),
("45","45","1","doing"),
("46","46","1","doing"),
("47","47","1","doing"),
("48","48","1","doing"),
("49","49","1","doing"),
("50","50","1","doing"),
("51","51","1","doing"),
("52","52","1","doing"),
("53","53","1","doing"),
("54","54","1","doing"),
("55","55","1","doing"),
("56","56","1","doing"),
("57","57","1","doing"),
("58","58","1","doing"),
("59","59","1","doing"),
("60","60","1","doing"),
("61","61","1","doing"),
("62","62","1","doing"),
("63","63","1","doing"),
("64","64","1","doing"),
("65","65","1","doing"),
("66","66","1","doing"),
("67","67","1","doing"),
("68","68","1","doing"),
("69","69","1","doing"),
("70","70","1","doing"),
("71","71","1","doing"),
("72","72","1","doing"),
("73","73","1","doing"),
("74","74","1","doing"),
("75","75","1","doing"),
("76","76","1","doing"),
("77","77","1","doing"),
("78","78","1","doing"),
("79","79","1","doing"),
("80","80","1","doing"),
("81","81","1","doing"),
("82","82","1","doing"),
("83","83","1","doing"),
("84","84","1","doing"),
("85","85","1","doing"),
("86","86","1","doing"),
("87","87","1","doing"),
("88","88","1","doing"),
("89","89","1","doing"),
("90","90","1","doing"),
("91","91","1","doing"),
("92","92","1","doing"),
("93","93","1","doing"),
("94","94","1","doing"),
("95","95","1","doing"),
("96","96","1","doing"),
("97","97","1","doing"),
("98","98","1","doing"),
("99","99","1","doing"),
("100","100","1","doing");
INSERT INTO student_subject VALUES
("101","101","1","doing"),
("102","102","1","doing"),
("103","103","1","doing"),
("104","104","1","doing"),
("105","105","1","doing"),
("106","106","1","doing"),
("107","107","1","doing"),
("108","108","1","doing"),
("109","109","1","doing"),
("110","110","1","doing"),
("111","111","1","doing"),
("112","112","1","doing"),
("113","113","1","doing"),
("114","114","1","doing"),
("115","115","1","doing"),
("116","116","1","doing"),
("117","117","1","doing"),
("118","118","1","doing"),
("119","119","1","doing"),
("120","120","1","doing"),
("121","121","1","doing"),
("122","122","1","doing"),
("123","123","1","doing"),
("124","124","1","doing"),
("125","125","1","doing"),
("126","126","1","doing"),
("127","127","1","doing"),
("128","128","1","doing"),
("129","129","1","doing"),
("130","130","1","doing"),
("131","131","1","doing"),
("132","132","1","doing"),
("133","133","1","doing"),
("134","134","1","doing"),
("135","135","1","doing"),
("136","136","1","doing"),
("137","137","1","doing"),
("138","138","1","doing"),
("139","139","1","doing"),
("140","140","1","doing"),
("141","141","1","doing"),
("142","142","1","doing"),
("143","143","1","doing"),
("144","144","1","doing"),
("145","145","1","doing"),
("146","146","1","doing"),
("147","147","1","doing"),
("148","148","1","doing"),
("149","149","1","doing"),
("150","150","1","doing"),
("151","151","1","doing"),
("152","152","1","doing"),
("153","153","1","doing"),
("154","154","1","doing"),
("155","155","1","doing"),
("156","156","1","doing"),
("157","157","1","doing"),
("158","158","1","doing"),
("159","159","1","doing"),
("160","160","1","doing"),
("161","161","1","doing"),
("162","162","1","doing"),
("163","163","1","doing"),
("164","164","1","doing"),
("165","165","1","doing"),
("166","166","1","doing"),
("167","167","1","doing"),
("168","168","1","doing"),
("169","169","1","doing"),
("170","170","1","doing"),
("171","171","1","doing"),
("172","172","1","doing"),
("173","173","1","doing"),
("174","174","1","doing"),
("175","175","1","doing"),
("176","176","1","doing"),
("177","177","1","doing"),
("178","178","1","doing"),
("179","179","1","doing"),
("180","180","1","doing"),
("181","181","1","doing"),
("182","182","1","doing"),
("183","183","1","doing"),
("184","184","1","doing"),
("185","185","1","doing"),
("186","186","1","doing"),
("187","187","1","doing"),
("188","188","1","doing"),
("189","189","1","doing"),
("190","190","1","doing"),
("191","191","1","doing"),
("192","192","1","doing"),
("193","193","1","doing"),
("194","194","1","doing"),
("195","195","1","doing"),
("196","196","1","doing"),
("197","197","1","doing"),
("198","198","1","doing"),
("199","199","1","doing"),
("200","200","1","doing");
INSERT INTO student_subject VALUES
("201","201","1","doing"),
("202","202","1","doing"),
("203","203","1","doing"),
("204","204","1","doing"),
("205","205","1","doing"),
("206","206","1","doing"),
("207","207","1","doing"),
("208","208","1","doing"),
("209","209","1","doing"),
("210","210","1","doing"),
("211","211","1","doing"),
("212","212","1","doing"),
("213","213","1","doing"),
("214","214","1","doing"),
("215","215","1","doing"),
("216","216","1","doing"),
("217","217","1","doing"),
("218","218","1","doing"),
("219","219","1","doing"),
("220","220","1","doing"),
("221","221","1","doing"),
("222","222","1","doing"),
("223","223","1","doing"),
("224","224","1","doing"),
("225","225","1","doing"),
("226","226","1","doing"),
("227","227","1","doing"),
("228","228","1","doing"),
("229","229","1","doing"),
("230","230","1","doing"),
("231","231","1","doing"),
("232","232","1","doing"),
("233","233","1","doing"),
("234","234","1","doing"),
("235","235","1","doing"),
("236","236","1","doing"),
("237","237","1","doing"),
("238","238","1","doing"),
("239","239","1","doing"),
("240","240","1","doing"),
("241","241","1","doing"),
("242","242","1","doing"),
("243","243","1","doing"),
("244","244","1","doing"),
("245","245","1","doing"),
("246","246","1","doing"),
("247","247","1","doing"),
("248","248","1","doing"),
("249","249","1","doing"),
("250","250","1","doing"),
("251","251","1","doing"),
("252","252","1","doing"),
("253","253","1","doing"),
("254","254","1","doing"),
("255","255","1","doing"),
("256","256","1","doing"),
("257","257","1","doing"),
("258","258","1","doing"),
("259","259","1","doing"),
("260","260","1","doing"),
("261","261","1","doing"),
("262","262","1","doing"),
("263","263","1","doing"),
("264","264","1","doing"),
("265","265","1","doing"),
("266","266","1","doing"),
("267","267","1","doing"),
("268","268","1","doing"),
("269","269","1","doing"),
("270","270","1","doing"),
("271","271","1","doing"),
("272","272","1","doing"),
("273","273","1","doing"),
("274","274","1","doing"),
("275","275","1","doing"),
("276","276","1","doing"),
("277","277","1","doing"),
("278","278","1","doing"),
("279","279","1","doing"),
("280","280","1","doing"),
("281","281","1","doing"),
("282","282","1","doing"),
("283","283","1","doing"),
("284","284","1","doing"),
("285","285","1","doing"),
("286","286","1","doing"),
("287","287","1","doing"),
("288","288","1","doing"),
("289","289","1","doing"),
("290","290","1","doing"),
("291","291","1","doing"),
("292","292","1","doing"),
("293","293","1","doing"),
("294","294","1","doing"),
("295","295","1","doing"),
("296","296","1","doing"),
("297","297","1","doing"),
("298","298","1","doing"),
("299","299","1","doing"),
("300","300","1","doing");
INSERT INTO student_subject VALUES
("301","301","1","doing"),
("302","302","1","doing"),
("303","303","1","doing"),
("304","304","1","doing"),
("305","305","1","doing"),
("306","306","1","doing"),
("307","307","1","doing"),
("308","308","1","doing"),
("309","309","1","doing"),
("310","310","1","doing"),
("311","311","1","doing"),
("312","312","1","doing"),
("313","313","1","doing"),
("314","314","1","doing"),
("315","315","1","doing"),
("316","316","1","doing"),
("317","317","1","doing"),
("318","318","1","doing"),
("319","319","1","doing"),
("320","320","1","doing"),
("321","321","1","doing"),
("322","322","1","doing"),
("323","323","1","doing"),
("324","324","1","doing"),
("325","325","1","doing"),
("326","326","1","doing"),
("327","327","1","doing"),
("328","328","1","doing"),
("329","329","1","doing"),
("330","330","1","doing"),
("331","331","1","doing"),
("332","332","1","doing"),
("333","333","1","doing"),
("334","334","1","doing"),
("335","335","1","doing"),
("336","336","1","doing"),
("337","337","1","doing"),
("338","338","1","doing"),
("339","339","1","doing"),
("340","340","1","doing"),
("341","341","1","doing"),
("342","342","1","doing"),
("343","343","1","doing"),
("344","344","1","doing"),
("345","345","1","doing"),
("346","346","1","doing"),
("347","347","1","doing"),
("348","348","1","doing"),
("349","349","1","doing"),
("350","350","1","doing"),
("351","351","1","doing"),
("352","352","1","doing"),
("353","353","1","doing"),
("354","354","1","doing"),
("355","355","1","doing"),
("356","356","1","doing"),
("357","357","1","doing"),
("358","358","1","doing"),
("359","359","1","doing"),
("360","360","1","doing"),
("361","361","1","doing"),
("362","362","1","doing"),
("363","363","1","doing"),
("364","364","1","doing"),
("365","365","1","doing"),
("366","366","1","doing"),
("367","367","1","doing"),
("368","368","1","doing"),
("369","369","1","doing"),
("370","370","1","doing"),
("371","371","1","doing"),
("372","372","1","doing"),
("373","373","1","doing"),
("374","374","1","doing"),
("375","375","1","doing"),
("376","376","1","doing"),
("377","377","1","doing"),
("378","378","1","doing"),
("379","379","1","doing"),
("380","380","1","doing"),
("381","381","1","doing"),
("382","382","1","doing"),
("383","383","1","doing"),
("384","384","1","doing"),
("385","385","1","doing"),
("386","386","1","doing"),
("387","387","1","doing"),
("388","388","1","doing"),
("389","389","1","doing"),
("390","390","1","doing"),
("391","391","1","doing"),
("392","392","1","doing"),
("393","393","1","doing"),
("394","394","1","doing"),
("395","395","1","doing"),
("396","396","1","doing"),
("397","397","1","doing"),
("398","398","1","doing"),
("399","399","1","doing"),
("400","400","1","doing");
INSERT INTO student_subject VALUES
("401","401","1","doing"),
("402","402","1","doing"),
("403","403","1","doing"),
("404","404","1","doing"),
("405","405","1","doing"),
("406","406","1","doing"),
("407","407","1","doing"),
("408","408","1","doing"),
("409","409","1","doing"),
("410","410","1","doing"),
("411","411","1","doing"),
("412","412","1","doing"),
("413","413","1","doing"),
("414","414","1","doing"),
("415","415","1","doing"),
("416","416","1","doing"),
("417","417","1","doing"),
("418","418","1","doing"),
("419","419","1","doing"),
("420","420","1","doing"),
("421","421","1","doing"),
("422","422","1","doing"),
("423","423","1","doing"),
("424","424","1","doing"),
("425","425","1","doing"),
("426","426","1","doing"),
("427","427","1","doing"),
("428","428","1","doing"),
("429","429","1","doing"),
("430","430","1","doing"),
("431","431","1","doing"),
("432","432","1","doing"),
("433","433","1","doing"),
("434","434","1","doing"),
("435","435","1","doing"),
("436","436","1","doing"),
("437","437","1","doing"),
("438","438","1","doing"),
("439","439","1","doing"),
("440","440","1","doing"),
("441","441","1","doing"),
("442","442","1","doing"),
("443","443","1","doing"),
("444","444","1","doing"),
("445","445","1","doing"),
("446","446","1","doing"),
("447","447","1","doing"),
("448","448","1","doing"),
("449","449","1","doing"),
("450","450","1","doing"),
("451","451","1","doing"),
("452","452","1","doing"),
("453","453","1","doing"),
("454","454","1","doing"),
("455","455","1","doing"),
("456","456","1","doing"),
("457","457","1","doing"),
("458","458","1","doing"),
("459","459","1","doing"),
("460","460","1","doing"),
("461","461","1","doing"),
("462","462","1","doing"),
("463","463","1","doing"),
("464","464","1","doing"),
("465","465","1","doing"),
("466","466","1","doing"),
("467","467","1","doing"),
("468","468","1","doing"),
("469","469","1","doing"),
("470","470","1","doing"),
("471","471","1","doing"),
("472","472","1","doing"),
("473","473","1","doing"),
("474","474","1","doing"),
("475","475","1","doing"),
("476","476","1","doing"),
("477","477","1","doing"),
("478","478","1","doing"),
("479","479","1","doing"),
("480","480","1","doing"),
("481","481","1","doing"),
("482","482","1","doing"),
("483","483","1","doing"),
("484","484","1","doing"),
("485","485","1","doing"),
("486","486","1","doing"),
("487","487","1","doing"),
("488","488","1","doing"),
("489","489","1","doing"),
("490","490","1","doing"),
("491","491","1","doing"),
("492","492","1","doing"),
("493","493","1","doing"),
("494","494","1","doing"),
("495","495","1","doing"),
("496","496","1","doing"),
("497","497","1","doing"),
("498","498","1","doing"),
("499","499","1","doing"),
("500","500","1","doing");
INSERT INTO student_subject VALUES
("501","501","1","doing"),
("502","502","1","doing"),
("503","503","1","doing"),
("504","504","1","doing"),
("505","505","1","doing"),
("506","506","1","doing"),
("507","507","1","doing"),
("508","508","1","doing"),
("509","509","1","doing"),
("510","510","1","doing"),
("511","511","1","doing"),
("512","512","1","doing"),
("513","513","1","doing"),
("514","514","1","doing"),
("515","515","1","doing"),
("516","516","1","doing"),
("517","517","1","doing"),
("518","518","1","doing"),
("519","519","1","doing"),
("520","520","1","doing"),
("521","521","1","doing"),
("522","522","1","doing"),
("523","523","1","doing"),
("524","524","1","doing"),
("525","525","1","doing"),
("526","526","1","doing"),
("527","527","1","doing"),
("528","528","1","doing"),
("529","529","1","doing"),
("530","530","1","doing"),
("531","531","1","doing"),
("532","532","1","doing"),
("533","533","1","doing"),
("534","534","1","doing"),
("535","535","1","doing"),
("536","536","1","doing"),
("537","537","1","doing"),
("538","538","1","doing"),
("539","539","1","doing"),
("540","540","1","doing"),
("541","541","1","doing"),
("542","542","1","doing"),
("543","543","1","doing"),
("544","544","1","doing"),
("545","545","1","doing"),
("546","546","1","doing"),
("547","547","1","doing"),
("548","548","1","doing"),
("549","549","1","doing"),
("550","550","1","doing"),
("551","551","1","doing"),
("552","552","1","doing"),
("553","553","1","doing"),
("554","554","1","doing"),
("555","555","1","doing"),
("556","556","1","doing"),
("557","557","1","doing"),
("558","558","1","doing"),
("559","559","1","doing"),
("560","560","1","doing"),
("561","561","1","doing"),
("562","562","1","doing"),
("563","563","1","doing"),
("564","564","1","doing"),
("565","565","1","doing"),
("566","566","1","doing"),
("567","567","1","doing"),
("568","568","1","doing"),
("569","569","1","doing"),
("570","570","1","doing"),
("571","571","1","doing"),
("572","572","1","doing"),
("573","573","1","doing"),
("574","574","1","doing"),
("575","575","1","doing"),
("576","576","1","doing"),
("577","577","1","doing"),
("578","578","1","doing"),
("579","579","1","doing"),
("580","580","1","doing"),
("581","581","1","doing"),
("582","582","1","doing"),
("583","583","1","doing"),
("584","584","1","doing"),
("585","585","1","doing"),
("586","586","1","doing"),
("587","587","1","doing"),
("588","588","1","doing"),
("589","589","1","doing"),
("590","590","1","doing"),
("591","591","1","doing"),
("592","592","1","doing"),
("593","593","1","doing"),
("594","594","1","doing"),
("595","595","1","doing"),
("596","596","1","doing"),
("597","597","1","doing"),
("598","598","1","doing"),
("599","599","1","doing"),
("600","600","1","doing");
INSERT INTO student_subject VALUES
("601","601","1","doing"),
("602","602","1","doing"),
("603","603","1","doing"),
("604","604","1","doing"),
("605","605","1","doing"),
("606","606","1","doing"),
("607","607","1","doing"),
("608","608","1","doing"),
("609","609","1","doing"),
("610","610","1","doing"),
("611","611","1","doing"),
("612","612","1","doing"),
("613","613","1","doing"),
("614","614","1","doing"),
("615","615","1","doing"),
("616","616","1","doing"),
("617","617","1","doing"),
("618","618","1","doing"),
("619","619","1","doing"),
("620","620","1","doing"),
("621","621","1","doing"),
("622","622","1","doing"),
("623","623","1","doing"),
("624","624","1","doing"),
("625","625","1","doing"),
("626","626","1","doing"),
("627","627","1","doing"),
("628","628","1","doing"),
("629","629","1","doing"),
("630","630","1","doing"),
("631","631","1","doing"),
("632","632","1","doing"),
("633","633","1","doing"),
("634","634","1","doing"),
("635","635","1","doing"),
("636","636","1","doing"),
("637","637","1","doing"),
("638","638","1","doing"),
("639","639","1","doing"),
("640","640","1","doing"),
("641","641","1","doing"),
("642","642","1","doing"),
("643","643","1","doing"),
("644","644","1","doing"),
("645","645","1","doing"),
("646","646","1","doing"),
("648","648","1","doing"),
("649","649","1","doing"),
("650","650","1","doing"),
("651","651","1","doing"),
("652","652","1","doing"),
("653","653","1","doing"),
("654","654","1","doing"),
("655","655","1","doing"),
("656","656","1","doing"),
("657","657","1","doing"),
("658","658","1","doing"),
("659","659","1","doing"),
("660","660","1","doing"),
("661","661","1","doing"),
("662","662","1","doing"),
("663","663","1","doing"),
("664","664","1","doing"),
("665","665","1","doing"),
("666","666","1","doing"),
("667","667","1","doing"),
("668","668","1","doing"),
("669","669","1","doing"),
("670","670","1","doing"),
("671","671","1","doing"),
("672","672","1","doing"),
("673","673","1","doing"),
("674","674","1","doing"),
("675","675","1","doing"),
("676","676","1","doing");




CREATE TABLE `students` (
  `student_id` int(11) NOT NULL AUTO_INCREMENT,
  `user_key` varchar(100) DEFAULT NULL,
  `school_id` int(10) unsigned NOT NULL,
  `parent_id` int(11) NOT NULL,
  `class_id` int(11) NOT NULL,
  `subclass_id` int(11) NOT NULL,
  `plan_id` int(11) NOT NULL,
  `hostel_id` int(11) NOT NULL,
  `room_id` int(11) NOT NULL,
  `bedspace` int(11) DEFAULT NULL,
  `first_name` varchar(50) NOT NULL,
  `other_name` varchar(50) NOT NULL,
  `last_name` varchar(50) NOT NULL,
  `serial_number` varchar(50) NOT NULL,
  `pass` char(255) NOT NULL,
  `first_password` varchar(200) NOT NULL,
  `new_password` varchar(200) NOT NULL,
  `email` varchar(200) NOT NULL,
  `dob` date NOT NULL,
  `gender` varchar(10) NOT NULL,
  `religion` varchar(50) NOT NULL,
  `reg_no` varchar(20) NOT NULL,
  `adm_no` varchar(60) NOT NULL,
  `graduation_year` varchar(20) NOT NULL,
  `graduation_term` varchar(10) NOT NULL,
  `deactivation_sess` char(20) NOT NULL,
  `deactivation_term` char(10) NOT NULL,
  `disability` varchar(300) NOT NULL,
  `passport` varchar(200) NOT NULL,
  `relationship` varchar(20) NOT NULL,
  `new_student` varchar(20) NOT NULL,
  `new_student_finance` varchar(20) NOT NULL,
  `forget_token` varchar(50) NOT NULL,
  `login_attempt` int(11) NOT NULL,
  `login_last_time` int(11) unsigned NOT NULL,
  `scratch_card_attempt` int(10) unsigned NOT NULL,
  `scratch_card_last_time` int(10) unsigned NOT NULL,
  `transfer` char(20) NOT NULL,
  `transfer_school_id` int(11) NOT NULL,
  `exempt` char(10) NOT NULL,
  `check_result` varchar(20) NOT NULL DEFAULT 'check_result',
  `activation` varchar(20) NOT NULL,
  `date_created` datetime NOT NULL DEFAULT current_timestamp(),
  PRIMARY KEY (`student_id`),
  UNIQUE KEY `serial_number` (`serial_number`),
  UNIQUE KEY `user_key` (`user_key`),
  KEY `activation` (`activation`),
  KEY `parent_id` (`parent_id`),
  KEY `plan_id` (`plan_id`),
  KEY `class_subclass` (`class_id`,`subclass_id`,`activation`),
  KEY `exempt` (`exempt`),
  KEY `check_result` (`check_result`),
  KEY `date_created` (`date_created`),
  KEY `school_id` (`school_id`)
) ENGINE=InnoDB AUTO_INCREMENT=677 DEFAULT CHARSET=latin1;


INSERT INTO students VALUES
("1","119526b81d60","195","1","6","14","0","0","0","","KAME-TONNA","","AGUJIOBI","S/21/0001","$2y$10$Szq99beYJWEI8cotgUQ9ZOQHLn6ZJBvpe6emlurQvXi7XBDXRHvda","zeonglobal","zeonglobal","","2014-04-05","male","Christianity","","","","","","","","","","new_student","new_student","","0","0","0","0","","0","","check_result","activated","2022-03-12 13:42:47"),
("2","21953c822e4e","195","2","6","14","0","0","0","","GOODLUCK","","DURU","S/21/0002","$2y$10$.Npnfd4Tjb.2V3SzJHfnFemdGCfsJX3Rgsq/zeVXHLLhytMa0yhye","zeonglobal","zeonglobal","","2014-09-17","male","Christianity","","","","","","","","","","new_student","new_student","","0","0","0","0","","0","","check_result","activated","2022-03-12 13:44:43"),
("3","3195ec5452c0","195","3","6","14","0","0","0","","LLOYD","","EJIKEME","S/21/0003","$2y$10$USNIgzM.F3SRPuOFbHnOt.TXZTHvpwXs1hVcCc3JvW.LWzMtUqdO6","zeonglobal","zeonglobal","","2014-10-08","male","Christianity","","","","","","","","","PARENT","new_student","new_student","","0","0","0","0","","0","","check_result","activated","2022-03-12 13:46:57"),
("4","4195252e7714","195","4","6","14","0","0","0","","OLISAEMEKA","","EZE","S/21/0004","$2y$10$/Ctg8hTI2i4t8N7/nYPvwuj/YqBJcQ1nx8D9VgvVR1OZo9RL5opAq","zeonglobal","zeonglobal","","2014-02-15","male","Christianity","","","","","","","","","","new_student","new_student","","0","0","0","0","","0","","check_result","activated","2022-03-12 13:48:46"),
("5","5195731b222f","195","5","6","14","0","0","0","","CHIMDINDU","","IKPA","S/21/0005","$2y$10$1MWyofwy7.YSLYw5YqRxT.khOUNM/v6bzjtf1EEHKm3LPvRYIl4AW","zeonglobal","zeonglobal","","2014-09-06","male","Christianity","","","","","","","","","","new_student","new_student","","0","0","0","0","","0","","check_result","activated","2022-03-12 13:53:24"),
("6","6195080201a6","195","6","6","14","0","0","0","","CHIMDINDU","","KAMA","S/21/0006","$2y$10$KcqyxmUWoMRcs/n3eRZ1L.NZVfXNkvkkC8dJzaR43KkKMo/tgNijC","zeonglobal","zeonglobal","","2014-10-11","male","Christianity","","","","","","","","","","new_student","new_student","","0","0","0","0","","0","","check_result","activated","2022-03-12 13:55:09"),
("7","71954ae92f21","195","7","6","14","0","0","0","","SOMTO","","MADUABUCHI","S/21/0007","$2y$10$kdwASt.rG1IkKrg0ldJXLeyXvC39YIi/v.GENdK3kCXbwLwPs1OOa","zeonglobal","zeonglobal","","2014-07-10","male","Christianity","","","","","","","","","","new_student","new_student","","0","0","0","0","","0","","check_result","activated","2022-03-12 13:56:40"),
("8","819563ef96ef","195","8","6","14","0","0","0","","CHIAGOZIE","","NDUBUISI","S/21/0008","$2y$10$SDobpyTYizVoiPf36T21YOrDpeKlL6XY2iT.g5LfdpoUIBq0X2XqO","zeonglobal","zeonglobal","","2014-04-18","male","Christianity","","","","","","","","","","new_student","new_student","","0","0","0","0","","0","","check_result","activated","2022-03-12 13:58:12"),
("9","91959a1b5f39","195","9","6","14","0","0","0","","SOMTOCHUKWU","","NJEZE","S/21/0009","$2y$10$g0Mjl5a/J6bGaxFu46VR7eZtjiynnapl/9CED.MWANfOhso4vkaTK","zeonglobal","zeonglobal","","2014-10-26","male","Christianity","","","","","","","","","","new_student","new_student","","0","0","0","0","","0","","check_result","activated","2022-03-12 14:00:04"),
("10","101958ae9186f","195","10","6","14","0","0","0","","VICTOR","","NWAJI","S/21/0010","$2y$10$FDsKnvrrioWT/ZoqO0SJYetQ9DU8gW5oGe0XtqGOAKLa5J.GeuAQG","zeonglobal","zeonglobal","","2013-10-25","male","Christianity","","","","","","","","","","new_student","new_student","","0","0","0","0","","0","","check_result","activated","2022-03-12 14:01:30"),
("11","11195613f5e26","195","11","6","14","0","0","0","","EBUBECHUKWU","","NNAMANI","S/21/0011","$2y$10$8MZq/m3KOcYken5bI1Pkx.Q1IEgZhvEc71Uf0RPVz.Exl2kxsaiR2","zeonglobal","zeonglobal","","2014-05-29","male","Christianity","","","","","","","","","","new_student","new_student","","0","0","0","0","","0","","check_result","activated","2022-03-12 14:02:46"),
("12","12195927ac5df","195","12","6","14","0","0","0","","CHIZIKORA","","OBASI","S/21/0012","$2y$10$GY3i3n8bt92ZEB92wqd.a.EyDxVNO.07cZf1.UKj87z9w967gSpIa","zeonglobal","zeonglobal","","2014-04-11","male","Christianity","","","","","","","","","","new_student","new_student","","0","0","0","0","","0","","check_result","activated","2022-03-12 14:04:28"),
("13","13195cf16dc41","195","0","6","14","0","0","0","","UKACHI","","OJEMBA","S/21/0013","$2y$10$Evns8qCpgin/LGfZzX02gexBR3T4WQ4Y/XcdxFh3EsIIQNbaViPai","baukachi","baukachi","","2022-03-12","male","Christianity","","","","","","","","","","new_student","new_student","","0","0","0","0","","0","","check_result","activated","2022-03-12 14:04:52"),
("14","141952db05c8f","195","13","6","14","0","0","0","","EMMANUEL","","OKOH","S/21/0014","$2y$10$2YClnP63vVUz9U9WCt99SeUf5o/v7IzVyITZFZQXGiQCgmYjl2Xsq","zeonglobal","zeonglobal","","2014-02-21","male","Christianity","","","","","","","","","","new_student","new_student","","0","0","0","0","","0","","check_result","activated","2022-03-12 14:06:29"),
("15","151950e341dfd","195","14","6","14","0","0","0","","FRANCIS","","OKPOKWU","S/21/0015","$2y$10$Pcpy3zOFoqPUdJ1GmXYg4eZoGzzJPo75L2dMz0bjAFneAN8wN7IuS","zeonglobal","zeonglobal","","2014-08-20","male","Christianity","","","","","","","","","","new_student","new_student","","0","0","0","0","","0","","check_result","activated","2022-03-12 14:08:00"),
("16","16195685c5417","195","15","6","14","0","0","0","","VICTOR","","OWOH","S/21/0016","$2y$10$Oo3gl3TE/k/5aK34qQ8uxebv9CVt9OMocZ3hvEuYuTOvUSah2gr1y","zeonglobal","zeonglobal","","2014-09-12","male","Christianity","","","","","","","","","","new_student","new_student","","0","0","0","0","","0","","check_result","activated","2022-03-12 14:09:48"),
("17","171950c9ab575","195","16","6","14","0","0","0","","CHIMAOBIM","","OZOBU","S/21/0017","$2y$10$OCxgur9fOb2Sl45znm6uOeM9gC8HOA5jguggG87gi5DHBJcaEikk6","zeonglobal","zeonglobal","","2014-03-16","male","Christianity","","","","","","","","","","new_student","new_student","","0","0","0","0","","0","","check_result","activated","2022-03-12 14:11:33"),
("18","18195680da653","195","17","6","14","0","0","0","","ADACHUKWU","","CHIME","S/21/0018","$2y$10$gq3v869j278OJxwc5QgktufzzvO7gfVoI1.RStBMSL1JKlT5zFBxK","zeonglobal","zeonglobal","","2014-02-06","female","Christianity","","","","","","","","","","new_student","new_student","","0","0","0","0","","0","","check_result","activated","2022-03-12 14:13:03"),
("19","191954337d78b","195","18","6","14","0","0","0","","CHIOMA","","CHINZE","S/21/0019","$2y$10$HQ4XxpQmYEqQ2U45NktOyeqGFf4oXFAJoOqQo9tQk/jUZtodZaxQ.","zeonglobal","zeonglobal","","2014-12-13","female","Christianity","","","","","","","","","","new_student","new_student","","0","0","0","0","","0","","check_result","activated","2022-03-12 14:14:47"),
("20","2019518ed5936","195","19","6","14","0","0","0","","IFUNANYA","","CHUKWUJEKWU","S/21/0020","$2y$10$7cpGUpLwPsFdUfTRgggxdO9oYCYMtwDuyXsvESvlzgpHfNbFaHxIq","zeonglobal","zeonglobal","","2014-05-07","female","Christianity","","","","","","","","","","new_student","new_student","","0","0","0","0","","0","","check_result","activated","2022-03-12 14:16:42"),
("21","21195b8e4cf71","195","20","6","14","0","0","0","","ROTENNA","","ELIORA","S/21/0021","$2y$10$D2RmAZo7HEstpXpEZh5RtOQBoKYWzMG1r/5X8tzZYoJiFgW7kAnHC","zeonglobal","zeonglobal","","2014-06-03","female","Christianity","","","","","","","","","","new_student","new_student","","0","0","0","0","","0","","check_result","activated","2022-03-12 14:18:22"),
("22","221950ca61bf4","195","21","6","14","0","0","0","","CHIMAMANDA","","IKEH","S/21/0022","$2y$10$0MH35VZZr4A0/03LxSE98.AUHlUUQupcagEHArQO/YhNwW5cwV2c6","zeonglobal","zeonglobal","","2014-10-27","female","Christianity","","","","","","","","","","new_student","new_student","","0","0","0","0","","0","","check_result","activated","2022-03-12 14:19:59"),
("23","231955cc75893","195","22","6","14","0","0","0","","EMMA","","ILOHA","S/21/0023","$2y$10$.bw3gEQ49l7APNxCOdzRx.ym8C2bPgWkEwd.M0MkfqJ5nKH/zjhHm","zeonglobal","zeonglobal","","2014-05-14","male","Christianity","","","","","","","","","","new_student","new_student","","0","0","0","0","","0","","check_result","activated","2022-03-12 14:21:16"),
("24","24195ec0cb429","195","23","6","14","0","0","0","","CHISOM","","MMADUBUEZE","S/21/0024","$2y$10$PsvAPV0l8dcVOrNY5EZ7m.lTH0Q6G9vdqFBWIbouWYRfTiLTa6I9i","zeonglobal","zeonglobal","","2014-05-01","female","Christianity","","","","","","","","","","new_student","new_student","","0","0","0","0","","0","","check_result","activated","2022-03-12 14:22:32"),
("25","25195c5429e8e","195","24","6","14","0","0","0","","ESTHER","","NNAMANI","S/21/0025","$2y$10$22fDA0qATNa0MYcgbi9ugemo13lFRE0J.ztONjngTfM0nBTcOgknW","zeonglobal","zeonglobal","","2014-08-13","female","Christianity","","","","","","","","","","new_student","new_student","","0","0","0","0","","0","","check_result","activated","2022-03-12 14:24:36"),
("26","26195dd5bec84","195","25","6","14","0","0","0","","CHINONYELUM","","NSIEGBULAM","S/21/0026","$2y$10$w.sVPuDL2932ob50EjKgw.cr8rDVl3wHRUiiDXAIUzV9HtMQZDDuq","zeonglobal","zeonglobal","","2012-12-28","female","Christianity","","","","","","","","","","new_student","new_student","","0","0","0","0","","0","","check_result","activated","2022-03-12 14:26:08"),
("27","271953c718aad","195","26","6","14","0","0","0","","CHISOM","O","NWABUDE","S/21/0027","$2y$10$Tcc0e.faXJUP7trEPPr92uW7se1M5vwmUabMUJ.zIj/req1AOsFTu","zeonglobal","zeonglobal","","2020-05-25","female","Christianity","","","","","","","","","","new_student","new_student","","0","0","0","0","","0","","check_result","activated","2022-03-12 14:36:13"),
("28","2819546cda113","195","27","6","14","0","0","0","","DABERE","","NWACHUKWU","S/21/0028","$2y$10$N/.YN5EVkDFYgIhxuurMVOhJIe1r0mO3diiJSsJmL/f0BO7nFqRGW","zeonglobal","zeonglobal","","2015-02-27","female","Christianity","","","","","","","","","","new_student","new_student","","0","0","0","0","","0","","check_result","activated","2022-03-12 14:37:34"),
("29","291957963f0c9","195","28","6","14","0","0","0","","MITCHELL","","NWOGU","S/21/0029","$2y$10$FvE6AwjlszmWt9AEZZfDf.4kdq.wwKuMoD9BvuENhrlP0cyIXuW4.","zeonglobal","zeonglobal","","2014-06-07","female","Christianity","","","","","","","","","","new_student","new_student","","0","0","0","0","","0","","check_result","activated","2022-03-12 14:39:37"),
("30","301958f377f00","195","13","6","14","0","0","0","","CHRISTIANA","","OKOH","S/21/0030","$2y$10$1lRri07/ffmjzwF/SUgoqOcEH88Sgcky9jDcFPwOSh0BFZ1e5ouAi","ohchristiana","ohchristiana","","2014-02-21","female","Christianity","","","","","","","","","","new_student","new_student","","0","0","0","0","","0","","check_result","activated","2022-03-12 14:40:29"),
("31","311951e3a7408","195","29","6","14","0","0","0","","CHISOM","","OKONKWO","S/21/0031","$2y$10$M7hVqFxBi9DvJ9HgUihIJeKA/ZE/hmA0YHeXm7LFWFGwdikdsaxTC","zeonglobal","zeonglobal","","2014-11-01","female","Christianity","","","","","","","","","","new_student","new_student","","0","0","0","0","","0","","check_result","activated","2022-03-12 14:42:01"),
("32","3219563d0cb07","195","30","6","14","0","0","0","","KOSISO","","UGWUANYI","S/21/0032","$2y$10$nSPfjONkFca9oAtC6tKHfuZtFAE2jR1846B5h5jZuk2iGNK2TfSGy","zeonglobal","zeonglobal","","2014-11-11","female","Christianity","","","","","","","","","","new_student","new_student","","0","0","0","0","","0","","check_result","activated","2022-03-12 14:43:16"),
("33","3319515bd4506","195","31","7","1","0","0","0","","DANIEL","O","AGUIGWO","S/21/0033","$2y$10$W/UE7zpBtE3itPYjF05c8u9qQ.2B6v1amx1qOX9pSBDlaQBSCQXdq","zeonglobal","zeonglobal","","2013-04-01","male","Christianity","","","","","","","","","","new_student","new_student","","0","0","0","0","","0","","check_result","activated","2022-03-12 15:01:51"),
("34","34195a2be0f8e","195","32","7","1","0","0","0","","ETHAN","C","ANDREW","S/21/0034","$2y$10$6.TAiLsl5QHZY9rEnmskF.BeYNswlRVdoUHJbs5LkGYOZxM42taz.","zeonglobal","zeonglobal","","2015-01-15","male","Christianity","","","","","","","","","","new_student","new_student","","0","0","0","0","","0","","check_result","activated","2022-03-12 15:03:30"),
("35","35195c6c70826","195","33","7","1","0","0","0","","GODSWILL","E","ANIUDE","S/21/0035","$2y$10$cN7A3cgQukrbcOXP2/EoceSj51EsrmU60Gz5EFkUZjzxQrEXSgZXG","zeonglobal","zeonglobal","","2013-04-09","male","Christianity","","","","","","","","","","new_student","new_student","","0","0","0","0","","0","","check_result","activated","2022-03-12 15:05:32"),
("36","36195bd5b4440","195","34","7","1","0","0","0","","EMMANUEL","","DIDIGU","S/21/0036","$2y$10$8.RoNoh5ic28j9QHKbvevOgicOuqp/EX/2uTcb31WkDXG4mW1BYqi","zeonglobal","zeonglobal","","2013-07-04","male","Christianity","","","","","","","","","","new_student","new_student","","0","0","0","0","","0","","check_result","activated","2022-03-12 15:07:37"),
("37","37195df8595ec","195","35","7","1","0","0","0","","SANTINO","E","EDE","S/21/0037","$2y$10$vn55CWZ4lWiqKdYxNPNrkOzVa.BQAqy.QgcDF8i1asf5lwuLGRH3q","zeonglobal","zeonglobal","","2014-01-06","male","Christianity","","","","","","","","","","new_student","new_student","","0","0","0","0","","0","","check_result","activated","2022-03-12 15:10:13"),
("38","38195eb4d4b43","195","36","7","1","0","0","0","","KAOBI","S","ILOZUMBA","S/21/0038","$2y$10$IArYF0q7Rv/KBGI0SraCVen.crKNWSZMAcu8hQvakcABdJY6q5G42","zeonglobal","zeonglobal","","2013-11-25","male","Christianity","","","","","","","","","","new_student","new_student","","0","0","0","0","","0","","check_result","activated","2022-03-12 15:11:47"),
("39","39195079dde01","195","6","7","1","0","0","0","","CHIKAMSO","","KAMA","S/21/0039","$2y$10$tlCTIfI/LheyKQGJEXuTauzO.nHCByEqp.QY0ZjiMPDJDsrJXIldK","machikamso","machikamso","","2013-08-30","male","Christianity","","","","","","","","","","new_student","new_student","","0","0","0","0","","0","","check_result","activated","2022-03-12 15:13:23"),
("40","40195b4a60eae","195","37","7","1","0","0","0","","CHIMEREMEZE","","MAMAH","S/21/0040","$2y$10$FPX.T5Mld2z2EguEXR5O9Ogbavr3E3jtY4V/Vjticu0Mq/7ysWX96","zeonglobal","zeonglobal","","2013-06-21","male","Christianity","","","","","","","","","","new_student","new_student","","0","0","0","0","","0","","check_result","activated","2022-03-12 15:15:10"),
("41","41195a0c88511","195","38","7","1","0","0","0","","MICHAEL","","NNADI","S/21/0041","$2y$10$v5IL.AhpsHzj3wcA4W1b4uvXVltCUEG0muX8NuS/EaTmQ0sy9l3nu","zeonglobal","zeonglobal","","2014-01-31","male","Christianity","","","","","","","","","","new_student","new_student","","0","0","0","0","","0","","check_result","activated","2022-03-12 15:16:30"),
("42","42195c1a5e048","195","39","7","1","0","0","0","","CHIDIEBUBE","","NWATU","S/21/0042","$2y$10$Sru.RF97sbhWiY4QBay98ODlN3sNJ4RBh5uVLqzFJPHBVFhKJT.U6","zeonglobal","zeonglobal","","2013-03-20","female","Christianity","","","","","","","","","","new_student","new_student","","0","0","0","0","","0","","check_result","activated","2022-03-12 15:18:13"),
("43","43195c6852607","195","40","7","1","0","0","0","","WEALTH","","OKONKWO","S/21/0043","$2y$10$VhAvIP4eRvEeWmMQtfcDpeRg5fd6iAZdPXpFURSaI86KFs9amwkmC","zeonglobal","zeonglobal","","2013-05-21","male","Christianity","","","","","","","","","","new_student","new_student","","0","0","0","0","","0","","check_result","activated","2022-03-12 15:19:47"),
("44","4419547433337","195","41","7","1","0","0","0","","MICHAEL","U","OZIFO","S/21/0044","$2y$10$l6zUvgm2RhggdNnrANrCAOpSUhg2FoIUALr29Q/990lAg50zxT1wu","zeonglobal","zeonglobal","","2013-11-20","male","Christianity","","","","","","","","","","new_student","new_student","","0","0","0","0","","0","","check_result","activated","2022-03-12 15:21:34"),
("45","451957e390193","195","42","7","1","0","0","0","","JESSE","C","UZOIGWE","S/21/0045","$2y$10$J82XfwSmtsoadstY5y22Lutz3hVzXhRcfq6OyDdDqHRa0SU4/BWRK","zeonglobal","zeonglobal","","2010-12-29","male","Christianity","","","","","","","","","","new_student","new_student","","0","0","0","0","","0","","check_result","activated","2022-03-12 15:23:23"),
("46","46195e0c69322","195","43","7","1","0","0","0","","MUNACHI","M","ASOGWA","S/21/0046","$2y$10$NAYp7P/azmqXYyNOEYNZIuphGlZkDBH8ElIkwlhIu2iOzF8/kpetG","zeonglobal","zeonglobal","","2013-08-24","male","Christianity","","","","","","","","","PARENT","new_student","new_student","","0","0","0","0","","0","","check_result","activated","2022-03-12 15:25:00"),
("47","4719534f46e7d","195","44","7","1","0","0","0","","GODSFAVOUR","F","ANI","S/21/0047","$2y$10$LYSTn635pBCVgO7n5P0leOACVlaWxBDC26eq5NAVdSp0.DRXoyk9K","zeonglobal","zeonglobal","","2013-08-24","female","Christianity","","","","","","","","","","new_student","new_student","","0","0","0","0","","0","","check_result","activated","2022-03-12 15:26:43"),
("48","481950805a76e","195","45","7","1","0","0","0","","CHINEYENWA","","CHIBUZOR","S/21/0048","$2y$10$GCY6SuhjhhIMNMIUNgRwi.w58JJcJSucUOdL70RMdGZriFlkiYXrG","zeonglobal","zeonglobal","","2013-08-03","female","Christianity","","","","","","","","","","","","","0","0","0","0","","0","","check_result","activated","2022-03-14 09:13:00"),
("49","49195dd356ec3","195","46","7","1","0","0","0","","CHIZARAM","","CHIME","S/21/0049","$2y$10$mNlDNQVG8X2R0/ZDWpVAhe5hqYGabMwGJopibhZOLIcTQABQnPCHK","zeonglobal","zeonglobal","","2013-01-29","female","Christianity","","","","","","","","","","","","","0","0","0","0","","0","","check_result","activated","2022-03-14 09:14:35"),
("50","50195ea8a0dbc","195","47","7","1","0","0","0","","OGECHUKWU","","CHUKWU","S/21/0050","$2y$10$fSoFcnR9PByvqKoJ2HRGwOR/9hJKcJxLHVzuX.WOGHYg3sRuW9N1S","zeonglobal","zeonglobal","","2013-09-02","female","Christianity","","","","","","","","","","","","","0","0","0","0","","0","","check_result","activated","2022-03-14 09:15:54"),
("51","51195403fb45d","195","48","7","1","0","0","0","","JUSTINA","O","CHUKWUJIKE","S/21/0051","$2y$10$1IU16gmy56ruY58ExHYXIOMwtakTno.XOzgR0XVBcmk70ufGdZiGm","zeonglobal","zeonglobal","","2014-06-30","female","Christianity","","","","","","","","","","new_student","new_student","","0","0","0","0","","0","","check_result","activated","2022-03-14 09:17:40"),
("52","52195dc83b564","195","49","7","1","0","0","0","","MUNACHI","","DAVID","S/21/0052","$2y$10$vU89WPaT2oXWKryPCxsC.eZBlc3JUYf6bxxTyQTmA8t3Tw7pV9wQi","zeonglobal","zeonglobal","","2013-04-02","female","Christianity","","","","","","","","","","","","","0","0","0","0","","0","","check_result","activated","2022-03-14 09:19:07"),
("53","531953cb027dd","195","50","7","1","0","0","0","","CHINAZA","E","EBUBEOGU","S/21/0053","$2y$10$eU431uzS4774pRWXLYTmPe0ZSyKWP1Vou2UHom/eIG0SMvN7Ek5T2","zeonglobal","zeonglobal","","2012-12-08","female","Christianity","","","","","","","","","","","","","0","0","0","0","","0","","check_result","activated","2022-03-14 09:20:46"),
("54","541951300cede","195","51","7","1","0","0","0","","BLESSING","","OCHIN","S/21/0054","$2y$10$sN7gCjbtrA5njvVfQD7UIeyoGNc7/p8v/gnYIg1XWATYquhK5dfCG","zeonglobal","zeonglobal","","2014-01-03","female","Christianity","","","","","","","","","","new_student","new_student","","0","0","0","0","","0","","check_result","activated","2022-03-14 09:44:22"),
("55","5519519d812ea","195","52","7","1","0","0","0","","IFECHIDERE","","OGBODO","S/21/0055","$2y$10$CImOpgwhmvei6K45f3CnLulGyU15KWy928m1JF13cmGosDk07vpJC","zeonglobal","zeonglobal","","2014-01-19","female","Christianity","","","","","","","","","","new_student","new_student","","0","0","0","0","","0","","check_result","activated","2022-03-14 09:45:47"),
("56","56195c4351b9b","195","53","7","1","0","0","0","","CHIKAMSO","","OKECHUKWU","S/21/0056","$2y$10$itT..QuTFQeV8UIvBugB3uDtYrCz.Xom2Xnjv3LfYN9eYucZ8SBSm","zeonglobal","zeonglobal","","2013-08-13","female","Christianity","","","","","","","","","","new_student","new_student","","0","0","0","0","","0","","check_result","activated","2022-03-14 09:47:16"),
("57","571957b1c2714","195","54","7","1","0","0","0","","MARIA","C","OKUMAH","S/21/0057","$2y$10$qsHfNcDxklJNBBdJlL0NQeP3GqOpjHXGg57AbnqeJZYptnLmJnpdm","zeonglobal","zeonglobal","","2013-09-07","female","Christianity","","","","","","","","","","new_student","new_student","","0","0","0","0","","0","","check_result","activated","2022-03-14 09:48:38"),
("58","58195c2b2c0c6","195","55","7","1","0","0","0","","CHIKANYIMA","","ONYIA","S/21/0058","$2y$10$Qpnyn8oVx1ayO3N41AX2y.wVoUhvADEDWNxg6d52Ely9hn1FXJjF.","zeonglobal","zeonglobal","","2013-10-07","female","Christianity","","","","","","","","","","new_student","new_student","","0","0","0","0","","0","","check_result","activated","2022-03-14 09:50:06"),
("59","591952be57d37","195","56","7","1","0","0","0","","CHIKANYIMA","C","ORJI","S/21/0059","$2y$10$FeK3h6SPZkY9uxo89kBJF.YTUQQK7WfYIGUIGTN3RUa0C8v0CxNyG","zeonglobal","zeonglobal","","2013-09-03","female","Christianity","","","","","","","","","","","","","0","0","0","0","","0","","check_result","activated","2022-03-14 09:51:32"),
("60","601951feee1c2","195","57","7","1","0","0","0","","GLORY","C","ROLAND","S/21/0060","$2y$10$WxYoco7.oHeskhEE8OLwEuTqFwIpKhCU/i7G4WWlkkYGjAuG0yb6.","zeonglobal","zeonglobal","","2013-06-13","female","Christianity","","","","","","","","","","","","","0","0","0","0","","0","","check_result","activated","2022-03-14 09:52:52"),
("61","61195edcf7032","195","58","7","1","0","0","0","","CHIKANYIMA","","URAMA","S/21/0061","$2y$10$hfFf6xV83BgVeRrraeUIsuVwQKogd.PG4Hk7mpM.x93J8fme2v/AK","zeonglobal","zeonglobal","","2013-07-06","female","Christianity","","","","","","","","","","","","","0","0","0","0","","0","","check_result","activated","2022-03-14 09:54:25"),
("62","621954d0aadef","195","59","7","2","0","0","0","","LUCAS","C","ANDREW","S/21/0062","$2y$10$W8j6dtEK/ajqK5Z7bmn.A.lxGrqsfftUwWSDHZxhqVlWFvuiH7c4G","zeonglobal","zeonglobal","","2013-07-16","male","Christianity","","","","","","","","","","new_student","new_student","","0","0","0","0","","0","","check_result","activated","2022-03-14 09:56:46"),
("63","631950cfac0ec","195","60","7","2","0","0","0","","IFECHUKWU","","ARNOLD","S/21/0063","$2y$10$jb8DYnnSYZScZ6eiu3pQTOiBeB1.znjX24k80pMMmPHKnQ0jaVj1m","zeonglobal","zeonglobal","","2014-08-07","male","Christianity","","","","","","","","","","new_student","new_student","","0","0","0","0","","0","","check_result","activated","2022-03-14 09:58:31"),
("64","64195c871d9da","195","45","7","2","0","0","0","","JUDE","","CHIBUZO","S/21/0064","$2y$10$ql7t2kjDSIWJuDWOB9pALuoCEQC/gE2ea3q0tngvB.kJkmGfgzaAG","zojude","zojude","","2013-08-03","male","Christianity","","","","","","","","","","new_student","new_student","","0","0","0","0","","0","","check_result","activated","2022-03-14 10:00:16"),
("65","6519527ca1107","195","61","7","2","0","0","0","","CHIDUBEM","","ENEKWE","S/21/0065","$2y$10$3MSK5yarPUGM8nTM/ZyUxeMeC04OWgv8aVzXz/PQmHIGELjr1vxvO","zeonglobal","zeonglobal","","2014-04-20","male","Christianity","","","","","","","","","","new_student","new_student","","0","0","0","0","","0","","check_result","activated","2022-03-14 10:01:33"),
("66","6619589a88598","195","62","7","2","0","0","0","","MELVIN","","EZUMA","S/21/0066","$2y$10$eu/WaG65vtjz.Syl/J2zCuUkdrMMOoJS9EnBHCc8aDnI63DTrqyqK","zeonglobal","zeonglobal","","2013-07-20","male","Christianity","","","","","","","","","","new_student","new_student","","0","0","0","0","","0","","check_result","activated","2022-03-14 10:03:10"),
("67","67195cdc82339","195","63","7","2","0","0","0","","CHUKWUADIKALUM","","IRUKA-IKE","S/21/0067","$2y$10$YdS7dQUwP4HzYQJojFV5VePwd43tc2XGU4u.r8d3H5z1.ob4CqEg.","zeonglobal","zeonglobal","","2013-08-23","male","Christianity","","","","","","","","","","new_student","new_student","","0","0","0","0","","0","","check_result","activated","2022-03-14 10:04:55"),
("68","681951d32a149","195","64","7","2","0","0","0","","SOMTOCHUKWU","","JIDEOFOR","S/21/0068","$2y$10$gketFjc.HMFDaYwAEgzYiufmRHOR1YFxHOwzMpY.hVA70EuN5o292","zeonglobal","zeonglobal","","2013-12-17","male","Christianity","","","","","","","","","","new_student","new_student","","0","0","0","0","","0","","check_result","activated","2022-03-14 10:06:42"),
("69","69195a6652658","195","65","7","2","0","0","0","","CHUKWUBUIKE","","NDUBUISI","S/21/0069","$2y$10$CYrOlrq0N1e/E31iZlmHk.DfCESGixW.0TDyF.4Yo99CYC9xApEmu","zeonglobal","zeonglobal","","2013-11-08","male","Christianity","","","","","","","","","","new_student","new_student","","0","0","0","0","","0","","check_result","activated","2022-03-14 10:08:30"),
("70","701952ce826ec","195","66","7","2","0","0","0","","EKENEDILICHUKWU","F","NGWU","S/21/0070","$2y$10$8zjfQt5VoCaY.ucfoBRtTOJ1.vL5t1ml7cgeV6xlnsHfUq3WFVKde","zeonglobal","zeonglobal","","2013-12-30","male","Christianity","","","","","","","","","","new_student","new_student","","0","0","0","0","","0","","check_result","activated","2022-03-14 10:09:55"),
("71","711959e16292a","195","67","7","2","0","0","0","","WONDER","E","NKWOCHA","S/21/0071","$2y$10$S9bRi0sewRTbiual.ZtnJ.Crxn8mWMIM6UosLIuFZThezV0rldPpC","zeonglobal","zeonglobal","","2013-03-09","male","Christianity","","","","","","","","","","new_student","new_student","","0","0","0","0","","0","","check_result","activated","2022-03-14 10:11:36"),
("72","72195299f2629","195","68","7","2","0","0","0","","MUNACHIMSO","A","OKORAFOR","S/21/0072","$2y$10$bjM2dortlVuL0f.NoV9e..BcWkb2wF01sk5KsYFUjqDSTDXipU9cm","zeonglobal","zeonglobal","","2014-10-27","male","Christianity","","","","","","","","","","new_student","new_student","","0","0","0","0","","0","","check_result","activated","2022-03-14 10:12:54"),
("73","73195ce86ac07","195","69","7","2","0","0","0","","IFECHUKWU","M","OZONWEKE","S/21/0073","$2y$10$MdHMi4cbv3aGnWSB9sTfM.B2puDIVUWO.n52y4FzFslUWQzFS0m5u","zeonglobal","zeonglobal","","2013-12-19","male","Christianity","","","","","","","","","","new_student","new_student","","0","0","0","0","","0","","check_result","activated","2022-03-14 10:14:05"),
("74","741958616d935","195","70","7","2","0","0","0","","DANIEL","C","UGWOKE","S/21/0074","$2y$10$C3lHjXv2XwKp7zyHRALQ8ODHUr2kOL4qpLMZkrqExdtEBbvtRsNWu","zeonglobal","zeonglobal","","2012-06-12","male","Christianity","","","","","","","","","","new_student","new_student","","0","0","0","0","","0","","check_result","activated","2022-03-14 10:15:15"),
("75","7519552251082","195","71","7","2","0","0","0","","NAETOCHUKWU","F","UGWU","S/21/0075","$2y$10$JbTy.SEH6NQo/8PBVLz6LeCbHaXgf11WQ77smrRYqhkp7r/0sHp2y","zeonglobal","zeonglobal","","2013-05-14","male","Christianity","","","","","","","","","","new_student","new_student","","0","0","0","0","","0","","check_result","activated","2022-03-14 10:16:44"),
("76","76195a3c52f66","195","72","7","2","0","0","0","","ADAEZE","","ACHI","S/21/0076","$2y$10$hXZQS7w/fkJNSQoeODEhH.llJ2a2S.pHT4vJOsZFUzgmuj3iHx8My","zeonglobal","zeonglobal","","2014-03-31","female","Christianity","","","","","","","","","","new_student","new_student","","0","0","0","0","","0","","check_result","activated","2022-03-14 10:18:08"),
("77","77195e12a0689","195","1","7","2","0","0","0","","EZINNE","M","AGUJIOBI","S/21/0077","$2y$10$Fy54W6QaqIdw.MkC8nFEvOs7bCfjVgmb2BY8aQDPA5VrT/7IzlmAK","biezinne","biezinne","","2013-08-15","female","Christianity","","","","","","","","","","new_student","new_student","","0","0","0","0","","0","","check_result","activated","2022-03-14 10:19:20"),
("78","781956cd87196","195","73","7","2","0","0","0","","ANDREA","C","ANI","S/21/0078","$2y$10$1V8FkzxhxeMslIjHCckT2ufu3lvoHMve/KgEnmaYp5LiiWrhJTxpK","zeonglobal","zeonglobal","","2013-12-22","female","Christianity","","","","","","","","","","new_student","new_student","","0","0","0","0","","0","","check_result","activated","2022-03-14 10:20:44"),
("79","791956fe67e79","195","33","7","2","0","0","0","","CHIBUSOMA","S","ANIUDE","S/21/0079","$2y$10$/4lXtL7temXqFvZUssZR1..tNaNlS.yJkBzrPZmsdckqwXl4S1k1O","dechibusoma","dechibusoma","","2013-12-08","female","Christianity","","","","","","","","","","new_student","new_student","","0","0","0","0","","0","","check_result","activated","2022-03-14 10:21:20"),
("80","80195a2b31397","195","74","7","2","0","0","0","","ADAOBI","S","CHUKWUBUEZE","S/21/0080","$2y$10$ZS7b6SIJz7sjcE2waQaiwe3R1zftvqEHGbu5LXjY2wbV1P6X8JK.C","zeonglobal","zeonglobal","","2014-08-09","female","Christianity","","","","","","","","","","new_student","new_student","","0","0","0","0","","0","","check_result","activated","2022-03-14 10:23:08"),
("81","81195c2c09e52","195","75","7","2","0","0","0","","CHINWEOTITO","","CHIGBO","S/21/0081","$2y$10$E2HQrMpy4J1uBR1mx22myeIzR4QgGRvEuEto9FZgJd0sbQ13MgOE2","zeonglobal","zeonglobal","","2014-06-07","female","Christianity","","","","","","","","","","new_student","new_student","","0","0","0","0","","0","","check_result","activated","2022-03-14 10:24:54"),
("82","8219515f7e96b","195","76","7","2","0","0","0","","DIVINE","C","ELEKWA","S/21/0082","$2y$10$3Nw9iNgWyAT9tVzp2OfZk./tniP9XVVHVuoBEVSIkeISCBS8xOqe2","zeonglobal","zeonglobal","","2013-09-24","female","Christianity","","","","","","","","","","new_student","new_student","","0","0","0","0","","0","","check_result","activated","2022-03-14 10:26:42"),
("83","831950bca6714","195","77","7","2","0","0","0","","AMARACHUKWU","B","ELUKE","S/21/0083","$2y$10$UriwgKcmdD7XDpZv9IhhyeF5Buq8ZbydAC9Qo2HLEbo0P8UzpJfvy","zeonglobal","zeonglobal","","2013-02-27","female","Christianity","","","","","","","","","","new_student","new_student","","0","0","0","0","","0","","check_result","activated","2022-03-14 10:28:22"),
("84","841955086f97f","195","78","7","2","0","0","0","","ODINAKA","M","EZE","S/21/0084","$2y$10$S7kiNbdm6Ak3IF6yoyG/aOSjHCOPgP4sq6JdbJhijiqAXw3z46A4O","zeonglobal","zeonglobal","","2014-12-12","female","Christianity","","","","","","","","","","new_student","new_student","","0","0","0","0","","0","","check_result","activated","2022-03-14 10:29:45"),
("85","8519584a0eb42","195","79","7","2","0","0","0","","CHIAMAKA","","NKWODIMMA","S/21/0085","$2y$10$lg6XK5NfTvn7v29InEogrulbEls.fxrhWpDQOzPO.9eCiOQfCC6SW","zeonglobal","zeonglobal","","2013-10-11","female","Christianity","","","","","","","","","","new_student","new_student","","0","0","0","0","","0","","check_result","activated","2022-03-14 10:31:24"),
("86","86195d4849c52","195","80","7","2","0","0","0","","STEPHANIE","C","NWANJOKU","S/21/0086","$2y$10$XPF.ygdE8BEvSmyvIIt.OO0tJyj2RfDo3p1rr7VN2EryUytFKFoYG","zeonglobal","zeonglobal","","2013-05-19","female","Christianity","","","","","","","","","","new_student","new_student","","0","0","0","0","","0","","check_result","activated","2022-03-14 10:33:16"),
("87","87195460c2083","195","81","7","2","0","0","0","","KAMSIYO","T","NWOGA","S/21/0087","$2y$10$ivq/h3FzSi0K25LuWEeuS.OTZCRDXhVo6jErd76H6vfvbFXYPd/Py","zeonglobal","zeonglobal","","2013-04-10","female","Christianity","","","","","","","","","","new_student","new_student","","0","0","0","0","","0","","check_result","activated","2022-03-14 10:34:52"),
("88","88195898aa921","195","82","7","2","0","0","0","","CHIKAMSO","M","ONWUDINJO","S/21/0088","$2y$10$CFCH3pFrnrxoWPFrkkv8Wetm5H5u0MAU6HqzBrnzIRtFpMyIYRBIS","zeonglobal","zeonglobal","","2013-11-09","female","Christianity","","","","","","","","","","new_student","new_student","","0","0","0","0","","0","","check_result","activated","2022-03-14 10:36:08"),
("89","8919509922b43","195","83","7","2","0","0","0","","MARY","FRANCIS","ORJI","S/21/0089","$2y$10$yNSfC23jFN2nfrICWp650.oayoroNMMU9ZaiFP/72u2K35MDpfEne","zeonglobal","zeonglobal","","2013-05-28","female","Christianity","","","","","","","","","","new_student","new_student","","0","0","0","0","","0","","check_result","activated","2022-03-14 10:37:45"),
("90","90195418dc2e3","195","16","7","2","0","0","0","","DIVINEGIFT","C","OZOBU","S/21/0090","$2y$10$fFbIrl4JNwj0a35X9f473OZCmILJ9bqkIdw1y0l/zVR28zvimYfR6","budivinegift","budivinegift","","2012-10-08","female","Christianity","","","","","","","","","","new_student","new_student","","0","0","0","0","","0","","check_result","activated","2022-03-14 10:38:29"),
("91","911952a7a6efb","195","73","7","3","0","0","0","","GERALD","S","ANI","S/21/0091","$2y$10$0YwyPm36fCOv/J2sXK7u5.JLJaKavEjZM/0ILDD/FG2AFNkuFqTii","nigerald","nigerald","","2013-12-22","male","Christianity","","","","","","","","","","new_student","new_student","","0","0","0","0","","0","","check_result","activated","2022-03-14 10:42:10"),
("92","92195f0335e3a","195","84","7","3","0","0","0","","DINAOBI","","ADINDE","S/21/0092","$2y$10$HDpC7bj4dikc6gJaEnYLgeOxwFqdPKOMnc8CqqRNo44yL3tlB7oJC","zeonglobal","zeonglobal","","2014-05-01","male","Christianity","","","","","","","","","","new_student","new_student","","0","0","0","0","","0","","check_result","activated","2022-03-14 10:43:30"),
("93","93195b56dd723","195","33","7","3","0","0","0","","GOODLUCK","","ANIUDE","S/21/0093","$2y$10$YIXMLXzD7RV2KyqQRf0CA./duyUHVrp1JoOgwk0RhQ0HBWVdbpkeG","degoodluck","degoodluck","","2013-04-09","male","Christianity","","","","","","","","","","new_student","new_student","","0","0","0","0","","0","","check_result","activated","2022-03-14 10:44:05"),
("94","94195562b4fbd","195","85","7","3","0","0","0","","GOD\'SWILL","","CHIBUEZE","S/21/0094","$2y$10$D/09VK5KqPzYnVQ3jTqi/uy79yYbrXa.KHrbP6M/EbQ4ODZd63Rcq","zeonglobal","zeonglobal","","2012-06-15","male","Christianity","","","","","","","","","","new_student","new_student","","0","0","0","0","","0","","check_result","activated","2022-03-14 10:45:32"),
("95","95195b0ba0f1c","195","86","7","3","0","0","0","","MUNACHI","","CHIJIOKE","S/21/0095","$2y$10$nVZ8OCMwGHgZM7cwbTluUO.04lubG.dRZtAymppptUgRIQDp/0uQW","zeonglobal","zeonglobal","","2013-12-17","male","Christianity","","","","","","","","","","new_student","new_student","","0","0","0","0","","0","","check_result","activated","2022-03-14 10:47:05"),
("96","961957cb92f08","195","87","7","3","0","0","0","","KELVIN","","EGOH-EMMANUEL","S/21/0096","$2y$10$eClr495BfD1m6d2fT6BSgea0uTxYb0INYTtzrLni4RxnBYjtj9CCS","zeonglobal","zeonglobal","","2013-01-30","male","Christianity","","","","","","","","","","new_student","new_student","","0","0","0","0","","0","","check_result","activated","2022-03-14 10:48:38"),
("97","97195ece5c184","195","88","7","3","0","0","0","","ROBINSON","","EJIKE","S/21/0097","$2y$10$bTZBuZxYaTGWX2HZvJz95OkrCDJ80KaNk9dJf21FghVhkia9W6gby","zeonglobal","zeonglobal","","2013-02-01","male","Christianity","","","","","","","","","","new_student","new_student","","0","0","0","0","","0","","check_result","activated","2022-03-14 10:50:13"),
("98","98195f4b6d166","195","89","7","3","0","0","0","","FRANCIS","","EKWUEME","S/21/0098","$2y$10$4pkz5mgeTiPVgYBIe2QP/OeVMk4RoagZxWqphlhd2Ct0m522GPuzK","zeonglobal","zeonglobal","","2013-10-24","male","Christianity","","","","","","","","","","new_student","new_student","","0","0","0","0","","0","","check_result","activated","2022-03-14 10:51:45"),
("99","991953bdb46b4","195","90","7","3","0","0","0","","CHIBUEZE","","IFEM","S/21/0099","$2y$10$V8clopXTP348d25D.5CoH.z/b0k8UUO01mnJKjxq.4aKdbLgwSogy","zeonglobal","zeonglobal","","2012-12-14","male","Christianity","","","","","","","","","","new_student","new_student","","0","0","0","0","","0","","check_result","activated","2022-03-14 10:53:15"),
("100","100195ed1d4464","195","91","7","3","0","0","0","","OSCAR","","OBE","S/21/0100","$2y$10$wsHQBOZbfFTnBnR4HshF6e.hqdpWolLcSoUugAfnhiRSZQYh6et5C","zeonglobal","zeonglobal","","2014-06-07","male","Christianity","","","","","","","","","","new_student","new_student","","0","0","0","0","","0","","check_result","activated","2022-03-14 10:54:29");
INSERT INTO students VALUES
("101","1011951da27d61","195","92","7","3","0","0","0","","CHIAGOZIE","","OGBODO","S/21/0101","$2y$10$37.mK/sfRLm/dsO.wV53V.1SfGlaJ46OifNvkE1DIEc0P7NRoE//u","zeonglobal","zeonglobal","","2012-10-27","male","Christianity","","","","","","","","","","new_student","new_student","","0","0","0","0","","0","","check_result","activated","2022-03-14 10:55:55"),
("102","10219545891bcb","195","93","7","3","0","0","0","","JOHN","","OGBUKE","S/21/0102","$2y$10$ephF6cOU7SlfUACgSwhZPe4ijjhjTJ6HqICG9FqeKeQpz0gpvV7jq","zeonglobal","zeonglobal","","2013-06-28","male","Christianity","","","","","","","","","","new_student","new_student","","0","0","0","0","","0","","check_result","activated","2022-03-14 10:57:18"),
("103","1031953e7bf876","195","94","7","3","0","0","0","","MERCY","","UGWU","S/21/0103","$2y$10$PTJKnp92FVIbkrLqtMEl/e4qZxeVeprQPSpPXhPnAbnDShboF6L6O","zeonglobal","zeonglobal","","2013-10-22","female","Christianity","","","","","","","","","","new_student","new_student","","0","0","0","0","","0","","check_result","activated","2022-03-14 10:58:45"),
("104","1041958cf2aa57","195","95","7","3","0","0","0","","OLIVIA","","URAMA","S/21/0104","$2y$10$6rKi27Hppn.ywX4t7iN8gO8NH2aAeQTMPRLL0ZTrkWRu.krSgaoJi","zeonglobal","zeonglobal","","2014-03-04","female","Christianity","","","","","","","","","","new_student","new_student","","0","0","0","0","","0","","check_result","activated","2022-03-14 11:00:19"),
("105","105195b8caa22c","195","96","7","3","0","0","0","","JERIMIAH","","OKONKWO","S/21/0105","$2y$10$CVwdSnOYXG7vTLgUSNSUN.uIIaoMr7AOkveTMHhhBojW7kdVf9EKi","zeonglobal","zeonglobal","","2013-01-25","male","Christianity","","","","","","","","","","new_student","new_student","","0","0","0","0","","0","","check_result","activated","2022-03-14 11:05:21"),
("106","106195c7c62bf6","195","97","7","3","0","0","0","","UCHE","","NDU","S/21/0106","$2y$10$DsQXMNoUASKK8XsArK32IOAt2gIajGU6BksiRCLK4WhL6EVvuHenm","zeonglobal","zeonglobal","","2013-06-10","male","Christianity","","","","","","","","","","new_student","new_student","","0","0","0","0","","0","","check_result","activated","2022-03-14 11:07:23"),
("107","1071954dbb006d","195","98","7","3","0","0","0","","FESTUS","","NNAJIOFOR","S/21/0107","$2y$10$xrswONvUf7VYrHmA.2wejeHpyumcSU9Ozy/vqUSu40HswTiyl1n1K","zeonglobal","zeonglobal","","2013-05-13","male","Christianity","","","","","","","","","","new_student","new_student","","0","0","0","0","","0","","check_result","activated","2022-03-14 11:08:54"),
("108","10819565738102","195","99","7","3","0","0","0","","D","","CHEKWUBE","S/21/0108","$2y$10$GI/VP8.2qnc662EpIsXyB.PCUx7pvRlIHPR1zD4Kk36kyzezrBC2m","zeonglobal","zeonglobal","","2014-06-12","male","Christianity","","","","","","","","","","new_student","new_student","","0","0","0","0","","0","","check_result","activated","2022-03-14 11:10:34"),
("109","109195b6d1bbb8","195","100","7","3","0","0","0","","CHRISTABEL","","CHIME","S/21/0109","$2y$10$lABiNNVaHWcjOUX3z3EpBO4Z5e.v/2q4GLNu34Yk0LG.QqQDy.m0i","zeonglobal","zeonglobal","","2013-09-17","female","Christianity","","","","","","","","","","new_student","new_student","","0","0","0","0","","0","","check_result","activated","2022-03-14 11:12:02"),
("110","11019519cb6bf1","195","101","7","3","0","0","0","","CLAIRE","","EZE","S/21/0110","$2y$10$LkqdgwtmZ51RbRQm7ba00u80qvWvfNcn7QJ.OYdzGWO22Z9r8hZXK","zeonglobal","zeonglobal","","2013-08-23","female","Christianity","","","","","","","","","","new_student","new_student","","0","0","0","0","","0","","check_result","activated","2022-03-14 11:13:30"),
("111","111195b44a115c","195","102","7","3","0","0","0","","SUCCESS","","EZEAKOR","S/21/0111","$2y$10$Mku5..awUuH8JfQojyr3tuTQAo9eBqNbfWzYxIcEvaLivMieo0UxG","zeonglobal","zeonglobal","","2013-01-28","female","Christianity","","","","","","","","","","new_student","new_student","","0","0","0","0","","0","","check_result","activated","2022-03-14 11:15:19"),
("112","11219586222c88","195","103","7","3","0","0","0","","STEPHANIE","","NGWU","S/21/0112","$2y$10$.ZidOjOoV94yVnb/NqCG3.bXOpOCTN9G2BWgq4N/loSKj3z6xG0SC","zeonglobal","zeonglobal","","2013-02-07","female","Christianity","","","","","","","","","","new_student","new_student","","0","0","0","0","","0","","check_result","activated","2022-03-14 11:16:55"),
("113","1131955ffa52e1","195","104","7","3","0","0","0","","COLLETE","","ODOH","S/21/0113","$2y$10$e8qAOM3pQ/h2Pq.3QqI/Kutmo2ZIIVwLdLZORVrsScwf28Jqif6d6","zeonglobal","zeonglobal","","2013-02-07","female","Christianity","","","","","","","","","","new_student","new_student","","0","0","0","0","","0","","check_result","activated","2022-03-14 11:18:26"),
("114","114195a8006411","195","51","7","3","0","0","0","","DIVINEFAVOUR","","OCHIN","S/21/0114","$2y$10$EmKWQ.oMaNRVk21MHgTL2Ov0KzJNUNiYiJd/bm1itw7GinFU5Lbti","indivinefavour","indivinefavour","","2014-01-03","female","Christianity","","","","","","","","","","new_student","new_student","","0","0","0","0","","0","","check_result","activated","2022-03-14 11:19:04"),
("115","115195037ab4ae","195","105","7","3","0","0","0","","NNEOMA","","OKORO","S/21/0115","$2y$10$iguunpfvSgUDAQ983QsO9OBwogypm.fh0qoFy2PydN4zcKHMEiwIi","zeonglobal","zeonglobal","","2013-03-10","female","Christianity","","","","","","","","","","new_student","new_student","","0","0","0","0","","0","","check_result","activated","2022-03-14 11:20:31"),
("116","1161950872fad5","195","29","7","3","0","0","0","","NNEMSO","","OKONKWO","S/21/0116","$2y$10$gaJ2z29nL18/SNeiwAG6wODpaWkqmiRAdq5LlRSxbqpVWCMN/uDC6","wonnemso","wonnemso","","2013-05-14","female","Christianity","","","","","","","","","","new_student","new_student","","0","0","0","0","","0","","check_result","activated","2022-03-14 11:22:10"),
("117","117195bae1cb76","195","106","7","3","0","0","0","","MMESO","","ONWUSIRI","S/21/0117","$2y$10$57dEUthlbOvdP3YKfPR35uQhTDs6z3xpaCPRtGtZ.s6ezAnEMSdAK","zeonglobal","zeonglobal","","2013-05-14","female","Christianity","","","","","","","","","","new_student","new_student","","0","0","0","0","","0","","check_result","activated","2022-03-14 11:23:46"),
("118","1181954fcea02e","195","107","7","3","0","0","0","","KAIRA","","OZOUGWU","S/21/0118","$2y$10$c3NJ.IdlWSf1mG85pyGO8e6Q2pzbw2Dj9biSEhPRkHpbWn1LQYAHq","zeonglobal","zeonglobal","","2013-09-26","female","Christianity","","","","","","","","","PARENT","new_student","new_student","","0","0","0","0","","0","","check_result","activated","2022-03-14 11:25:00"),
("119","11919505abf8f8","195","108","7","3","0","0","0","","CLAIRE","","EKWUEME","S/21/0119","$2y$10$gT3U0re3rN2OiofDkiQo3.hVmzxwlgpTeqF0cLWxZVoOrgYLdKnfK","zeonglobal","zeonglobal","","2014-10-24","female","Christianity","","","","","","","","","","new_student","new_student","","0","0","0","0","","0","","check_result","activated","2022-03-14 11:29:15"),
("120","1201953c02ddec","195","109","8","4","0","0","0","","THANKGOD","","ABU","S/21/0120","$2y$10$bYe9ZdEMPsptMlVjrhF9O.J45CuEoqjc7mCD2XDw0XROPVFJh.rLu","zeonglobal","zeonglobal","","2012-04-07","male","Christianity","","","","","","","","","","new_student","new_student","","0","0","0","0","","0","","check_result","activated","2022-03-14 12:00:09"),
("121","121195318b59ea","195","110","8","4","0","0","0","","EMMANUEL","","ADEJUMO","S/21/0121","$2y$10$8qHvYKA94liCtc.Pl2e82eyMtTdVBdgjkAPRojecB.xtUkRFE.bdO","zeonglobal","zeonglobal","","2012-12-20","male","Christianity","","","","","","","","","","new_student","new_student","","0","0","0","0","","0","","check_result","activated","2022-03-14 12:01:28"),
("122","1221957823ce67","195","111","8","4","0","0","0","","CHIDIEBUBE","","AKA","S/21/0122","$2y$10$aBvRuxaM32/YXZA9OLY93egovg9EmJLpfZH2bsFmHxN3tohpebYoi","zeonglobal","zeonglobal","","2012-05-02","male","Christianity","","","","","","","","","","new_student","new_student","","0","0","0","0","","0","","check_result","activated","2022-03-14 12:03:06"),
("123","1231950aa9397d","195","112","8","4","0","0","0","","IFECHUKWU","","ANIEBONBAM","S/21/0123","$2y$10$hKDMltxX6TbT3wjYPOLTr.sCyaY0mGDrWCRkDNvLpQ67cCrAnmwAG","zeonglobal","zeonglobal","","2012-03-06","male","Christianity","","","","","","","","","","new_student","new_student","","0","0","0","0","","0","","check_result","activated","2022-03-14 12:04:31"),
("124","1241958923f067","195","113","8","4","0","0","0","","ALEX","","ANIGBOGU","S/21/0124","$2y$10$Yf7Rn.69fMcSki0SpBXk/u1b3/7zUFqROifKcyrBs9c6dhEONOpOe","zeonglobal","zeonglobal","","2012-06-22","male","Christianity","","","","","","","","","","new_student","new_student","","0","0","0","0","","0","","check_result","activated","2022-03-14 12:06:05"),
("125","1251955e64b366","195","87","8","4","0","0","0","","EMMANUEL","","EGOH","S/21/0125","$2y$10$SokG.2efytUAPkEr2.m/Eee9VUykHczwISZPh0E/B2RNKMRrS.zum","ohemmanuel","ohemmanuel","","2011-01-30","male","Christianity","","","","","","","","","","new_student","new_student","","0","0","0","0","","0","","check_result","activated","2022-03-14 12:07:51"),
("126","126195007275d8","195","114","8","4","0","0","0","","KASINMMA","","EZEANI","S/21/0126","$2y$10$fhWIJzVpRiwt0afGrK7CIeUK7UW9KV6pC9sL7/ojBmhucdWoxm8Ri","zeonglobal","zeonglobal","","2012-03-18","male","Christianity","","","","","","","","","","new_student","new_student","","0","0","0","0","","0","","check_result","activated","2022-03-14 12:09:09"),
("127","127195f1e272a6","195","115","8","4","0","0","0","","CHIGOZIE","","OGBU","S/21/0127","$2y$10$.qowCE3DalaVYa1z5drZI.kc2jf0.T3YUHUXhZt7u/sXd1SLl7O46","zeonglobal","zeonglobal","","2012-09-11","male","Christianity","","","","","","","","","","new_student","new_student","","0","0","0","0","","0","","check_result","activated","2022-03-14 12:10:09"),
("128","1281959fd3e24e","195","116","8","4","0","0","0","","FRANCIS","","NNAJIOFOR","S/21/0128","$2y$10$JzRTcUYXZbl6L/t40VK9HeQB0F9DlHfLEzv8uqr/2lJBRjMYZtS5W","zeonglobal","zeonglobal","","2011-09-01","male","Christianity","","","","","","","","","","new_student","new_student","","0","0","0","0","","0","","check_result","activated","2022-03-14 12:11:34"),
("129","129195737778e6","195","117","8","4","0","0","0","","MUNANCHIMSO","","UDERI","S/21/0129","$2y$10$VXVfOUUS7n/p2jrcgbqOaewgJsBm/oT2IvLbbeLTUU.IJOQ6Kxnwi","zeonglobal","zeonglobal","","2013-10-19","male","Christianity","","","","","","","","","","new_student","new_student","","0","0","0","0","","0","","check_result","activated","2022-03-14 12:12:51"),
("130","130195ffb877f2","195","118","8","4","0","0","0","","AKACHUKWU","","OSASAI","S/21/0130","$2y$10$0TwQzd3LD/hg4VdbVQVjjei5Ox6gHsE8/8W4SW.9e10HJUxzyapfy","zeonglobal","zeonglobal","","2012-11-07","male","Christianity","","","","","","","","","","new_student","new_student","","0","0","0","0","","0","","check_result","activated","2022-03-14 12:14:15"),
("131","1311956e491252","195","119","8","4","0","0","0","","CHIDUBEM","","UGWUANYI","S/21/0131","$2y$10$FH0Kbr62xrpC47BuzaQIlOgqbIf1pUQow9G7QWeIVF7vu9LX0QFJi","zeonglobal","zeonglobal","","2012-06-30","male","Christianity","","","","","","","","","","new_student","new_student","","0","0","0","0","","0","","check_result","activated","2022-03-14 12:16:09"),
("132","1321952598bd2e","195","120","8","4","0","0","0","","PRECIOUS","","ATU","S/21/0132","$2y$10$XFv9VEQN75OvwthoIRJqIOwVJvlpztOdkWvvsCIq32EC/nDOnRywi","zeonglobal","zeonglobal","","2012-03-07","male","Christianity","","","","","","","","","","new_student","new_student","","0","0","0","0","","0","","check_result","activated","2022-03-14 12:17:19"),
("133","133195d08f1af6","195","121","8","4","0","0","0","","SOMTO","","CHINWETALU","S/21/0133","$2y$10$eH0fyGrZcp5e3HEZv8oOx.GtWl.M/eqks09k21KWX2V6Ap781Nh3u","zeonglobal","zeonglobal","","2012-06-22","male","Christianity","","","","","","","","","","new_student","new_student","","0","0","0","0","","0","","check_result","activated","2022-03-14 12:18:25"),
("134","134195a0435149","195","122","8","4","0","0","0","","ANNA","","EMBUGUS","S/21/0134","$2y$10$cw6qBHOvZW7IoxDnNL7vd.YZ3ievNxdN7CBPSsUrQS5jdHePMBSRS","zeonglobal","zeonglobal","","2012-08-16","female","Christianity","","","","","","","","","","new_student","new_student","","0","0","0","0","","0","","check_result","activated","2022-03-14 12:20:02"),
("135","1351950bf06c5e","195","123","8","4","0","0","0","","CHIDALU","","EMEKA","S/21/0135","$2y$10$IKJFx2qOKug8w6qlrek2Wuh/MFc39k/DziftFf2eF2MpO2ddgIRgm","zeonglobal","zeonglobal","","2012-05-25","female","Christianity","","","","","","","","","","new_student","new_student","","0","0","0","0","","0","","check_result","activated","2022-03-14 12:21:13"),
("136","1361952c195a78","195","124","8","4","0","0","0","","CHIDINMA","","IGBOEGWU","S/21/0136","$2y$10$IoH8aCn3MfonEtHJcXo.4.keK9BJJ5K0qiNUikfPJ4t/IbRO.0U2y","zeonglobal","zeonglobal","","2012-10-13","female","Christianity","","","","","","","","","","new_student","new_student","","0","0","0","0","","0","","check_result","activated","2022-03-14 12:23:12"),
("137","1371959bf1f825","195","125","8","4","0","0","0","","CHINECHEREM","","OBINNA","S/21/0137","$2y$10$drxBVP/DCODHWGlXmG41OO4Atx1yfiExZh/OKkd6sfAPS5xwIGLZC","zeonglobal","zeonglobal","","2012-10-09","female","Christianity","","","","","","","","","","new_student","new_student","","0","0","0","0","","0","","check_result","activated","2022-03-14 12:24:40"),
("138","138195e79fb343","195","126","8","4","0","0","0","","CHINONSO","","OGOCHUKWU","S/21/0138","$2y$10$gdF0047KqvdUl8ORFda4F.99BTeeD/lnDNrWB/rWu8hGu7sB5hhey","zeonglobal","zeonglobal","","2010-12-25","female","Christianity","","","","","","","","","","new_student","new_student","","0","0","0","0","","0","","check_result","activated","2022-03-14 12:26:06"),
("139","139195c6354884","195","127","8","4","0","0","0","","TONIA","CHIMDI","OJIH","S/21/0139","$2y$10$Vi0yKKZJ5L8WbA5.cS3.1erUxou.tkCew7KnhxetT20ITmsZog7Fa","zeonglobal","zeonglobal","","2012-06-12","female","Christianity","","","","","","","","","","new_student","new_student","","0","0","0","0","","0","","check_result","activated","2022-03-14 12:27:35"),
("140","140195d3e04aba","195","128","8","4","0","0","0","","ZITA","MARY","OJUKWU","S/21/0140","$2y$10$aAjXcFxbmrDcnVQzFjBFXee5T2kYhigqYkE27emLVZRzYRa7uuNvC","zeonglobal","zeonglobal","","2012-05-09","female","Christianity","","","","","","","","","","new_student","new_student","","0","0","0","0","","0","","check_result","activated","2022-03-14 12:28:57"),
("141","141195a2980867","195","129","8","4","0","0","0","","CHIDALU","V","OTUKWU","S/21/0141","$2y$10$nOiVkBXQiCcuATwasEIOuum1zMK1PWJikyr.KroDNkYWzlgph1NXq","zeonglobal","zeonglobal","","2011-09-30","female","Christianity","","","","","","","","","","new_student","new_student","","0","0","0","0","","0","","check_result","activated","2022-03-14 12:32:05"),
("142","142195e1d4623f","195","130","8","4","0","0","0","","CHIEGOSIGO","","UJAH","S/21/0142","$2y$10$wVPFHyQaTBTrGVCzwUXbYu6xSI//oeBDtvLTrzJPeheWL8aI3x1Fy","zeonglobal","zeonglobal","","2012-12-01","female","Christianity","","","","","","","","","","new_student","new_student","","0","0","0","0","","0","","check_result","activated","2022-03-14 12:33:11"),
("143","143195e2d65e68","195","131","8","4","0","0","0","","KAITO","","TONY-NZE","S/21/0143","$2y$10$MhqkdoqO7pHj6B34o7hQAuDb8ZgnEVdZzb0lTCaG7wYSDVAfm9M3e","zeonglobal","zeonglobal","","2012-09-25","female","Christianity","","","","","","","","","","new_student","new_student","","0","0","0","0","","0","","check_result","activated","2022-03-14 12:34:33"),
("144","144195ae14d327","195","132","8","4","0","0","0","","EZEAGU","","EZEAGU","S/21/0144","$2y$10$yxZixdYci3.mfB.aKC3veOXOZaSphFCUexaDVAirJ0gtzq.Qqptl2","zeonglobal","zeonglobal","","2012-01-08","male","Christianity","","","","","","","","","","new_student","new_student","","0","0","0","0","","0","","check_result","activated","2022-03-14 12:35:53"),
("145","1451954537a2df","195","133","1","17","0","0","0","","JASON","DUMKENE","ESOMONU","S/21/0145","$2y$10$z3ZikIc9Lw99WN110/7jSO0JN8STB9pwbr4e5Ih3mj52eVQauXl.m","zeonglobal","zeonglobal","","2019-05-09","male","Christianity","","","","","","","","","PARENT","","","","0","0","0","0","","0","","check_result","activated","2022-03-14 12:36:36"),
("146","146195ecc2768a","195","134","8","5","0","0","0","","EMMA","","OKENYI","S/21/0146","$2y$10$AOQwswku.NaBBrbOPok9suqEdrjDXaJvH79wUanhNZurdSPn1ANv.","zeonglobal","zeonglobal","","2012-06-30","male","Christianity","","","","","","","","","","new_student","new_student","","0","0","0","0","","0","","check_result","activated","2022-03-14 12:38:16"),
("147","147195e4ea772f","195","135","8","5","0","0","0","","CHIMERE","","AMOBI","S/21/0147","$2y$10$Fb35JMZwo1aNAdOKRGdIC.DQ8EQde3Z0KNX0UkDp8HNBmfKOiEOHu","zeonglobal","zeonglobal","","2013-01-06","male","Christianity","","","","","","","","","","new_student","new_student","","0","0","0","0","","0","","check_result","activated","2022-03-14 12:39:35"),
("148","1481950aa68046","195","50","8","5","0","0","0","","MICHELLE","C","ENE","S/21/0148","$2y$10$.XIBpSSPc3OAvjEJZv1.XeadRV.suD2atfgjMb.yhKY35X8dCe3P.","nemichelle","nemichelle","","2012-07-21","female","Christianity","","","","","","","","","","new_student","new_student","","0","0","0","0","","0","","check_result","activated","2022-03-14 12:40:18"),
("149","149195467f07df","195","136","8","5","0","0","0","","CHIZITERAM","","OGBOZOR","S/21/0149","$2y$10$fG2bxViwbV3G5JrJRZ7oJeOdcdcHTKhcdoQ.l8pwXOrp..ST4nFW.","zeonglobal","zeonglobal","","2012-04-12","female","Christianity","","","","","","","","","","new_student","new_student","","0","0","0","0","","0","","check_result","activated","2022-03-14 12:41:52"),
("150","150195ea0fd6b1","195","137","1","17","0","0","0","","EBUBECHUKWU","","UGWUANYI","S/21/0150","$2y$10$PwMzTLtA01b9U0u0cqlWNuTVnHoHAi./c.HYRa.YUOf0JajsPX7IK","zeonglobal","zeonglobal","","2019-05-13","female","Christianity","","","","","","","","","PARENT","","","","0","0","0","0","","0","","check_result","activated","2022-03-14 12:41:55"),
("151","1511958f5545e2","195","138","8","5","0","0","0","","CHIMZULUM","","UCHENOME","S/21/0151","$2y$10$SLd6fpkXoCH0huHvhNLPcOJMu/qUFXtaTi.V547Xm7KAiLlEYLKjG","zeonglobal","zeonglobal","","2012-04-13","female","Christianity","","","","","","","","","","new_student","new_student","","0","0","0","0","","0","","check_result","activated","2022-03-14 12:43:30"),
("152","1521953273291e","195","139","8","5","0","0","0","","MUNACHIMSO","","ENEH","S/21/0152","$2y$10$xwoOPz.g8C2tcOlWrwhq7OOkuTXL6I8PhBdkLulDZIhDqZqJB6rx2","zeonglobal","zeonglobal","","2012-03-14","female","Christianity","","","","","","","","","","new_student","new_student","","0","0","0","0","","0","","check_result","activated","2022-03-14 12:44:43"),
("153","1531951cd5c72f","195","140","8","5","0","0","0","","BETHEL","","NWAGBARA","S/21/0153","$2y$10$ZiPDL7kVzdIQnNScEqtCWeSNMnpmlYLPiwXA0Cffyoif3aZWAZ3xi","zeonglobal","zeonglobal","","2012-11-05","male","Christianity","","","","","","","","","","new_student","new_student","","0","0","0","0","","0","","check_result","activated","2022-03-14 12:46:08"),
("154","154195c9b4d90b","195","43","8","5","0","0","0","","CHIMAMANDA","","EDE","S/21/0154","$2y$10$wARpP6edjCztrJ7AizJQI.SpNy5XJXyHMSNbaT0iZbJIKVYfh.OPG","dechimamanda","dechimamanda","","2011-11-05","female","Christianity","","","","","","","","","","new_student","new_student","","0","0","0","0","","0","","check_result","activated","2022-03-14 12:47:48"),
("155","15519539a43c0d","195","141","8","5","0","0","0","","GOD\'SWILL","","AGU","S/21/0155","$2y$10$aaPhw0Fa4n26nbCvNJ6Dq.xLSF2ERx0vDzn0IKj7qjW0eMSKEvLum","zeonglobal","zeonglobal","","2013-04-14","male","Christianity","","","","","","","","","","new_student","new_student","","0","0","0","0","","0","","check_result","activated","2022-03-14 12:48:58"),
("156","1561954ec74df7","195","142","8","5","0","0","0","","CHUKWUNETUGO","","OKE","S/21/0156","$2y$10$yV8qYjrbu3GQZ2Nn0sVtGOlQHMREYtHP554c6EQbWAkhFQv3uZzaG","zeonglobal","zeonglobal","","2012-05-16","male","Christianity","","","","","","","","","","new_student","new_student","","0","0","0","0","","0","","check_result","activated","2022-03-14 12:50:31"),
("157","157195546167a4","195","143","8","5","0","0","0","","EBUKA","","OKE","S/21/0157","$2y$10$mD/pyQf2WNWP52AFGAqoD.HU6c3PRPM9ANP2uK6QHsSyD9BctVc2e","zeonglobal","zeonglobal","","2011-09-21","male","Christianity","","","","","","","","","","new_student","new_student","","0","0","0","0","","0","","check_result","activated","2022-03-14 12:52:02"),
("158","158195f89cf140","195","144","8","5","0","0","0","","CHINONSO","","IKPEZE","S/21/0158","$2y$10$XKAr61feGt71yBopb6hPOeGvUYrOUABFCrIj9nV5geDuqYI8AXVeO","zeonglobal","zeonglobal","","2012-01-27","male","Christianity","","","","","","","","","","new_student","new_student","","0","0","0","0","","0","","check_result","activated","2022-03-14 12:53:35"),
("159","1591959309f53f","195","145","8","5","0","0","0","","STEPHANIE","","MOLOKWU","S/21/0159","$2y$10$3B1uM81lj0VkNpk0pGo3yO0lQMdZ1Sl0pI0oLGIrqq9vP1V8iEYrm","zeonglobal","zeonglobal","","2012-10-13","female","Christianity","","","","","","","","","","new_student","new_student","","0","0","0","0","","0","","check_result","activated","2022-03-14 12:54:54"),
("160","160195184a0ce1","195","146","8","5","0","0","0","","KAOSISO","","EKWO","S/21/0160","$2y$10$2JGRgq9UahJEt8NyYKsfTednB/tQZOVIRIPG60BtzOr/54kSqmpWm","zeonglobal","zeonglobal","","2012-05-19","female","Christianity","","","","","","","","","","new_student","new_student","","0","0","0","0","","0","","check_result","activated","2022-03-14 12:57:02"),
("161","161195b59354fa","195","147","8","5","0","0","0","","SOPHIA","","EKWO","S/21/0161","$2y$10$71PAcLDvoYcKomVWDozTBOwNIwtl8Sajx61wcaHN6UbRrxHvCfs0u","zeonglobal","zeonglobal","","2012-07-15","female","Christianity","","","","","","","","","","new_student","new_student","","0","0","0","0","","0","","check_result","activated","2022-03-14 12:58:17"),
("162","1621952f60ba51","195","148","8","5","0","0","0","","GRACE","","NWEKE","S/21/0162","$2y$10$EA.jz.DnpdGj/2dxhxnKuOokXNVwmx8mOO7xCT0mHSj7PiQyVwtBe","zeonglobal","zeonglobal","","2012-04-29","female","Christianity","","","","","","","","","","new_student","new_student","","0","0","0","0","","0","","check_result","activated","2022-03-14 13:00:01"),
("163","16319584194980","195","149","8","5","0","0","0","","KAMSI","","ONYIA","S/21/0163","$2y$10$CZW1zC9jhIjCLFUvv8yVD.EukmsYLkCNm8AovojUh56vsA7RzRy9y","zeonglobal","zeonglobal","","2013-04-28","female","Christianity","","","","","","","","","","new_student","new_student","","0","0","0","0","","0","","check_result","activated","2022-03-14 13:01:14"),
("164","16419505643018","195","150","8","5","0","0","0","","KASIMMA","","UGWOTI","S/21/0164","$2y$10$G/vO.w86iLa3t0x88doCL.jjIHc//E2d9pvfhbosoehSi9kFvUAEy","zeonglobal","zeonglobal","","2013-10-07","female","Christianity","","","","","","","","","","new_student","new_student","","0","0","0","0","","0","","check_result","activated","2022-03-14 13:02:30"),
("165","1651952f200748","195","3","8","5","0","0","0","","BRYANT","","EJIKEME","S/21/0165","$2y$10$R..JzxCJWEhKwmofNC0GmeLhYQYw3wtdP6se8GZub2SLYe8wiJFqO","mebryant","mebryant","","2013-01-17","male","Christianity","","","","","","","","","","new_student","new_student","","0","0","0","0","","0","","check_result","activated","2022-03-14 13:04:11"),
("166","16619564d7c979","195","151","8","5","0","0","0","","EMMA","","NWACHUKWU","S/21/0166","$2y$10$SQeRRgDf4vIwwuNZsQtVh.fEJF.fthtVNUUYi8AmTwIqA13Ub3FOe","zeonglobal","zeonglobal","","2012-03-12","female","Christianity","","","","","","","","","","new_student","new_student","","0","0","0","0","","0","","check_result","activated","2022-03-14 13:05:36"),
("167","167195ae96deb6","195","152","8","5","0","0","0","","SHALOM","","ACHIFE","S/21/0167","$2y$10$NTYWXNZQ.b2z6EZQsY1Fqer/lhEYCFtg47vvWQ5fGgj80wEj.TBhK","zeonglobal","zeonglobal","","2012-05-06","female","Christianity","","","","","","","","","","new_student","new_student","","0","0","0","0","","0","","check_result","activated","2022-03-14 13:06:43"),
("168","168195309b5d1b","195","153","8","5","0","0","0","","IFECHUKWU","","ORIAKU","S/21/0168","$2y$10$LhAhG7Yi/sUD6ZzVNmXSAuJpAJGuy0XOpaz8NDS8NlmHPNTg50fXK","zeonglobal","zeonglobal","","2013-05-26","male","Christianity","","","","","","","","","","new_student","new_student","","0","0","0","0","","0","","check_result","activated","2022-03-14 13:08:14"),
("169","1691959771cf46","195","154","8","5","0","0","0","","DIVINEFAVOUR","","UGWUOKE","S/21/0169","$2y$10$Yr0EC7h7EarjCpO8ePn1JuACmd2vFDjBZtaXWJ2STB5AxkEomP5vu","zeonglobal","zeonglobal","","2012-09-17","female","Christianity","","","","","","","","","","new_student","new_student","","0","0","0","0","","0","","check_result","activated","2022-03-14 13:09:46"),
("170","1701955aa9cfcb","195","155","8","5","0","0","0","","CHINETA","","NZEKWE","S/21/0170","$2y$10$EQyIe/BsYItHeNIJiG4f3.RhKzHeZklAsj25QMlq/uQ8LrtpeI.KC","zeonglobal","zeonglobal","","2011-04-20","female","Christianity","","","","","","","","","","new_student","new_student","","0","0","0","0","","0","","check_result","activated","2022-03-14 13:10:55"),
("171","171195330f1654","195","48","8","5","0","0","0","","VICTOR","","CHUKWUJIKE","S/21/0171","$2y$10$h2XqADfZg6H4c4DRurockeAc9kbd5/gLPwV5ijy2FqEtcZJ3a1O/K","kevictor","kevictor","","2013-03-11","male","Christianity","","","","","","","","","","new_student","new_student","","0","0","0","0","","0","","check_result","activated","2022-03-14 13:11:31"),
("172","1721953f58d41f","195","156","8","5","0","0","0","","NKECHUKWU","","ANIUDE","S/21/0172","$2y$10$9Eg0uyY5mwqEO3iO4FLRse4zg7h/PMuQRvxTqlrply3qexEF0kqUW","zeonglobal","zeonglobal","","2011-11-11","male","Christianity","","","","","","","","","","new_student","new_student","","0","0","0","0","","0","","check_result","activated","2022-03-14 13:13:42"),
("173","173195e0520ef0","195","157","8","6","0","0","0","","VICTOR","","ADONU","S/21/0173","$2y$10$m3yST5Xp2STZ5gcyAUaxE.lzP4SuuFG5M7qUyiB90G7zcUQz/fWyC","zeonglobal","zeonglobal","","2012-10-10","male","Christianity","","","","","","","","","","new_student","new_student","","0","0","0","0","","0","","check_result","activated","2022-03-14 14:11:53"),
("174","174195469750a0","195","158","8","6","0","0","0","","VICTOR","","AGUJIOBI","S/21/0174","$2y$10$jpMLtEtQkKrRFR7u5mFicu/IydAaUOC12xCdacSbicZGK2sjhGGi2","zeonglobal","zeonglobal","","2012-02-23","male","Christianity","","","","","","","","","","new_student","new_student","","0","0","0","0","","0","","check_result","activated","2022-03-14 14:13:34"),
("175","175195142d24a9","195","159","8","6","0","0","0","","CHIMDALU","","AMALU","S/21/0175","$2y$10$nMuIGT7tTP33zltUzEELEuFc15afkTpmL4ez12ZDRZuiv0Qsg6n.W","zeonglobal","zeonglobal","","2011-08-30","male","Christianity","","","","","","","","","","new_student","new_student","","0","0","0","0","","0","","check_result","activated","2022-03-14 14:14:49"),
("176","17619555bf286d","195","160","8","6","0","0","0","","VICTOR","","ANAGUONYE","S/21/0176","$2y$10$uBaMpwCSUY9ASUFRKILLHOYYtpIEpRVUp8io69xybPmWdnEtcuUSy","zeonglobal","zeonglobal","","2012-10-29","male","Christianity","","","","","","","","","","new_student","new_student","","0","0","0","0","","0","","check_result","activated","2022-03-14 14:16:13"),
("177","177195c3630ee5","195","161","8","6","0","0","0","","KENE","","ANIKWE","S/21/0177","$2y$10$L5nrEDeTXYFoV8L3R/cJReRHufbyPbQpz7Ja3s7i6DgEJIdUgnYfu","zeonglobal","zeonglobal","","2013-04-04","male","Christianity","","","","","","","","","","new_student","new_student","","0","0","0","0","","0","","check_result","activated","2022-03-14 14:17:41"),
("178","178195dab5ecba","195","17","8","6","0","0","0","","UZOMA","","CHIME","S/21/0178","$2y$10$clQ7pzJeGcn/HlQgeTbWdeTNP6Drs2jx0sxTRoW/swENyvmeAqxeS","meuzoma","meuzoma","","2012-02-08","male","Christianity","","","","","","","","","","new_student","new_student","","0","0","0","0","","0","","check_result","activated","2022-03-14 14:18:12"),
("179","1791958e990766","195","162","8","6","0","0","0","","KAMSI","","EZE","S/21/0179","$2y$10$bPwYPPt/NI3ArEoY.IJh0O3gOh1L9VcfU91CL.oOOYlfxT/oHZ1/.","zeonglobal","zeonglobal","","2013-03-10","male","Christianity","","","","","","","","","","new_student","new_student","","0","0","0","0","","0","","check_result","activated","2022-03-14 14:19:42"),
("180","180195783d918a","195","163","8","6","0","0","0","","JOSHUA","","EZIKE","S/21/0180","$2y$10$tzXTWT2IMPrZNIDNxrGK/uJ41JqdTXhqFpt.ISRAz3O4zBIW2v.yi","zeonglobal","zeonglobal","","2012-08-29","male","Christianity","","","","","","","","","","new_student","new_student","","0","0","0","0","","0","","check_result","activated","2022-03-14 14:20:59"),
("181","1811951090eac5","195","24","8","6","0","0","0","","UGOCHUKWU","","NNAMANI","S/21/0181","$2y$10$QpuKs7O.0TXAxiB0d3T5xu6yWeE.puGmb4TF3.x48zz49fHLgct6i","niugochukwu","niugochukwu","","2012-10-14","male","Christianity","","","","","","","","","","new_student","new_student","","0","0","0","0","","0","","check_result","activated","2022-03-14 14:22:29"),
("182","18219563f72251","195","51","8","6","0","0","0","","SANCTUS","","OCHIN","S/21/0182","$2y$10$YwmGcxJDGRHN24AOQrZfiuBcjcHN3e5eUnv83HM5lWKqAjSt23QuO","insanctus","insanctus","","2011-12-25","male","Christianity","","","","","","","","","","new_student","new_student","","0","0","0","0","","0","","check_result","activated","2022-03-14 14:23:07"),
("183","1831954801de09","195","164","8","6","0","0","0","","CHIDIEBUBE","","ONYENALI","S/21/0183","$2y$10$J9L7hJZvrHy2u.nZVXx8z.Sjy6DZ0ooD3EVF4iR8gnsj7hlHM/Uae","zeonglobal","zeonglobal","","2013-03-06","male","Christianity","","","","","","","","","","new_student","new_student","","0","0","0","0","","0","","check_result","activated","2022-03-14 14:24:40"),
("184","1841950ef4cad2","195","165","8","6","0","0","0","","HILTON","","OPPIAH","S/21/0184","$2y$10$g307JqjFdi1L919oRq9Lmuz5InMdezwXhbATEdNA07ml9hF90SWAq","zeonglobal","zeonglobal","","2012-05-16","male","Christianity","","","","","","","","","","new_student","new_student","","0","0","0","0","","0","","check_result","activated","2022-03-14 14:25:59"),
("185","18519548e7d39d","195","166","8","6","0","0","0","","IKECHUKWU","","ORJI","S/21/0185","$2y$10$PQZXkwcIkB9dy8iyup/bleqAbmwTgxIkdkJGdTUpUYtUhhPue./cq","zeonglobal","zeonglobal","","2014-02-08","male","Christianity","","","","","","","","","","new_student","new_student","","0","0","0","0","","0","","check_result","activated","2022-03-14 14:27:15"),
("186","1861954b3b5198","195","167","8","6","0","0","0","","DIVINE","","OZOBU","S/21/0186","$2y$10$4DAF/Y.H7grigPyHgWazt.CLnzZ2uRzbj.12oDbAskRu5KOgLUpdm","zeonglobal","zeonglobal","","2012-06-09","male","Christianity","","","","","","","","","","new_student","new_student","","0","0","0","0","","0","","check_result","activated","2022-03-14 14:29:24"),
("187","18719566345997","195","168","8","6","0","0","0","","SOMMACHI","","AGUJIOBI","S/21/0187","$2y$10$Hu0WOGwB/q7d7P5DN67zz.oFp4lUHul63yzfWoLf6GtS.uQhxOFpe","zeonglobal","zeonglobal","","2012-12-15","female","Christianity","","","","","","","","","","new_student","new_student","","0","0","0","0","","0","","check_result","activated","2022-03-14 14:31:05"),
("188","188195f1157c1a","195","169","8","6","0","0","0","","PARADISE","","AJINA","S/21/0188","$2y$10$O02mQgyzRyH1QjohGFUyp.Gzs4tsbwh6CMiMH2Z2PEyJVToOfTKxy","zeonglobal","zeonglobal","","2012-05-01","female","Christianity","","","","","","","","","","new_student","new_student","","0","0","0","0","","0","","check_result","activated","2022-03-14 14:32:31"),
("189","1891950c616f84","195","34","8","6","0","0","0","","CHIMAMANDA","","AKPA","S/21/0189","$2y$10$ANSLIfw0nlyHTPKCEs2HNuhba01yQ6NqTVbTznF9XcLS8UmvnHEBC","pachimamanda","pachimamanda","","2012-07-29","female","Christianity","","","","","","","","","","new_student","new_student","","0","0","0","0","","0","","check_result","activated","2022-03-14 14:34:30"),
("190","190195f3b10d90","195","170","8","6","0","0","0","","SHULAMITE","","CHUKWUDI","S/21/0190","$2y$10$.za0gSqumuePixJV.To3N.VEZ2YSGNWT7TPBJ5rlVwk3jwqU7fYge","zeonglobal","zeonglobal","","2012-10-12","female","Christianity","","","","","","","","","","new_student","new_student","","0","0","0","0","","0","","check_result","activated","2022-03-14 14:35:59"),
("191","191195a8e0f469","195","171","8","6","0","0","0","","TREASURE","","NNABUGWU","S/21/0191","$2y$10$jkUwOzCg.MQlmNSRjVMvJuhO001rz8ulQhhaqjTpCkXwWuuAJ23/u","zeonglobal","zeonglobal","","2013-01-23","female","Christianity","","","","","","","","","","new_student","new_student","","0","0","0","0","","0","","check_result","activated","2022-03-14 14:37:33"),
("192","192195e795f447","195","38","8","6","0","0","0","","EZINNE","","NNADI","S/21/0192","$2y$10$3AucS7k75PmgmQaYMYyGWOdyuB.5/ccpNAonDrZsxJ4bi5NicD9FO","diezinne","diezinne","","2012-07-09","female","Christianity","","","","","","","","","","new_student","new_student","","0","0","0","0","","0","","check_result","activated","2022-03-14 14:39:04"),
("193","193195ea92e949","195","12","8","6","0","0","0","","IHUOMACHI","","OBASI","S/21/0193","$2y$10$tnel06xOk5RqUERpQotWBe/kd4CxMPlY4t.mJFv6R.HnZARNQgvsW","siihuomachi","siihuomachi","","2012-05-22","female","Christianity","","","","","","","","","","new_student","new_student","","0","0","0","0","","0","","check_result","activated","2022-03-14 14:40:27"),
("194","19419538db44f4","195","172","8","6","0","0","0","","NNEOMA","","ODO","S/21/0194","$2y$10$K6DeXQ/XN3Z7aBqZZPkyrO4IJ0E7iwGG1.jdml1GsZX8tJA5AApMS","zeonglobal","zeonglobal","","2012-11-11","female","Christianity","","","","","","","","","","new_student","new_student","","0","0","0","0","","0","","check_result","activated","2022-03-14 14:42:12"),
("195","195195d6ac87be","195","173","8","6","0","0","0","","CHIMAMANDA","","OKOLO","S/21/0195","$2y$10$yP6FsbHqKFTnB8BNIP5ov.qbR2dU/51ghk0p8RzPBtbO8vVfb.sOy","zeonglobal","zeonglobal","","2012-07-24","female","Christianity","","","","","","","","","","new_student","new_student","","0","0","0","0","","0","","check_result","activated","2022-03-14 14:43:44"),
("196","196195cf2335f4","195","174","8","6","0","0","0","","CHIKAMSO","","ONWUSI","S/21/0196","$2y$10$OG4S0y8jdGyrq6r.H0IlkOvZ7OjMEImdE9M4ocBYWvHqZS7axVFwm","zeonglobal","zeonglobal","","2011-03-29","female","Christianity","","","","","","","","","","new_student","new_student","","0","0","0","0","","0","","check_result","activated","2022-03-14 14:45:09"),
("197","1971956c2e8ef2","195","175","8","6","0","0","0","","CHIZURUM","","ONYEMAECHI","S/21/0197","$2y$10$89yrNP/9RmKXmEtF71JCB.Aih2rfzezFJXRlUsy7bzf7EBjZ191gO","zeonglobal","zeonglobal","","2013-01-15","female","Christianity","","","","","","","","","","new_student","new_student","","0","0","0","0","","0","","check_result","activated","2022-03-14 14:46:44"),
("198","1981955458406f","195","176","8","6","0","0","0","","CHIMDINDU","","OZOR","S/21/0198","$2y$10$iL.svS7fWxRmjVG7y.ZODeBhuqcCGM8VaDaxzvtc46A/AdahEQJ5y","zeonglobal","zeonglobal","","2013-03-18","female","Christianity","","","","","","","","","","new_student","new_student","","0","0","0","0","","0","","check_result","activated","2022-03-14 14:48:07"),
("199","199195fe3a4794","195","177","9","7","0","0","0","","LOTACHI","","EZEDIGBO","S/21/0199","$2y$10$uuo4N9gmVYWHfs3Gf8K94OlNVIlcDvhKvQweHPzOIaJzii01qeZKW","zeonglobal","zeonglobal","","2011-08-31","male","Christianity","","","","","","","","","","new_student","new_student","","0","0","0","0","","0","","check_result","activated","2022-03-14 14:53:00"),
("200","2001959b13ca7a","195","178","9","7","0","0","0","","CHIDALU","","UKWUEZE","S/21/0200","$2y$10$xK8IeVZqBvYm5Gwg/nJsauoHUuDr.M7Ty4ceKfdEQ4baXpfPxTqRi","zeonglobal","zeonglobal","","2011-11-01","male","Christianity","","","","","","","","","","new_student","new_student","","0","0","0","0","","0","","check_result","activated","2022-03-14 14:55:13");
INSERT INTO students VALUES
("201","20119568367ddb","195","47","9","7","0","0","0","","CHINAZA","","CHUKWU","S/21/0201","$2y$10$gsWYG9bb0pMRF1uj9sgId.IgpTtvGpf6qIbnIuR/f1Uv3k9wH.hRG","wuchinaza","wuchinaza","","2011-08-29","female","Christianity","","","","","","","","","","new_student","new_student","","0","0","0","0","","0","","check_result","activated","2022-03-14 14:56:44"),
("202","202195381e92d1","195","82","9","7","0","0","0","","VINCENT","","ONWUDINJO","S/21/0202","$2y$10$1CgMdRzfSu2KdwTcI8OI8uOozV8y5tkBEjsCTbC8Dq5g5NUauJaXG","jovincent","jovincent","","2011-05-08","male","Christianity","","","","","","","","","","new_student","new_student","","0","0","0","0","","0","","check_result","activated","2022-03-14 14:57:26"),
("203","203195401a63d6","195","179","9","7","0","0","0","","IFESINACHI","","ROLAND","S/21/0203","$2y$10$jg4QEVa696cNOfNAegtHZOunLE/0rkvRn1ESh8KWmCeWjPnSZgwkW","zeonglobal","zeonglobal","","2011-05-02","female","Christianity","","","","","","","","","","new_student","new_student","","0","0","0","0","","0","","check_result","activated","2022-03-14 14:58:52"),
("204","20419584a78ac2","195","180","9","7","0","0","0","","DUMEJE","","ARNOLD","S/21/0204","$2y$10$4O0uvqMwNYp7ESWoKtajEueEQ39IKg.rHx51BSPLE05gP2601LpJe","zeonglobal","zeonglobal","","2012-06-16","male","Christianity","","","","","","","","","","new_student","new_student","","0","0","0","0","","0","","check_result","activated","2022-03-14 15:00:16"),
("205","205195649703d6","195","181","9","7","0","0","0","","AMAKA","","OKPOKWU","S/21/0205","$2y$10$64oOaYpr06tT4eO6V.2/Iu8pyv48ArqjP3DNXLVJRKBcRoJLP2XkC","zeonglobal","zeonglobal","","2012-01-07","female","Christianity","","","","","","","","","","new_student","new_student","","0","0","0","0","","0","","check_result","activated","2022-03-14 15:01:37"),
("206","206195a838c1ce","195","153","9","7","0","0","0","","EMMA","O","ORIAKU","S/21/0206","$2y$10$QQWtPmMwCghF2cJC9kQRGueBvMrO646aiLQrrQg4L/B4MAHRpSv/a","kuemma","kuemma","","2012-01-20","male","Christianity","","","","","","","","","","new_student","new_student","","0","0","0","0","","0","","check_result","activated","2022-03-14 15:02:20"),
("207","207195e13a6e8f","195","182","9","7","0","0","0","","CHIMBUCHI","","UKWUEZE","S/21/0207","$2y$10$/NCWGnyTPsvnSVj7J8lZjeRuBNAjDCpPbIkX4IhfugZCOitjgBqCu","zeonglobal","zeonglobal","","2011-05-31","male","Christianity","","","","","","","","","","new_student","new_student","","0","0","0","0","","0","","check_result","activated","2022-03-14 15:04:20"),
("208","208195409e8b8e","195","183","9","7","0","0","0","","VANESSA","","NNAMANI","S/21/0208","$2y$10$EkVK9vgvsns0I2FgjK5IcO5LEjG/S3u3s6U7jLcwdCRgzlTDhhfeK","zeonglobal","zeonglobal","","2011-05-30","female","Christianity","","","","","","","","","","new_student","new_student","","0","0","0","0","","0","","check_result","activated","2022-03-14 15:05:52"),
("209","209195009a4947","195","184","9","7","0","0","0","","MMESOMA","","ONUIGBO","S/21/0209","$2y$10$xx7uiqZtzU2CKbMXJPULGevbJGka2HVBlcuNpxDbbyszbf6RKSuX6","zeonglobal","zeonglobal","","2011-10-05","female","Christianity","","","","","","","","","","new_student","new_student","","0","0","0","0","","0","","check_result","activated","2022-03-14 15:07:13"),
("210","2101951bacbb22","195","185","9","7","0","0","0","","CHIBUZOR","","NKWODINMA","S/21/0210","$2y$10$iQyQRvFIIncm//JTfyo1VOINspz2ivOezwdEp4qo0iJL.TDHhdnYK","zeonglobal","zeonglobal","","2012-03-30","male","Christianity","","","","","","","","","","new_student","new_student","","0","0","0","0","","0","","check_result","activated","2022-03-14 15:08:31"),
("211","2111953cbe06d9","195","186","9","7","0","0","0","","ANGEL","","THOMAS","S/21/0211","$2y$10$7Po2q4cNCr2Fr87lJBSXLuo9Q4nfAn9/eQKhTuJKgQOfsUlhlbnGy","zeonglobal","zeonglobal","","2012-07-26","female","Christianity","","","","","","","","","PARENT","new_student","new_student","","0","0","0","0","","0","","check_result","activated","2022-03-14 15:11:30"),
("212","212195c5083782","195","187","9","7","0","0","0","","KAMSI","","AGU","S/21/0212","$2y$10$eECm6TnTZfuWuXtGre/TWOoPs/6r6osaT1j./YCiyrZUxU.npoH22","zeonglobal","zeonglobal","","2011-10-29","female","Christianity","","","","","","","","","","new_student","new_student","","0","0","0","0","","0","","check_result","activated","2022-03-14 15:13:00"),
("213","2131950599244c","195","188","9","7","0","0","0","","AMANDA","","IKECHUKWU","S/21/0213","$2y$10$/tMCVVXiPh2UXp5RHwGH2uA3u6MJbxUw6k8W6VRC8GgaLkzv8SJNa","zeonglobal","zeonglobal","","2012-10-23","female","Christianity","","","","","","","","","","new_student","new_student","","0","0","0","0","","0","","check_result","activated","2022-03-14 15:14:34"),
("214","214195db29034e","195","189","9","7","0","0","0","","ELGADOL","","MARCEL","S/21/0214","$2y$10$ZRrHH.G5tHDAi0d1wISmg.kHugvpu6zK/.8Xm.KN/vo8OdimTi78m","zeonglobal","zeonglobal","","2011-01-31","female","Christianity","","","","","","","","","","new_student","new_student","","0","0","0","0","","0","","check_result","activated","2022-03-14 15:16:05"),
("215","215195d2b0b91d","195","190","9","7","0","0","0","","OLAEDO","","EZE","S/21/0215","$2y$10$v0DZflZgEWtjQsIARWV2SuFTv3nP2qUhcAE22B4zsSQtQPvUMG/Ea","zeonglobal","zeonglobal","","2011-03-22","female","Christianity","","","","","","","","","","new_student","new_student","","0","0","0","0","","0","","check_result","activated","2022-03-14 15:17:29"),
("216","21619536117ab1","195","160","9","7","0","0","0","","MELVIN","","ANAGUONYE","S/21/0216","$2y$10$HmEjqZeP8FGmdmo2g56kh.fcSs8fDHk6zm6gzt9ebQdETeVByUroa","yemelvin","yemelvin","","2011-07-05","male","Christianity","","","","","","","","","","new_student","new_student","","0","0","0","0","","0","","check_result","activated","2022-03-14 15:18:12"),
("217","2171958a318336","195","191","9","7","0","0","0","","CHIADIKAOBI","PRECIOUS","NWODO","S/21/0217","$2y$10$HEFJpuaOeofxmWqUoWqVAOXUcyl6v9EpRwYV/egUOUzzEcDfnEwZe","zeonglobal","zeonglobal","","2012-03-24","female","Christianity","","","","","","","","","","new_student","new_student","","0","0","0","0","","0","","check_result","activated","2022-03-14 15:19:44"),
("218","218195a9e02c22","195","192","9","7","0","0","0","","CHIKAOSOLU","","ENEKWE","S/21/0218","$2y$10$kbOnaYPh2CmQEzVj5W9Gqeroq3Aws6Xy/y9B2gFD/pd6qxzAppXLe","zeonglobal","zeonglobal","","2011-10-19","female","Christianity","","","","","","","","","","new_student","new_student","","0","0","0","0","","0","","check_result","activated","2022-03-14 15:21:38"),
("219","219195605b16ec","195","193","9","7","0","0","0","","CHANNCY","","OKEKE","S/21/0219","$2y$10$nv6nw66fsL7QMkpnPj9U0uX.YnOso7kBE/NXG.eEWJTkgeVhfyeLu","zeonglobal","zeonglobal","","2012-02-10","female","Christianity","","","","","","","","","","new_student","new_student","","0","0","0","0","","0","","check_result","activated","2022-03-14 15:23:16"),
("220","220195e2fda168","195","194","9","7","0","0","0","","DIKACHUKWU","","OBUEZE","S/21/0220","$2y$10$B0Ta46FTx2vqG.L2R7zlsudA6Bor/eGca4NnuB4PJB5EIvfqAVVtO","zeonglobal","zeonglobal","","2011-12-24","male","Christianity","","","","","","","","","","new_student","new_student","","0","0","0","0","","0","","check_result","activated","2022-03-14 15:24:53"),
("221","2211959c6f193b","195","130","9","7","0","0","0","","FESOCHUKWU","","UJAH","S/21/0221","$2y$10$G6fKyK5aG4KHZAssUGeHQeyWAP4o/3Q6O/LjDxbe5XN8LJD.RPOfK","ahfesochukwu","ahfesochukwu","","2011-06-08","male","Christianity","","","","","","","","","","new_student","new_student","","0","0","0","0","","0","","check_result","activated","2022-03-14 15:25:40"),
("222","2221952cb4fefa","195","115","9","7","0","0","0","","GIOVANNI","","OGBU","S/21/0222","$2y$10$tMhavt99.0LTFV4v22.IEu3SL9Ecd.5vAY4SAy2fgHGdLP2EldlKG","bugiovanni","bugiovanni","","2011-03-26","male","Christianity","","","","","","","","","","new_student","new_student","","0","0","0","0","","0","","check_result","activated","2022-03-14 15:28:27"),
("223","223195e877df7a","195","195","9","7","0","0","0","","PETRA","","OFORDILE","S/21/0223","$2y$10$t8Sf2iMEG0nVk/LQm.mKM.o24bbYOhQoNqKfGOKyTnCw6fE7igzlK","zeonglobal","zeonglobal","","2012-02-17","female","Christianity","","","","","","","","","","new_student","new_student","","0","0","0","0","","0","","check_result","activated","2022-03-14 15:29:51"),
("224","2241951d2dc542","195","196","9","7","0","0","0","","ESTHER","","OZOR","S/21/0224","$2y$10$iigVyGura5lDvI0S3/yxwO2m1IjCNdj1pn4E0Uk9W1ZmHxwHGEMYm","zeonglobal","zeonglobal","","2012-04-07","female","Christianity","","","","","","","","","","new_student","new_student","","0","0","0","0","","0","","check_result","activated","2022-03-14 15:31:10"),
("225","2251958b5057c7","195","197","9","7","0","0","0","","JOY","","EZEVUO","S/21/0225","$2y$10$SeR4Z9UyWdRFbaTEkWyKR.GAkKjmFP3JcH0Zp5iqAN8XIntsvqRUe","zeonglobal","zeonglobal","","2012-09-05","female","Christianity","","","","","","","","","","new_student","new_student","","0","0","0","0","","0","","check_result","activated","2022-03-14 15:32:24"),
("226","226195bba7affc","195","78","9","7","0","0","0","","ADAEZE","","EZE","S/21/0226","$2y$10$0MuBsREOwfPMSt9/00GAY.6eISbtWNzkI9A/jNC4w4fbd5uaxKg1u","zeadaeze","zeadaeze","","2011-12-22","female","Christianity","","","","","","","","","","new_student","new_student","","0","0","0","0","","0","","check_result","activated","2022-03-14 15:33:44"),
("227","227195e86d18cf","195","198","10","16","0","0","0","","UGONMA","","DIEOBI","S/21/0227","$2y$10$EZ7MwoZp79kUC1z/ZHSHv.1pj9Pba3i9nxOBtFZS99ZUAi9OdLPB.","zeonglobal","zeonglobal","","2010-12-07","male","Christianity","","","","","","","","","","new_student","new_student","","0","0","0","0","","0","","check_result","activated","2022-03-14 18:00:30"),
("228","228195b489759b","195","199","10","16","0","0","0","","KENECHUKWU","","ELUKE","S/21/0228","$2y$10$Qtgqdl9Y8Px.ExeSvtdzbeGoDP849Z7lXC3LBusto3YtFGSkpTiPi","zeonglobal","zeonglobal","","2010-06-14","male","Christianity","","","","","","","","","","new_student","new_student","","0","0","0","0","","0","","check_result","activated","2022-03-14 18:05:44"),
("229","22919596339743","195","200","10","16","0","0","0","","COLLINS","","FRANCIS","S/21/0229","$2y$10$J3Lf0IHjN2cLEkQRaip2Ee1r0gDeoUfiHjl8m/SW0wT4sWlugfDAC","zeonglobal","zeonglobal","","2011-10-23","male","Christianity","","","","","","","","","","new_student","new_student","","0","0","0","0","","0","","check_result","activated","2022-03-14 18:06:59"),
("230","23019552a274ac","195","201","10","16","0","0","0","","DIVINE","","IHEONU","S/21/0230","$2y$10$MmVaaNqNzFJg.pnutaLhZOy2MQ1wl0HvSgkOSLeJQJT4dzaWXJyrK","zeonglobal","zeonglobal","","2010-09-16","male","Christianity","","","","","","","","","","new_student","new_student","","0","0","0","0","","0","","check_result","activated","2022-03-14 18:08:37"),
("231","231195499512fd","195","202","10","16","0","0","0","","VICTOR","","LAWAL","S/21/0231","$2y$10$LSmsbmXdL9jsZj.7NfDja.kJOELtNIkLUy.Q76kbmwA0rd7dtDS6W","zeonglobal","zeonglobal","","2010-12-08","male","Christianity","","","","","","","","","","new_student","new_student","","0","0","0","0","","0","","check_result","activated","2022-03-14 18:09:54"),
("232","23219500de0485","195","203","10","16","0","0","0","","CHINEDU","","NWATU","S/21/0232","$2y$10$yTLrNWpPntzTz1Kqn5avfuJfhPudEt5JI9qaLe0i/J/wj0j2YiN0G","zeonglobal","zeonglobal","","2010-06-17","male","Christianity","","","","","","","","","","new_student","new_student","","0","0","0","0","","0","","check_result","activated","2022-03-14 18:11:01"),
("233","23319566ee305f","195","172","10","16","0","0","0","","CHIDUMGA","","ODO","S/21/0233","$2y$10$Y/4skcnxYmp1FfOQ6YPmM.I4z95QAffUjWo4T8fYtCMe/YKSFzHLG","dochidumga","dochidumga","","2010-07-24","male","Christianity","","","","","","","","","","new_student","new_student","","0","0","0","0","","0","","check_result","activated","2022-03-14 18:12:44"),
("234","234195d13f5add","195","92","10","16","0","0","0","","JOSH","","OGBODO","S/21/0234","$2y$10$4pcn2zVpl2igfqIbu1Gm.uX.UIb5olQo7tiiDJYF9O.ncISPRevJ.","dojosh","dojosh","","2010-09-07","male","Christianity","","","","","","","","","","new_student","new_student","","0","0","0","0","","0","","check_result","activated","2022-03-14 18:13:31"),
("235","235195da14b87e","195","204","10","16","0","0","0","","SUCCESS","","OLOH","S/21/0235","$2y$10$YRcn4xxtOMNBHuHWOwSsS.IIHKY1r5MavKjxuN9.7xCcnuM.57M3i","zeonglobal","zeonglobal","","2011-04-15","male","Christianity","","","","","","","","","","new_student","new_student","","0","0","0","0","","0","","check_result","activated","2022-03-14 18:14:48"),
("236","2361957974f508","195","205","10","16","0","0","0","","CHIBUIKE","","ONYIA","S/21/0236","$2y$10$8CZhT6HPbknJ/.kmUCKcueb9CqLZ7T78.umJypB1Gt5L3t4Y5q6bG","zeonglobal","zeonglobal","","2011-04-07","male","Christianity","","","","","","","","","","new_student","new_student","","0","0","0","0","","0","","check_result","activated","2022-03-14 18:16:17"),
("237","2371951523a277","195","206","10","16","0","0","0","","PROSPER","","RAYMOND","S/21/0237","$2y$10$MbLEDoS03xU2dIICckrjvusfQkXFKYO6aPiTF0GSfqwmnvIEHpJGu","zeonglobal","zeonglobal","","2011-01-21","male","Christianity","","","","","","","","","","new_student","new_student","","0","0","0","0","","0","","check_result","activated","2022-03-14 18:17:35"),
("238","23819593e9521c","195","207","10","16","0","0","0","","CHIDINDU","","UGWU","S/21/0238","$2y$10$k1pt8XyglJjtMxg1yoq.Q.qbnfEI/rRYkhu/03sbodz0qLv4P/QN6","zeonglobal","zeonglobal","","2011-06-14","male","Christianity","","","","","","","","","","new_student","new_student","","0","0","0","0","","0","","check_result","activated","2022-03-14 18:18:38"),
("239","2391957419fd1c","195","208","10","16","0","0","0","","CHIDIOMIMI","","AGUJIOBI","S/21/0239","$2y$10$i.p4vATq8PmWvYrCIz0CTe/qFJwhdRdFD4tqDj92glP230Xsgd/kK","zeonglobal","zeonglobal","","2010-12-09","female","Christianity","","","","","","","","","","new_student","new_student","","0","0","0","0","","0","","check_result","activated","2022-03-14 18:20:25"),
("240","240195c85043a3","195","112","10","16","0","0","0","","NAETO","","ANIEBONAM","S/21/0240","$2y$10$VTcLSVs5FfKam73ws43RZOcvhcp9yuqjYrM8lVYNH8nZ64qV9ixVy","amnaeto","amnaeto","","2010-12-01","female","Christianity","","","","","","","","","","new_student","new_student","","0","0","0","0","","0","","check_result","activated","2022-03-14 18:21:05"),
("241","241195dd85476c","195","209","10","16","0","0","0","","UCHECHI","","EMEKA-UDE","S/21/0241","$2y$10$QhUW018Wq/evRaakG5nQne4BSs6rS7mj4vLoHPtgN.D4inv5Hjmgm","zeonglobal","zeonglobal","","2010-09-24","female","Christianity","","","","","","","","","","new_student","new_student","","0","0","0","0","","0","","check_result","activated","2022-03-14 18:22:25"),
("242","242195f3b79728","195","210","10","16","0","0","0","","MARY-JANE","","IBE","S/21/0242","$2y$10$UWPYPAUEZqz4zEerkjOyHO.XaeVtvQayhUBGD5uMdrFruU5FmR.3a","zeonglobal","zeonglobal","","2010-09-16","female","Christianity","","","","","","","","","","new_student","new_student","","0","0","0","0","","0","","check_result","activated","2022-03-14 18:23:48"),
("243","2431951f8562be","195","203","10","16","0","0","0","","CHINENYE","","NWATU","S/21/0243","$2y$10$DuOhtkcXkADB09O/2J/Yi.YZTIqBvtvuUafU6Uyc1Th/biVIfngV2","tuchinenye","tuchinenye","","2010-06-17","female","Christianity","","","","","","","","","","new_student","new_student","","0","0","0","0","","0","","check_result","activated","2022-03-14 18:24:22"),
("244","24419521fe54e4","195","203","10","16","0","0","0","","CHIDINMA","","NWATU","S/21/0244","$2y$10$TIsZPjq8X7NEuw9Rl7kH/uAhOutkfxLStJJ4oWNzMZ19fWVysdVia","tuchidinma","tuchidinma","","2010-06-17","female","Christianity","","","","","","","","","","new_student","new_student","","0","0","0","0","","0","","check_result","activated","2022-03-14 18:25:02"),
("245","245195283e88cc","195","211","10","16","0","0","0","","CHIAMAKA","","ONWUDINJO","S/21/0245","$2y$10$daABN1pb/TBY1Jwo5b3qm.7dg/WUcBjVZ1/gwqMsFmrtpN9D53jQe","zeonglobal","zeonglobal","","2010-05-10","female","Christianity","","","","","","","","","","new_student","new_student","","0","0","0","0","","0","","check_result","activated","2022-03-14 18:26:40"),
("246","2461958c7d5720","195","212","10","16","0","0","0","","MUNACHI","","ORJI","S/21/0246","$2y$10$aU.r461KXtpACJbjHMkBqepe2/TQ9Ln4wiWP.vHsVunG8hPt2KXia","zeonglobal","zeonglobal","","2011-08-02","female","Christianity","","","","","","","","","","new_student","new_student","","0","0","0","0","","0","","check_result","activated","2022-03-14 18:28:02"),
("247","247195c4c8064c","195","206","10","16","0","0","0","","PURITY","","RAYMOND","S/21/0247","$2y$10$6BKXi9Sy.ljY6ppWIWi8D.s2.YfoQ1o3WQHkMxQatu11mWQc9tROa","ndpurity","ndpurity","","2011-01-21","female","Christianity","","","","","","","","","","new_student","new_student","","0","0","0","0","","0","","check_result","activated","2022-03-14 18:28:46"),
("248","2481958bb34e71","195","213","9","8","0","0","0","","KENECHUKWU","","AKA","S/21/0248","$2y$10$B7g7Qxg11EEDZ2W7yVVbSe47rlc7/4rVaKdnIqHd2v/Qn2aQtYCEm","zeonglobal","zeonglobal","","2011-11-29","male","Christianity","","","","","","","","","","new_student","new_student","","0","0","0","0","","0","","check_result","activated","2022-03-14 18:39:55"),
("249","249195bf5ac2d2","195","214","9","8","0","0","0","","MACRINA","","AGBO","S/21/0249","$2y$10$.F1gwbNATTIrgHJH2kHkBu//wRxOa4qU/C9jHKo0/.oKtxc/GbKGm","zeonglobal","zeonglobal","","2012-08-08","female","Christianity","","","","","","","","","","new_student","new_student","","0","0","0","0","","0","","check_result","activated","2022-03-14 18:41:41"),
("250","250195f4f79724","195","215","9","8","0","0","0","","DOMINION","","NNAEMEKA","S/21/0250","$2y$10$8A.qdmn.aNY8vW/OFjxBj.Pno/PyYNwjjYLUvy3s1Ig/FrL3D3vfS","zeonglobal","zeonglobal","","2012-09-24","male","Christianity","","","","","","","","","","new_student","new_student","","0","0","0","0","","0","","check_result","activated","2022-03-14 18:43:08"),
("251","2511951e5f500e","195","8","9","8","0","0","0","","KAMSIYO","","NDUBUISI","S/21/0251","$2y$10$Qh1UxB5mn.frwxykzqAZWebvth3mtPxR8NB9X5uboAqxqGMCjQjjS","sikamsiyo","sikamsiyo","","2011-06-10","male","Christianity","","","","","","","","","","new_student","new_student","","0","0","0","0","","0","","check_result","activated","2022-03-14 18:45:11"),
("252","25219552092b82","195","216","9","8","0","0","0","","RAPHAEL","CHUKWUEMEZUGO","ASOGWA","S/21/0252","$2y$10$Du8M6O6HKSCX5ufYJkmcfukuy5ZsnJ8paqULL/vHyiznw1FXInGRm","zeonglobal","zeonglobal","","2011-05-17","male","Christianity","","","","","","","","","","new_student","new_student","","0","0","0","0","","0","","check_result","activated","2022-03-14 18:46:40"),
("253","253195c8eef920","195","217","9","8","0","0","0","","MMESOMA","","EKOH","S/21/0253","$2y$10$Dj6SMgzDvgruEESOMy/stO1jnzGQRziVVIQ3BBk9GREynbgp0B8NW","zeonglobal","zeonglobal","","2011-06-21","female","Christianity","","","","","","","","","","new_student","new_student","","0","0","0","0","","0","","check_result","activated","2022-03-14 18:47:58"),
("254","254195043dc68c","195","218","9","8","0","0","0","","SOMTO","","NWABUDE","S/21/0254","$2y$10$gVOB3ax9cXKQkc2.U.FoR.05jieyX1tMaZJAf1TbWLbbOwUn5cZae","zeonglobal","zeonglobal","","2011-01-05","female","Christianity","","","","","","","","","","new_student","new_student","","0","0","0","0","","0","","check_result","activated","2022-03-14 18:50:08"),
("255","255195cf08dff6","195","44","9","8","0","0","0","","URKA","CHIMSIDI","ANI","S/21/0255","$2y$10$eCTJ08OESo8d6wsO1zuPWuXGpZdoV5jf/dCH5Bp6pOmfes6RqwlJi","niurka","niurka","","2011-11-26","female","Christianity","","","","","","","","","","new_student","new_student","","0","0","0","0","","0","","check_result","activated","2022-03-14 18:52:23"),
("256","2561956d6e2c58","195","143","9","8","0","0","0","","DUMEBI","","OKE","S/21/0256","$2y$10$QnG1MIc4PrOyM/6SNLn1m.GkeIUFsBFuSkRF4nnOF5yB2huE9oV2S","kedumebi","kedumebi","","2011-09-21","female","Christianity","","","","","","","","","","new_student","new_student","","0","0","0","0","","0","","check_result","activated","2022-03-14 18:54:27"),
("257","2571956534a269","195","45","9","8","0","0","0","","MUNACHIMSO","","CHIBUZOR","S/21/0257","$2y$10$25AmBC7MlCbk1OxCOTbWj.4mQa4048KukVpQ5jH.2Z6NsxQnxYNu.","ormunachimso","ormunachimso","","2011-12-11","male","Christianity","","","","","","","","","","new_student","new_student","","0","0","0","0","","0","","check_result","activated","2022-03-14 18:55:09"),
("258","258195183f5601","195","219","9","8","0","0","0","","S","CHINYELUGO","GODWIN","S/21/0258","$2y$10$zh6stGwwklAjvR.36qZOkeitwSqBUj/zUyQ.jrH/m4DvcyvU.m3te","zeonglobal","zeonglobal","","2011-09-25","male","Christianity","","","","","","","","","","new_student","new_student","","0","0","0","0","","0","","check_result","activated","2022-03-14 18:56:41"),
("259","259195e87d01a8","195","220","9","8","0","0","0","","CHIDIOGO","","OKEKE","S/21/0259","$2y$10$FzEp5Ucgra1n80bAK9QffOuHg.Bc6PIi2iBQXYxehEsWLuSIuJb5S","zeonglobal","zeonglobal","","2014-06-11","female","Christianity","","","","","","","","","","new_student","new_student","","0","0","0","0","","0","","check_result","activated","2022-03-14 18:58:25"),
("260","260195066f0028","195","59","9","8","0","0","0","","REX","","ANDREW","S/21/0260","$2y$10$Sqff9lnZL8L7RcCFqSqh4uetLM8xN0hj/D7TWcKBlIE0PU5OgikVi","ewrex","ewrex","","2011-11-25","male","Christianity","","","","","","","","","","new_student","new_student","","0","0","0","0","","0","","check_result","activated","2022-03-14 18:59:09"),
("261","261195404f4530","195","221","9","8","0","0","0","","GABRIEL","J","NDIOLO","S/21/0261","$2y$10$OfhZTXsqvc/IPlwwZBGC5O04B/k2ypzWuvlTcfisKVWgpBru2QPD.","zeonglobal","zeonglobal","","2012-03-20","male","Christianity","","","","","","","","","","new_student","new_student","","0","0","0","0","","0","","check_result","activated","2022-03-14 19:10:40"),
("262","26219532416cf8","195","222","9","8","0","0","0","","OKECHUKWU","JUNIOR","ANUKAM","S/21/0262","$2y$10$s4/J6atw3nHxlyi67NyCpOjwsgpAULD40GH.tkwlr5Y.NTzp89FSy","zeonglobal","zeonglobal","","2011-06-23","male","Christianity","","","","","","","","","","new_student","new_student","","0","0","0","0","","0","","check_result","activated","2022-03-14 19:12:35"),
("263","263195aae96502","195","29","9","8","0","0","0","","CHIKAMSO","","OKONKWO","S/21/0263","$2y$10$50ikVG.6xs5ulzWGzKjQDOYifV240rhNkWtT35jwduCtuGGRjo0cO","wochikamso","wochikamso","","2011-09-17","male","Christianity","","","","","","","","","","new_student","new_student","","0","0","0","0","","0","","check_result","activated","2022-03-14 19:14:34"),
("264","2641955ed6f0d7","195","11","9","8","0","0","0","","CHIDIOGO","","NNAMANI","S/21/0264","$2y$10$CDqia8WxqW0ShQOTX.hXr.M/72f2yu1Nsw3vR8P2JTT6nVet4F.HW","nichidiogo","nichidiogo","","2011-08-24","female","Christianity","","","","","","","","","","new_student","new_student","","0","0","0","0","","0","","check_result","activated","2022-03-14 19:16:51"),
("265","265195d857fe08","195","63","9","8","0","0","0","","CHIMBUSONMA","","IRUKA-IKE","S/21/0265","$2y$10$JP9l/TVclN1TsPMvEf/Qv.5.GpDe4.dbyIxed/z/8B2/Gh.qRwg82","kechimbusonma","kechimbusonma","","2011-06-07","female","Christianity","","","","","","","","","","new_student","new_student","","0","0","0","0","","0","","check_result","activated","2022-03-14 19:17:31"),
("266","266195ae8763aa","195","80","9","8","0","0","0","","CHINEMEREM","","NWANJOKU","S/21/0266","$2y$10$bUfPSmcOoOE08SujTu0gmeplbTDh/V4nBZVVMk3Q4c31JldHNcNGG","kuchinemerem","kuchinemerem","","2011-10-07","male","Christianity","","","","","","","","","","new_student","new_student","","0","0","0","0","","0","","check_result","activated","2022-03-14 19:19:27"),
("267","267195a349b7df","195","223","9","8","0","0","0","","KAMSIYO","","NDUBUISI","S/21/0267","$2y$10$y8lBPWSvrI2NbPKOdDdmHu4ILgZV03iOtovSKpntiUoIdlDLn9Nhu","zeonglobal","zeonglobal","","2011-06-10","male","Christianity","","","","","","","","","","new_student","new_student","","0","0","0","0","","0","","check_result","activated","2022-03-14 19:21:34"),
("268","268195f83ef3ad","195","224","9","8","0","0","0","","ZITA","U","CHIDIOBI","S/21/0268","$2y$10$hSIozDinDAvzNc3QgtNG0eaJ9fwx3g76WZQxdGzcaa8/fVnD4tGYC","zeonglobal","zeonglobal","","2012-01-19","female","Christianity","","","","","","","","","","new_student","new_student","","0","0","0","0","","0","","check_result","activated","2022-03-14 19:23:25"),
("269","269195100c0f07","195","225","9","8","0","0","0","","JENNIFER","","OKECHUKWU","S/21/0269","$2y$10$QAhab4tD9gEZyO5kJL3GYufUuuW6m5YqjLwC34twAbggFGsbED7ee","zeonglobal","zeonglobal","","2010-11-16","female","Christianity","","","","","","","","","","new_student","new_student","","0","0","0","0","","0","","check_result","activated","2022-03-14 19:24:54"),
("270","2701951aeec7b2","195","226","9","8","0","0","0","","OTITO","","ISIAGU","S/21/0270","$2y$10$FRYGcR9lhOietgPQ8gT8OuFNwyW8bB/SWHGAN6ycC36GPUkr9jiJS","zeonglobal","zeonglobal","","2011-10-28","male","Christianity","","","","","","","","","","new_student","new_student","","0","0","0","0","","0","","check_result","activated","2022-03-14 19:26:10"),
("271","2711956399e626","195","227","9","8","0","0","0","","KIMORA","UJUNWA","ARUM","S/21/0271","$2y$10$FEukVpUIxsIu9gO8osYLlueJjgW07zc2ZiUIJ4yh8k2V8iUPXR95O","zeonglobal","zeonglobal","","2011-10-05","female","Christianity","","","","","","","","","","new_student","new_student","","0","0","0","0","","0","","check_result","activated","2022-03-14 19:28:02"),
("272","272195a968a5ef","195","228","9","8","0","0","0","","DIVINE","NMERI","NWEKE","S/21/0272","$2y$10$/l7AKKt2bXF75iq0pTGQb.k1km8yvlFLE7ft284015UWevCNmUvr.","zeonglobal","zeonglobal","","2011-06-03","female","Christianity","","","","","","","","","","new_student","new_student","","0","0","0","0","","0","","check_result","activated","2022-03-14 19:29:19"),
("273","273195d49ff49c","195","229","9","8","0","0","0","","CHIKAMSO","","OGBUKE","S/21/0273","$2y$10$aMB1uy4fG.qIbSs1R3nUT.zSPFgqbONZturK6rcryoU/XJR53BA/O","zeonglobal","zeonglobal","","2011-08-28","female","Christianity","","","","","","","","","","new_student","new_student","","0","0","0","0","","0","","check_result","activated","2022-03-14 19:30:53"),
("274","274195e85e4737","195","1","9","15","0","0","0","","AKACHUKWU","","AGUJIOBI","S/21/0274","$2y$10$s0Db5Ze9lvWTYjDkJlPOS./06TClpz25gxmxP63w.NkpNury2xbpG","biakachukwu","biakachukwu","","2011-06-08","male","Christianity","","","","","","","","","","new_student","new_student","","0","0","0","0","","0","","check_result","activated","2022-03-14 19:54:25"),
("275","2751951438c903","195","230","9","15","0","0","0","","DIVINE","","IKWUAGWU","S/21/0275","$2y$10$OwlPsbTm50zqaB9A5It4TeUJLO4Kk2A0byHUUO0lIOR69bGAHELvS","zeonglobal","zeonglobal","","2021-04-30","male","Christianity","","","","","","","","","","new_student","new_student","","0","0","0","0","","0","","check_result","activated","2022-03-14 19:55:46"),
("276","27619515fd3722","195","109","9","15","0","0","0","","KENECHUKWU","","JOE-OKEJA","S/21/0276","$2y$10$EW1o3ashvuVmnwtmxH266OU5PMjBLbWQBwD1grbnAzkVKJJcBY44G","jakenechukwu","jakenechukwu","","2010-08-07","male","Christianity","","","","","","","","","PARENT","new_student","new_student","","0","0","0","0","","0","","check_result","activated","2022-03-14 19:57:43"),
("277","27719528197346","195","231","9","15","0","0","0","","JOHNPAUL","","NGWU","S/21/0277","$2y$10$o.z3AbFkDL8q3LZtkHFYkuvyUHSnOCwcHJqNbA8TmjeHZJrLtL7S.","zeonglobal","zeonglobal","","2011-11-21","male","Christianity","","","","","","","","","","new_student","new_student","","0","0","0","0","","0","","check_result","activated","2022-03-14 19:59:19"),
("278","278195c590aeb4","195","232","9","15","0","0","0","","CHINEDU","","NNAM","S/21/0278","$2y$10$qNW9WoeJq05W1rbp9YvnGuOp1WHZG.zy1nPkCfFNwy9v9ldtT/w0i","zeonglobal","zeonglobal","","2011-04-22","male","Christianity","","","","","","","","","","new_student","new_student","","0","0","0","0","","0","","check_result","activated","2022-03-14 20:00:32"),
("279","279195b77ff3f7","195","25","9","15","0","0","0","","ZIKORA","","NSIEGBUNAM","S/21/0279","$2y$10$BPDkB7wKkSXIceyk6dfyP.cB8R0VPVW5n36ehq1uDLXtDMx50/ywW","amzikora","amzikora","","2010-10-21","male","Christianity","","","","","","","","","","new_student","new_student","","0","0","0","0","","0","","check_result","activated","2022-03-14 20:02:19"),
("280","28019528274161","195","233","9","15","0","0","0","","KAMSI","","NWAFOR","S/21/0280","$2y$10$.crjvHMrPTRs9BpZNn8/ouUol8/g8yU6uejtFUxE1xljxV6XNjmKO","zeonglobal","zeonglobal","","2012-02-28","male","Christianity","","","","","","","","","","new_student","new_student","","0","0","0","0","","0","","check_result","activated","2022-03-14 20:03:47"),
("281","2811951fdf7cda","195","39","9","15","0","0","0","","CHINONSO","","NWATU","S/21/0281","$2y$10$ceaOPn/iuXj3uGZWZVnITOG7i4FB00Oapn4wv5rrfGY16TmwQYAZ.","tuchinonso","tuchinonso","","2011-07-19","male","Christianity","","","","","","","","","","new_student","new_student","","0","0","0","0","","0","","check_result","activated","2022-03-14 20:04:23"),
("282","2821959d13f4d4","195","234","9","15","0","0","0","","JACHIKE","J","OBUTE","S/21/0282","$2y$10$znbjDuCLz6dGwhjJyQoxPOu5IGpiKr9GVlpEMWtKduQ1MIQvXUBue","zeonglobal","zeonglobal","","2011-10-25","male","Christianity","","","","","","","","","","new_student","new_student","","0","0","0","0","","0","","check_result","activated","2022-03-14 20:05:54"),
("283","283195fb1215e3","195","235","9","15","0","0","0","","KAIMA","","OGAKWU","S/21/0283","$2y$10$CTpHMTKd7W2KXO9EtnHU3uzZ7SpcEBHYuls.pZAgDPjoLQJlBiDce","zeonglobal","zeonglobal","","2011-04-04","male","Christianity","","","","","","","","","","new_student","new_student","","0","0","0","0","","0","","check_result","activated","2022-03-14 20:07:16"),
("284","2841955caae079","195","236","9","15","0","0","0","","CHIZUROKE","","OJEMBA","S/21/0284","$2y$10$abnYt7SUxqjBFzaU/EkKherjqyvRq81gAkbxU1g3kIBT0uVXbGIru","zeonglobal","zeonglobal","","2011-02-03","male","Christianity","","","","","","","","","","new_student","new_student","","0","0","0","0","","0","","check_result","activated","2022-03-14 20:08:35"),
("285","285195c5ea23dc","195","237","9","15","0","0","0","","JUSTICE","","OKEREKE","S/21/0285","$2y$10$jZPVCEoWeLS74l0EZNqcp.5NCvZoxbkRtaVrwp8Pdd5VyIsbXmoNm","zeonglobal","zeonglobal","","2011-11-15","male","Christianity","","","","","","","","","","new_student","new_student","","0","0","0","0","","0","","check_result","activated","2022-03-14 20:10:06"),
("286","286195c55952f0","195","238","9","15","0","0","0","","EBUBECHUKWU","","TOCHI-UDE","S/21/0286","$2y$10$jQUD3q83On.wFUEAisNQP.GDpTsXxPtkrpevvwZ3E033/4bBrAfFu","zeonglobal","zeonglobal","","2012-06-25","male","Christianity","","","","","","","","","","new_student","new_student","","0","0","0","0","","0","","check_result","activated","2022-03-14 20:11:43"),
("287","2871956c21ec9b","195","239","9","15","0","0","0","","PRINCESS","","ANIKE","S/21/0287","$2y$10$D5snQZ.Tc20UcifniUJIbe1NU9stN2pDesYMh74Vzt5xmgS5BpNfa","zeonglobal","zeonglobal","","2011-05-11","female","Christianity","","","","","","","","","","new_student","new_student","","0","0","0","0","","0","","check_result","activated","2022-03-14 20:12:57"),
("288","2881952ac15301","195","240","9","15","0","0","0","","NKEOMA","","CHIJIOKE","S/21/0288","$2y$10$aQeb1BCH.j4f8k6rdPZcSuo6DE6//kqBpnhD5RNVwfTTGiWPvIwZ6","zeonglobal","zeonglobal","","2012-10-28","female","Christianity","","","","","","","","","","new_student","new_student","","0","0","0","0","","0","","check_result","activated","2022-03-14 20:14:10"),
("289","2891952a0ae476","195","241","9","15","0","0","0","","NINA","","CHIME","S/21/0289","$2y$10$ymg7t6O/3mwjOTvYxtWEy.XNfdCD5xroH4aWMy1qo6SgrVlDhkKQC","zeonglobal","zeonglobal","","2012-01-05","female","Christianity","","","","","","","","","","new_student","new_student","","0","0","0","0","","0","","check_result","activated","2022-03-14 20:16:27"),
("290","290195b89530d2","195","34","9","15","0","0","0","","PURITY","","DIDIGU","S/21/0290","$2y$10$YmnciL4ljqoADKI0/j.LeugLK/jKEoEMGoDTK8U0N0qo0Q0GVV4ZC","gupurity","gupurity","","2011-02-22","female","Christianity","","","","","","","","","","new_student","new_student","","0","0","0","0","","0","","check_result","activated","2022-03-14 20:17:20"),
("291","2911950f9f9692","195","242","9","15","0","0","0","","MMESOMA","","JIDEOFOR","S/21/0291","$2y$10$xfOzUhKqDWFFt6MBbISs5OTAU39TtiEGG.wyKnsy5BJeO.2OQpzW2","zeonglobal","zeonglobal","","2011-12-03","female","Christianity","","","","","","","","","","new_student","new_student","","0","0","0","0","","0","","check_result","activated","2022-03-14 20:19:52"),
("292","292195e383af24","195","37","9","15","0","0","0","","DIAMOND","","MAMMAH","S/21/0292","$2y$10$M0UHHVVjugnOFN6bFunmT.ISrXYnOTGef1d.1zkg9iJV7foUL2cDa","ahdiamond","ahdiamond","","2011-10-14","female","Christianity","","","","","","","","","","new_student","new_student","","0","0","0","0","","0","","check_result","activated","2022-03-14 20:21:18"),
("293","293195ccdace2d","195","243","9","15","0","0","0","","GRACE","","NGBEDE","S/21/0293","$2y$10$berPj.UV.9aTXSAMrmb/q.vD8OQhbkz/NXb7kgpgxghnt.56Q3VLu","zeonglobal","zeonglobal","","2011-09-29","female","Christianity","","","","","","","","","","new_student","new_student","","0","0","0","0","","0","","check_result","activated","2022-03-14 20:22:30"),
("294","2941952c629734","195","10","9","15","0","0","0","","MARY","","NNAJI","S/21/0294","$2y$10$JZs7neZmG.JeiO19H3WxzOWrK0d7m0maOIXtG5Aaiy6/iiMKAwl..","jimary","jimary","","2011-03-25","female","Christianity","","","","","","","","","","new_student","new_student","","0","0","0","0","","0","","check_result","activated","2022-03-14 20:23:49"),
("295","2951958e1ffe18","195","244","9","15","0","0","0","","DIVINE","","NNAMDI-EZEKA","S/21/0295","$2y$10$Dz4CWkHeJHkEJMq5gdOoV.gSTjcj6vDPrZOprvPp/uHa3Gpeh5mQi","zeonglobal","zeonglobal","","2012-10-16","female","Christianity","","","","","","","","","","new_student","new_student","","0","0","0","0","","0","","check_result","activated","2022-03-14 20:25:17"),
("296","296195d190cfb6","195","245","9","15","0","0","0","","SIMDI","","NWAFOR","S/21/0296","$2y$10$f1pfTYerE9twZiguTVRcPujO2dy96fSocaqF.QjbeJzR.WN48h4NO","zeonglobal","zeonglobal","","2011-09-17","female","Christianity","","","","","","","","","","new_student","new_student","","0","0","0","0","","0","","check_result","activated","2022-03-14 20:26:40"),
("297","2971950ba5d5e8","195","246","9","15","0","0","0","","ADANNA","","NWAFOR","S/21/0297","$2y$10$idtSnDvSpsBFgjo/HKnbHO5tavx4aoMUbc6Wkv5SKPvhace.PczFq","zeonglobal","zeonglobal","","2011-04-01","female","Christianity","","","","","","","","","","new_student","new_student","","0","0","0","0","","0","","check_result","activated","2022-03-14 20:28:37"),
("298","2981953d9610e9","195","247","9","15","0","0","0","","IFUNANYA","","OBINNA","S/21/0298","$2y$10$tPVhDbCfBdc9xoJ6SWD7sOlAkU41ETS5H/G.qx5gXaRfxwYp0YGfS","zeonglobal","zeonglobal","","2011-05-26","female","Christianity","","","","","","","","","","new_student","new_student","","0","0","0","0","","0","","check_result","activated","2022-03-14 20:29:57"),
("299","2991956fbd72c0","195","248","9","15","0","0","0","","NORA","","OKAFOR","S/21/0299","$2y$10$BkRzyLCN9USEVZboaAVumOhiU0lvhAhm9Vw/G.iG2egv022oDu0Ay","zeonglobal","zeonglobal","","2011-05-07","female","Christianity","","","","","","","","","","new_student","new_student","","0","0","0","0","","0","","check_result","activated","2022-03-14 20:31:13"),
("300","300195a31e0cac","195","249","9","15","0","0","0","","KAMSI","","OMELI","S/21/0300","$2y$10$3fMQCQc0yG.7Af7chhZlDeGfaCMChUDYeQNkCUP8DkCXO1xHG9MZ6","zeonglobal","zeonglobal","","2011-12-05","female","Christianity","","","","","","","","","","new_student","new_student","","0","0","0","0","","0","","check_result","activated","2022-03-14 20:32:18");
INSERT INTO students VALUES
("301","301195029964bb","195","250","9","15","0","0","0","","KAMSI","","UDERI","S/21/0301","$2y$10$zB.OY.F9mb.9Rfm.p2WOH.W8PYNhMUsrkpDV7pC2A8hQVc0nlINna","zeonglobal","zeonglobal","","2011-04-12","female","Christianity","","","","","","","","","","new_student","new_student","","0","0","0","0","","0","","check_result","activated","2022-03-14 20:33:41"),
("302","302195a4791777","195","84","4","9","0","0","0","","JEMETONNA","","ADINDU","S/21/0302","$2y$10$Ekm1J4iSby6GGHGtSCrJcOK3TN0G7qVFnz4GPUeDKhyxFr9YBv68u","dujemetonna","dujemetonna","","2016-10-29","male","Christianity","","","","","","","","","PARENT","new_student","new_student","","0","0","0","0","","0","","check_result","activated","2022-03-15 04:21:02"),
("303","303195d5b5739c","195","251","4","9","0","0","0","","GABRIEL","","CHIME","S/21/0303","$2y$10$.6/JLfPwEdpVHa3V4NMAk.L.zjP0bHhCCBVvvxl0IQyZN23O7j.xK","zeonglobal","zeonglobal","","2016-09-14","male","Christianity","","","","","","","","","PARENT","","","","0","0","0","0","","0","","check_result","activated","2022-03-15 04:23:32"),
("304","3041955788b471","195","252","4","9","0","0","0","","ABUNDANCE","","CHUKWUKA","S/21/0304","$2y$10$COMEftgv72TRwnC8z05iyuRLsAmqgQw7g5Ap/V647kYjptDG0EKki","zeonglobal","zeonglobal","","2017-01-20","male","Christianity","","","","","","","","","PARENT","","","","0","0","0","0","","0","","check_result","activated","2022-03-15 04:26:29"),
("305","305195de11ec1f","195","253","4","9","0","0","0","","JOHNPAUL","","EKWUEME","S/21/0305","$2y$10$IhYZ4RESVKWYTyAwjfcxlOG6vmkmO55nFD3Uxx9w/njewEswTabv6","zeonglobal","zeonglobal","","2015-11-19","male","Christianity","","","","","","","","","PARENT","","","","0","0","0","0","","0","","check_result","activated","2022-03-15 04:31:38"),
("306","306195294b5136","195","219","4","9","0","0","0","","MALANGE","","GODWIN","S/21/0306","$2y$10$alk5gnI2OZDsyf.LGfurROWOwufmwu0ife08KxCadqkVgZsc0NNBK","inmalange","inmalange","","2017-01-31","male","Christianity","","","","","","","","","PARENT","","","","0","0","0","0","","0","","check_result","activated","2022-03-15 04:36:32"),
("307","30719541198e87","195","254","4","9","0","0","0","","MUNACHIMSO","","NNAJIOFOR","S/21/0307","$2y$10$OBPq.bRI9IkotEbJHMt4SOX880XukeOIEct13BqLo8aJ1ZYToBlva","zeonglobal","zeonglobal","","2016-02-07","male","Christianity","","","","","","","","","PARENT","","","","0","0","0","0","","0","","check_result","activated","2022-03-15 04:41:23"),
("308","308195be908286","195","255","4","9","0","0","0","","BRIAN","","NWACHUKWU","S/21/0308","$2y$10$fkj13Q8hEZm6g9pxTcjOhuzr/YJ5EUqRDZSGjGrfWA3p9JjrHokNy","zeonglobal","zeonglobal","","2016-06-04","male","Christianity","","","","","","","","","PARENT","","","","0","0","0","0","","0","","check_result","activated","2022-03-15 04:51:47"),
("309","309195bbbed14d","195","256","4","9","0","0","0","","JIDECHUKWU","","NSIEGBUNAM","S/21/0309","$2y$10$WyEeFK4AJjabxjLc7rV/4uowexSESBGwS42T.P.X7wn7LEMM6yR06","zeonglobal","zeonglobal","","2016-02-21","male","Christianity","","","","","","","","","PARENT","","","","0","0","0","0","","0","","check_result","activated","2022-03-15 04:55:13"),
("310","310195d1bd692b","195","257","4","9","0","0","0","","CHIDUBEM","","NWAKAMA","S/21/0310","$2y$10$Yr2j7u/gNwBs.gNqeGH/tu48N/oeVtuJ1SzgZkn6sphKUyZ9wCqw6","zeonglobal","zeonglobal","","2015-09-15","male","Christianity","","","","","","","","","PARENT","","","","0","0","0","0","","0","","check_result","activated","2022-03-15 04:58:47"),
("311","311195c1b54f13","195","194","4","9","0","0","0","","IFECHUKWU","","OBUEZE","S/21/0311","$2y$10$f0ZF8h21Hb37MZ1YWUlW1OIbLLLAtM2dzu3.PYdEb/jFDeGx8PWOm","zeifechukwu","zeifechukwu","","2016-04-05","male","Christianity","","","","","","","","","PARENT","new_student","new_student","","0","0","0","0","","0","","check_result","activated","2022-03-15 05:00:07"),
("312","31219501bab7fd","195","258","4","9","0","0","0","","EMMANUEL","","ODO","S/21/0312","$2y$10$s6LmVLuzT5iY0HrMZu6sUeSTEzLrCJHHi2bEH.US4E2vcHHG9MFSG","zeonglobal","zeonglobal","","2014-11-20","male","Christianity","","","","","","","","","PARENT","","","","0","0","0","0","","0","","check_result","activated","2022-03-15 05:02:54"),
("313","313195a950fc0d","195","136","4","9","0","0","0","","VICTORY","","OGBOZOR","S/21/0313","$2y$10$6mTFS7ag/YnbfVEdWNwtOOxoauMryk8ij7x/SVAkdLh9AnMLumf7O","orvictory","orvictory","","2016-11-30","male","Christianity","","","","","","","","","PARENT","","","","0","0","0","0","","0","","check_result","activated","2022-03-15 05:04:06"),
("314","31419597ad281a","195","181","4","9","0","0","0","","CHIAGOZIE","","OKPOKWU","S/21/0314","$2y$10$MAQlmQgJDkEL3PkOItpD5eEAhvASlK44wRjnq6NvDig97A2L8Extu","wuchiagozie","wuchiagozie","","2016-07-01","male","Christianity","","","","","","","","","PARENT","","","","0","0","0","0","","0","","check_result","activated","2022-03-15 05:05:36"),
("315","31519526c4ae0d","195","259","4","9","0","0","0","","CHIEMERE","","OMELI","S/21/0315","$2y$10$HzzsPcGP5rYiej7uzsjaSepo3C8iGfUqj7MLPRYQHmD7IaTXmxQ.W","zeonglobal","zeonglobal","","2016-07-15","male","Christianity","","","","","","","","","PARENT","","","","0","0","0","0","","0","","check_result","activated","2022-03-15 05:09:40"),
("316","316195ad8c43fa","195","260","4","9","0","0","0","","ELVIS","","UZOECHI","S/21/0316","$2y$10$L2RwPozaO9RxrJV3dTcrhOznwSNbJhb9lcf3kgkyx2RyAl39ulInW","zeonglobal","zeonglobal","","2016-01-16","female","Christianity","","","","","","","","","PARENT","","","","0","0","0","0","","0","","check_result","activated","2022-03-15 05:14:10"),
("317","31719533c0cf28","195","42","4","9","0","0","0","","OKEMSINACHI","","UZOIGWE","S/21/0317","$2y$10$ATkqPmxaF8y9XpPsQyPxIucCZlsy2FLsBbfAcsE9v8aoe6FuXLG9q","weokemsinachi","weokemsinachi","","2016-10-10","male","Christianity","","","","","","","","","PARENT","","","","0","0","0","0","","0","","check_result","activated","2022-03-15 05:15:48"),
("318","318195a4e22b1c","195","110","4","9","0","0","0","","MARVELLOUS","","ADEJUMO","S/21/0318","$2y$10$eDRuxvGf2d38KXLuSWaiE.CcG8HkBT3QhuTXjr6uDd.jVYT.pkYb2","momarvellous","momarvellous","","2016-10-13","female","Christianity","","","","","","","","","PARENT","","","","0","0","0","0","","0","","check_result","activated","2022-03-15 05:17:44"),
("319","319195aa725a11","195","227","4","9","0","0","0","","KENDRA","","ARUM","S/21/0319","$2y$10$4jO.Racdp9wcgVUn.swunuoSxT.jl64/SEYxAr48tABrPxJArvAjO","umkendra","umkendra","","2016-09-26","female","Christianity","","","","","","","","","PARENT","","","","0","0","0","0","","0","","check_result","activated","2022-03-15 05:19:54"),
("320","3201951afd5a40","195","261","4","9","0","0","0","","TEHILLA","","EMAKHU","S/21/0320","$2y$10$C57FuX6D5xoyS6KJ1g8mrus6.Fs7AvkWitDbiwMAMUGj3PJdRMqHG","zeonglobal","zeonglobal","","2016-11-18","female","Christianity","","","","","","","","","PARENT","","","","0","0","0","0","","0","","check_result","activated","2022-03-15 05:25:33"),
("321","32119584a10b54","195","262","4","9","0","0","0","","PRECIOUS","","EMBUGUS","S/21/0321","$2y$10$cKlcw7G0OnQInhq3ZBpXJeeu6PcvsAGsdhFgHZ/xguEJ7qcsoCShm","zeonglobal","zeonglobal","","2016-10-21","female","Christianity","","","","","","","","","PARENT","","","","0","0","0","0","","0","","check_result","activated","2022-03-15 05:29:46"),
("322","322195c18c76e6","195","262","4","9","0","0","0","","PEACE","","EMBUGUS","S/21/0322","$2y$10$cPw3AQ2z4H4IfzlSYLkcbuwoFwjQTRmAVWsCTdYOwuhxPWYy7I1P6","uspeace","uspeace","","2016-10-21","female","Christianity","","","","","","","","","PARENT","","","","0","0","0","0","","0","","check_result","activated","2022-03-15 05:31:36"),
("323","323195511cd883","195","263","4","9","0","0","0","","MARYCLAIRE","","EMEJURU","S/21/0323","$2y$10$OZlUEscY5Jz.nNgavclgn./T3DGutLoRJQbNIF0M44n6yKOsgH9e2","zeonglobal","zeonglobal","","2016-05-05","female","Christianity","","","","","","","","","PARENT","","","","0","0","0","0","","0","","check_result","activated","2022-03-15 05:34:51"),
("324","3241959c9ad4a3","195","264","4","9","0","0","0","","CHIMAMANDA","","EZE","S/21/0324","$2y$10$Cfk9tVUppDQdRAYils46AenIAp1uk9KGCrDXID7/t551bEn5QbqUy","zeonglobal","zeonglobal","","2017-01-09","female","Christianity","","","","","","","","","PARENT","","","","0","0","0","0","","0","","check_result","activated","2022-03-15 05:39:44"),
("325","3251959e732686","195","101","4","9","0","0","0","","CHISIMDI","","EZE","S/21/0325","$2y$10$6DttdPWyRto7BH8f68kyN.O1r88WwtoPWnwu7SW3h6p9cspxUos8.","zechisimdi","zechisimdi","","2016-01-17","female","Christianity","","","","","","","","","PARENT","","","","0","0","0","0","","0","","check_result","activated","2022-03-15 05:42:04"),
("326","326195347aa3aa","195","265","4","9","0","0","0","","JESSIE","","EZEOCHA","S/21/0326","$2y$10$7PciNGE7QACNhrE.lB2RK.G/QYZieMQ41B3z2N.5VkVW/VpoAOxFe","zeonglobal","zeonglobal","","2016-09-29","female","Christianity","","","","","","","","","PARENT","","","","0","0","0","0","","0","","check_result","activated","2022-03-15 05:49:03"),
("327","327195cca25043","195","266","4","9","0","0","0","","KIMBERLY","","MAMMET","S/21/0327","$2y$10$LglBhRxvgSueEdxZZlTbwOM2u3si9VAoL/7/8po0HcEfhzvJfUUOy","zeonglobal","zeonglobal","","2016-09-17","male","Christianity","","","","","","","","","PARENT","","","","0","0","0","0","","0","","check_result","activated","2022-03-15 05:53:26"),
("328","32819597c1275f","195","248","4","9","0","0","0","","NANCY","","OKAFOR","S/21/0328","$2y$10$kj/twERJAQT2io89O2NPXufzn0A52UUS/HR63llGxT9d2zidCDHrG","ornancy","ornancy","","2016-08-19","female","Christianity","","","","","","","","","PARENT","","","","0","0","0","0","","0","","check_result","activated","2022-03-15 05:54:48"),
("329","329195c466d8bf","195","267","4","9","0","0","0","","CHIKANYIMMA","","OKOLO","S/21/0329","$2y$10$MH6RZcsVmKDG0Q6SW4S.yuT9x65ohAl35t.lCZ1UFw9WSbqtB/OaW","zeonglobal","zeonglobal","","2022-03-15","female","Christianity","","","","","","","","","PARENT","","","","0","0","0","0","","0","","check_result","activated","2022-03-15 05:58:34"),
("330","330195a8c72bad","195","0","4","9","0","0","0","","AMARACHI","","ORIAKU","S/21/0330","$2y$10$g3eXfcKccsdDdofiAiIgauKQoIg7bpCm8Whutz7fBKKUV5As5TBx6","kuamarachi","kuamarachi","","2016-04-08","female","Christianity","","","","","","","","","PARENT","","","","0","0","0","0","","0","","check_result","activated","2022-03-15 05:59:42"),
("331","3311957fe24650","195","268","1","17","0","0","0","","CHIMDALU","","UGWU","S/21/0331","$2y$10$luNhG37Uar373ctB2dFKCO8jpRavX0jxC6m.JO9VQ1m/OxXH4Zz6S","zeonglobal","zeonglobal","","2019-10-22","female","Christianity","","","","","","","","","PARENT","new_student","new_student","","0","0","0","0","","0","","check_result","activated","2022-03-15 09:08:21"),
("332","332195607d62b7","195","269","1","17","0","0","0","","AKACHUKWU","","OKWYABBA","S/21/0332","$2y$10$a3dsh4IPrK0jxzbEosXJnO9Q39VrHUvfez.qPMK6jBGWOfq6Mf1eS","zeonglobal","zeonglobal","","2021-09-29","male","Christianity","","","","","","","","","PARENT","","","","0","0","0","0","","0","","check_result","activated","2022-03-15 09:10:47"),
("333","3331952ca9b820","195","270","1","17","0","0","0","","CHIMSIMNURA","","OKWUDILI","S/21/0333","$2y$10$fVR5Yp/bzy3LPuwfYvrARutFH8DR83U3OEgEVTN7nB2Sxovdci3We","zeonglobal","zeonglobal","","2019-04-16","female","Christianity","","","","","","","","","PARENT","new_student","new_student","","0","0","0","0","","0","","check_result","activated","2022-03-15 09:16:49"),
("334","3341959e52ef38","195","62","1","17","0","0","0","","CHIZARAM","","EZUMA","S/21/0334","$2y$10$adZ5WS/eiIwpYOgVtai0u.hSQ6QzIrJqiRTRjaccgOacWXC77vG5i","machizaram","machizaram","","2019-08-16","female","Christianity","","","","","","","","","PARENT","new_student","new_student","","0","0","0","0","","0","","check_result","activated","2022-03-15 09:19:50"),
("335","335195ef249fde","195","271","1","17","0","0","0","","TREASURE","","OZOCHIMA","S/21/0335","$2y$10$E2PcyfkKSyIhNqKUvSxYTO4qZ7eno4wt.m06krAV1/QMm8yTaI8vC","zeonglobal","zeonglobal","","2019-06-20","female","Christianity","","","","","","","","","PARENT","new_student","new_student","","0","0","0","0","","0","","check_result","activated","2022-03-15 09:24:26"),
("336","336195d637b73d","195","272","1","17","0","0","0","","CHIBUFEM","OLIVE","OKECHUKWU","S/21/0336","$2y$10$O9vPyaz525KEm2B1mQJwGu9cqhmtYlE5ROKFEd8CA71a220Ggudhu","zeonglobal","zeonglobal","","2020-02-12","female","Christianity","","","","","","","","","PARENT","new_student","new_student","","0","0","0","0","","0","","check_result","activated","2022-03-15 09:28:41"),
("337","337195cff8c19d","195","273","1","17","0","0","0","","NMASICHUKWU","","ONYEMACHI","S/21/0337","$2y$10$BS4xrl2pkRp8cgydgPa/7ecsoFN1cFeBMp1JCrACAcYdmBMEzL9Ie","zeonglobal","zeonglobal","","2019-07-20","female","Christianity","","","","","","","","","PARENT","","","","0","0","0","0","","0","","check_result","activated","2022-03-15 09:33:05"),
("338","3381956df5776a","195","274","1","17","0","0","0","","CHIKANYIMA","","OPPAH","S/21/0338","$2y$10$pNqrHluH/02X0LhDdSHw8uZbuxjkqjG9dfcCkgSAqoC/gSqoW/TrS","zeonglobal","zeonglobal","","2019-10-04","female","Christianity","","","","","","","","","PARENT","","","","0","0","0","0","","0","","check_result","activated","2022-03-15 09:38:54"),
("339","339195de39ed21","195","274","1","17","0","0","0","","CHIKAMSO","","OPPAH","S/21/0339","$2y$10$isl6AbFnbScUYvNrs4/ske6BjKk2rI0mrvOzyy9uroMtGa7xzllk6","ahchikamso","ahchikamso","","2019-10-04","female","Christianity","","","","","","","","","PARENT","","","","0","0","0","0","","0","","check_result","activated","2022-03-15 09:39:58"),
("340","340195e0fb4adc","195","275","1","17","0","0","0","","KAMSIYO","","OKONKWO","S/21/0340","$2y$10$GT7SeexsVWpchN5SyBnTCe75cqy5ebfF.sGbqR0sKuHHng/FUMK7y","zeonglobal","zeonglobal","","2020-02-03","male","Christianity","","","","","","","","","PARENT","new_student","new_student","","0","0","0","0","","0","","check_result","activated","2022-03-15 09:42:39"),
("341","34119576db2b5d","195","184","1","17","0","0","0","","RALUCHUKWU","","ONUIGBO","S/21/0341","$2y$10$xf/v/.F8cjBDK2sD6m2pA.KMAE6m89w4YJpxbPoKq9PJr0lwA5Rda","boraluchukwu","boraluchukwu","","2019-05-19","female","Christianity","","","","","","","","","PARENT","","","","0","0","0","0","","0","","check_result","activated","2022-03-15 09:45:03"),
("342","3421951fb14389","195","276","1","17","0","0","0","","MMESOMA","","OKORO","S/21/0342","$2y$10$TueBr.x94ewzVXKonC3dXuhXZ6XZHWb8DB4R3AMjGukUtz.bK7VDK","zeonglobal","zeonglobal","","2019-10-15","female","Christianity","","","","","","","","","PARENT","","","","0","0","0","0","","0","","check_result","activated","2022-03-15 09:48:44"),
("343","343195bc219ca8","195","71","1","17","0","0","0","","IFECHUKWU","","UGWU","S/21/0343","$2y$10$kQMN3xB.cYdcLJSFc7Ezo.9SY8ya5jr6L3hFkt0iLghG0UlABcQ8m","wuifechukwu","wuifechukwu","","2019-02-24","male","Christianity","","","","","","","","","PARENT","","","","0","0","0","0","","0","","check_result","activated","2022-03-15 09:49:59"),
("344","344195af4e593e","195","277","1","17","0","0","0","","UCHENNA","","ORJI","S/21/0344","$2y$10$p58SSRReCamqcrktNI/1h.RJUesnsWTaJ8ElvMloXX97Avoh9z1h2","zeonglobal","zeonglobal","","2019-11-08","male","Christianity","","","","","","","","","PARENT","","","","0","0","0","0","","0","","check_result","activated","2022-03-15 09:53:08"),
("345","34519507c2b371","195","278","1","17","0","0","0","","MUNACHI","","ONYEBUCHI","S/21/0345","$2y$10$wDeK6XettNy2ZodI/uPDEOgm1uySKGY7nG.NV4VEazNtMGd2dHlQm","zeonglobal","zeonglobal","","2019-05-05","male","Christianity","","","","","","","","","PARENT","","","","0","0","0","0","","0","","check_result","activated","2022-03-15 09:58:40"),
("346","346195597220b3","195","279","1","17","0","0","0","","REX","","CHIME","S/21/0346","$2y$10$SWUgd5rlP4P7ycXfx2IsH.ioli0kjqDqOo1.UbLhmFfR.wNAzIpBK","zeonglobal","zeonglobal","","2019-03-09","male","Christianity","","","","","","","","","PARENT","new_student","new_student","","0","0","0","0","","0","","check_result","activated","2022-03-15 10:01:52"),
("347","3471953799c63d","195","280","1","17","0","0","0","","OSINACHUKWU","","NWEKE","S/21/0347","$2y$10$TCg5QncCLU7Q7e37/Ot2nOC7Uavop9deVYEKzwxy9Jgm9FEeZN6Bm","zeonglobal","zeonglobal","","2019-06-06","female","Christianity","","","","","","","","","PARENT","","","","0","0","0","0","","0","","check_result","activated","2022-03-15 10:04:31"),
("348","3481957deb2d57","195","281","1","17","0","0","0","","CHIMDALU","","OKORIE","S/21/0348","$2y$10$CS7AO8rUzkYo8pFQE17PF.1Ap4ksDukR2nminIQmylBzq0/zwE21u","zeonglobal","zeonglobal","","2019-05-11","female","Christianity","","","","","","","","","PARENT","new_student","new_student","","0","0","0","0","","0","","check_result","activated","2022-03-15 10:07:01"),
("349","349195e4f5675c","195","282","1","17","0","0","0","","CHUKWUDI","","OKONKWO","S/21/0349","$2y$10$8shKTs8n6yZgrlj3QFED4u9.FANsVrPdkMjapos8nh491kEwRN9O.","zeonglobal","zeonglobal","","2018-08-31","male","Christianity","","","","","","","","","PARENT","","","","0","0","0","0","","0","","check_result","activated","2022-03-15 10:09:02"),
("350","350195201cbf3f","195","282","1","17","0","0","0","","CHIDUBEM","","OKONKWO","S/21/0350","$2y$10$68y/YnfU4sfDubvPjuWKJuEbvVU.XAk5zuNRRlXJeUE0y7xYwWfPW","wochidubem","wochidubem","","2018-08-31","male","Christianity","","","","","","","","","PARENT","","","","0","0","0","0","","0","","check_result","activated","2022-03-15 10:09:56"),
("351","351195380d8dd9","195","283","1","17","0","0","0","","BONAFRANCIS","","CHIZITEREM","S/21/0351","$2y$10$3QVQvw.CoeOkf1EJwjYd9uwaF2/PyKmeYqyfActhPsZh.M7NZnbiK","zeonglobal","zeonglobal","","2019-09-09","male","Christianity","","","","","","","","","PARENT","","","","0","0","0","0","","0","","check_result","activated","2022-03-15 10:16:40"),
("352","3521951e6cfe78","195","284","1","17","0","0","0","","CHIDERA","","ORABUEZE","S/21/0352","$2y$10$b7yD8IwiKPJDKlmFK4oSDufnLVZ7mPDGWy6IqeBcfXpulN/73nUV.","zeonglobal","zeonglobal","","2020-02-20","female","Christianity","","","","","","","","","PARENT","new_student","new_student","","0","0","0","0","","0","","check_result","activated","2022-03-15 11:00:03"),
("353","3531958d48736f","195","285","1","17","0","0","0","","LOTACHUKWU","CHRISTINE","ENE","S/21/0353","$2y$10$dnhhwlrjksvsBuQg6hIMROlb1mwgYprk1.wd/vZAKnTVadD5SndUm","zeonglobal","zeonglobal","","2019-07-21","female","Christianity","","","","","","","","","PARENT","","","","0","0","0","0","","0","","check_result","activated","2022-03-15 11:05:46"),
("354","354195d07ba42b","195","286","1","17","0","0","0","","OLIVIA","CHIMBUSOMA","UGWU","S/21/0354","$2y$10$vbh3rtXQDgmyduIXhs76cuo8GqM27OSaOMGNg/p9YvzJVcmugoHca","zeonglobal","zeonglobal","","2019-03-05","female","Christianity","","","","","","","","","PARENT","","","","0","0","0","0","","0","","check_result","activated","2022-03-15 11:07:57"),
("355","3551958178f2a1","195","287","1","18","0","0","0","","CHIMADIKA","","AGUJIOBI","S/21/0355","$2y$10$ckMUI6xZGH5OYZBz6jJN3Oe18PJPNSPV3TGAHocpjBoxRsBcp4r3q","zeonglobal","zeonglobal","","2019-08-15","male","Christianity","","","","","","","","","PARENT","","","","0","0","0","0","","0","","check_result","activated","2022-03-15 11:11:12"),
("356","356195c2611a83","195","288","1","18","0","0","0","","OGECHUKWU","","ACHI","S/21/0356","$2y$10$J4QZQf2rwC5zQhixWN7Cduljnyki1zJ1FXPaa0RoScgwGpmOO7fI6","zeonglobal","zeonglobal","","2019-08-01","female","Christianity","","","","","","","","","PARENT","","","","0","0","0","0","","0","","check_result","activated","2022-03-15 11:14:25"),
("357","35719519447112","195","157","1","18","0","0","0","","CHIMAGOZIRIM","","ADONU","S/21/0357","$2y$10$PaSR6XwinbLhnKrInWQk/OFclnvnwqOlo9lYoX7IGErBDOt58GvHa","nuchimagozirim","nuchimagozirim","","2019-09-20","male","Christianity","","","","","","","","","PARENT","","","","0","0","0","0","","0","","check_result","activated","2022-03-15 11:16:13"),
("358","358195910cc824","195","113","1","18","0","0","0","","MIRACLE","","ANIGBOGU","S/21/0358","$2y$10$p38SnvR9BK1/ha8Z5awfi.ELQZkKMSYiTYQVRqrseud3cDdGJD11y","gumiracle","gumiracle","","2019-11-11","female","Christianity","","","","","","","","","PARENT","","","","0","0","0","0","","0","","check_result","activated","2022-03-15 11:17:34"),
("359","35919524b3c48e","195","289","1","18","0","0","0","","FELICITY","","CHIDI","S/21/0359","$2y$10$WVWWVUPYZjU/4nsGrtjSae.4iCltrc5Ya7ieb3thTGUbWlXC5M9j.","zeonglobal","zeonglobal","","2019-04-24","female","Christianity","","","","","","","","","PARENT","","","","0","0","0","0","","0","","check_result","activated","2022-03-15 11:22:50"),
("360","3601952aeddcfe","195","290","1","18","0","0","0","","CHIMAMANDA","","CHIGBO","S/21/0360","$2y$10$hUkiGz8DCmAM6XpPAONfp.gzJZSDpccAFfU5SHelQLi9abomVMaES","zeonglobal","zeonglobal","","2019-07-17","female","Christianity","","","","","","","","","PARENT","","","","0","0","0","0","","0","","check_result","activated","2022-03-15 11:26:29"),
("361","361195ab242bbc","195","291","1","18","0","0","0","","CHIBUIKEM","","CHUKWU-EZE","S/21/0361","$2y$10$a/equTzRoUdKjQVv7GlF6ewQNJUMEPMS4dYUN7G.HwllcrjXm6CVC","zeonglobal","zeonglobal","","2019-11-21","male","Christianity","","","","","","","","","PARENT","","","","0","0","0","0","","0","","check_result","activated","2022-03-15 11:31:30"),
("362","362195cc60804a","195","292","1","18","0","0","0","","CHIMDINDU","MICHELLE","CHUKWUARINZE","S/21/0362","$2y$10$Q5e5m8j6XDqI87.WUx8Vp.CJaxVnBydshv3y8anxiDDG6zZplhsl.","zeonglobal","zeonglobal","","2019-04-30","female","Christianity","","","","","","","","","PARENT","","","","0","0","0","0","","0","","check_result","activated","2022-03-15 11:39:48"),
("363","3631954bdfa178","195","293","1","18","0","0","0","","CHIMAKASINMA","MICHELLE","CHUKWUEMEKA","S/21/0363","$2y$10$5JyUmAzevN1RMbL/swM6cekw4v6XfzN1gNAdIkh8CqWJ2FQ6UEMBK","zeonglobal","zeonglobal","","2018-07-11","female","Christianity","","","","","","","","","PARENT","","","","0","0","0","0","","0","","check_result","activated","2022-03-15 11:47:17"),
("364","36419562fcb22e","195","138","1","18","0","0","0","","ISIOMA","HELEN","CHUKWUJINDU","S/21/0364","$2y$10$T0DlMeBagBlPAxcNBReG6.j1WOmZ80AH4VQFUO6YwQdELeunTQ1jK","duisioma","duisioma","","2019-06-24","female","Christianity","","","","","","","","","PARENT","","","","0","0","0","0","","0","","check_result","activated","2022-03-15 13:02:57"),
("365","365195f43955c0","195","138","1","18","0","0","0","","HELENA","NGOZIKA","CHUKWUJINDU","S/21/0365","$2y$10$f5Uz1u2YS7kGrAipyTYMGOSXVQ2ZNYxH.0X06PLHohppKSh0QuOqC","duhelena","duhelena","","2019-06-24","female","Christianity","","","","","","","","","PARENT","","","","0","0","0","0","","0","","check_result","activated","2022-03-15 13:04:07"),
("366","366195f1d46093","195","294","1","18","0","0","0","","SOPHIA","CHIMAMANDA","NWOBODO","S/21/0366","$2y$10$JKsyKf9zv6vIAhdjBcxLIuxET6UVB5EjB4dNtsFrlAnsGqzbz9gFK","zeonglobal","zeonglobal","","2019-10-31","female","Christianity","","","","","","","","","PARENT","","","","0","0","0","0","","0","","check_result","activated","2022-03-15 13:08:33"),
("367","367195ac1276d5","195","295","1","18","0","0","0","","MARIO","CHIBUIKEM","NWOGU","S/21/0367","$2y$10$7XoH2xrCM9l3EwtfEmI1iuYBe3r71mzwne0Jt8UWkI8t4xlIJRxxm","zeonglobal","zeonglobal","","2019-05-09","male","Christianity","","","","","","","","","PARENT","","","","0","0","0","0","","0","","check_result","activated","2022-03-15 13:27:09"),
("368","368195f28765dd","195","296","1","18","0","0","0","","SOMKENECHUKWU","","NNAJIOFOR","S/21/0368","$2y$10$jca9e/8LhYUMCg2VBzJ8zuubOz.PcNhUdsA3K0RyLMkqVyXmlAuG2","zeonglobal","zeonglobal","","2019-12-03","female","Christianity","","","","","","","","","PARENT","","","","0","0","0","0","","0","","check_result","activated","2022-03-15 13:30:07"),
("369","369195020b8f1a","195","297","1","18","0","0","0","","CONNELL","","OBE","S/21/0369","$2y$10$Al.qR9eFxcD0EJmIUbHifOMXRVd5FdrPESO54SqSd2KPU5XGmX/km","zeonglobal","zeonglobal","","2019-09-12","male","Christianity","","","","","","","","","PARENT","","","","0","0","0","0","","0","","check_result","activated","2022-03-15 13:33:09"),
("370","370195b2566968","195","298","1","18","0","0","0","","UGOMSINACHI","","OBU","S/21/0370","$2y$10$pnXd9jJImNxjPgWd6.mn3O/Tmo.pPkhsdl2vTzD7Ze1NMk0Xp2R.a","zeonglobal","zeonglobal","","2019-08-01","male","Christianity","","","","","","","","","PARENT","","","","0","0","0","0","","0","","check_result","activated","2022-03-15 13:36:26"),
("371","371195b63da243","195","299","1","18","0","0","0","","NNEOMA","","OKORIE","S/21/0371","$2y$10$ElSkxw3k/Ioq4iCzoJHvW.MrpiunuQieWaof8mkTVDtOjr5z8ggVu","zeonglobal","zeonglobal","","2019-09-25","female","Christianity","","","","","","","","","PARENT","","","","0","0","0","0","","0","","check_result","activated","2022-03-15 13:41:00"),
("372","37219506d329c8","195","300","1","18","0","0","0","","ONWUMELU","","OBI","S/21/0372","$2y$10$W7vuF6aShTj4vwJ0csnYgOeleE74WFSJlpP6QlqzkKMFOv1ayKeAe","zeonglobal","zeonglobal","","2019-09-16","male","Christianity","","","","","","","","","PARENT","","","","0","0","0","0","","0","","check_result","activated","2022-03-15 13:45:38"),
("373","3731953dd68f17","195","301","1","18","0","0","0","","KIARA","","OBODOZIE","S/21/0373","$2y$10$3EgXyaME0j4lwRkSXHcW/eA8noifykE5Ht2c7oY1Qp4ljFzMFgnCy","zeonglobal","zeonglobal","","2019-05-21","female","Christianity","","","","","","","","","PARENT","","","","0","0","0","0","","0","","check_result","activated","2022-03-15 13:53:57"),
("374","3741950a42eda2","195","302","1","18","0","0","0","","IFUNANYA","","CHUKWUEMEKA","S/21/0374","$2y$10$4dtgRiCN2qbTiOIslvQQjex3iIDzRjwB96f2JTUknc.XEbDymL2WC","zeonglobal","zeonglobal","","2019-07-22","female","Christianity","","","","","","","","","PARENT","","","","0","0","0","0","","0","","check_result","activated","2022-03-15 13:58:41"),
("375","3751957074fc42","195","303","1","18","0","0","0","","EXCEL","","EDE","S/21/0375","$2y$10$mEvOzNofgW34JornJWJhdusvzq24/p2GY2ofAuGtTxpiOhLFf9DZq","zeonglobal","zeonglobal","","2019-10-14","male","Christianity","","","","","","","","","PARENT","","","","0","0","0","0","","0","","check_result","activated","2022-03-15 14:07:10"),
("376","3761950e1c7d94","195","304","1","18","0","0","0","","KAIRALUCHI","","MBA","S/21/0376","$2y$10$RZAyEd/sZYz8rruWwo4ec.vEF9Ml7yycr7d/3S7QzSVkN7EBXaRUm","zeonglobal","zeonglobal","","2019-01-03","female","Christianity","","","","","","","","","PARENT","new_student","new_student","","0","0","0","0","","0","","check_result","activated","2022-03-15 14:10:26"),
("377","377195841d0673","195","304","1","18","0","0","0","","CHIKAIMA","","MBA","S/21/0377","$2y$10$GC7uCiNaByCnz7nCL615W.zNGoAZvO0TclJNaUq.Sy1984ETmWbam","bachikaima","bachikaima","","2019-01-03","male","Christianity","","","","","","","","","PARENT","new_student","new_student","","0","0","0","0","","0","","check_result","activated","2022-03-15 14:11:43"),
("378","3781951603409c","195","305","1","18","0","0","0","","PENIEL","","MBAONU","S/21/0378","$2y$10$t8po1gDN4gPtDnt1NlTnb.6zuAXos/9qv5Qrx8/R1UU.cnGtvhRkK","zeonglobal","zeonglobal","","2019-11-23","female","Christianity","","","","","","","","","PARENT","new_student","new_student","","0","0","0","0","","0","","check_result","activated","2022-03-15 14:14:59"),
("379","3791958ad2736e","195","193","1","18","0","0","0","","ADANNA","","OKEKE","S/21/0379","$2y$10$ek8zlrAud7gyb4D3KyHKrO0WWA7sUQa6yLbOUedakeFjBlW/TRNRW","keadanna","keadanna","","2019-08-18","female","Christianity","","","","","","","","","PARENT","","","","0","0","0","0","","0","","check_result","activated","2022-03-15 14:21:40"),
("380","3801955ffcc5ef","195","306","1","18","0","0","0","","CHIMAMANDA","","NGENE","S/21/0380","$2y$10$YZsXVUaUYNUlOWyDQGNx8.DwwFrYD2HOQSmAHHDml9UI9hBSHdj1C","zeonglobal","zeonglobal","","2019-12-12","female","Christianity","","","","","","","","","PARENT","new_student","new_student","","0","0","0","0","","0","","check_result","activated","2022-03-15 14:24:12"),
("381","381195db2e028d","195","307","1","19","0","0","0","","UGOMSINADI","","ASOGWU","S/21/0381","$2y$10$SPeN5EwkQcpUB3.Kr8CX5uZcklYQt3EIXJoj.oTIV40mXKyWSiX02","zeonglobal","zeonglobal","","2019-06-14","female","Christianity","","","","","","","","","PARENT","","","","0","0","0","0","","0","","check_result","activated","2022-03-15 14:30:09"),
("382","38219520e9d4a8","195","308","1","19","0","0","0","","NNABUIHE","OJINNATA","EKENNE","S/21/0382","$2y$10$U14fHf89VbGnIBufrM.tSucbNVNdKDGKDJY0ActMMdPPLr8oVm8Ry","zeonglobal","zeonglobal","","2019-05-03","male","Christianity","","","","","","","","","PARENT","","","","0","0","0","0","","0","","check_result","activated","2022-03-15 14:40:44"),
("383","383195b30d9692","195","309","1","19","0","0","0","","CHIZARA","","EKEOWA","S/21/0383","$2y$10$ERjUuhvK5D3lv3H5lq8X6u9JcaXRAEsL3LWW80NQMzxPxh3IMMYf6","zeonglobal","zeonglobal","","2019-04-05","female","Christianity","","","","","","","","","PARENT","","","","0","0","0","0","","0","","check_result","activated","2022-03-15 14:44:18"),
("384","384195ad8179ff","195","310","1","19","0","0","0","","AMARACHI","","EMMANUEL","S/21/0384","$2y$10$BoT.eGfSulpKlEduUThi.ONBCvq6/93Ip.1IdOl/Ntx1HyPh50Jl2","zeonglobal","zeonglobal","","2019-05-29","female","Christianity","","","","","","","","","PARENT","","","","0","0","0","0","","0","","check_result","activated","2022-03-15 14:47:19"),
("385","385195d3c232ee","195","4","1","19","0","0","0","","NNAYELUGO","","EZE","S/21/0385","$2y$10$K2KBdBpiANuJgvVxp8axXuvWNs/fRXPYLpoJyKZrt1lUlsNS1tOs6","zennayelugo","zennayelugo","","2018-09-20","male","Christianity","","","","","","","","","PARENT","","","","0","0","0","0","","0","","check_result","activated","2022-03-15 14:58:12"),
("386","386195db5d08fb","195","311","1","19","0","0","0","","KEONNA","","EZEMMA","S/21/0386","$2y$10$I.6sR1JiBNkNy6sJh3SYmOpy4/VMxDczLHotBuFd1xSTwRi0rvfI6","zeonglobal","zeonglobal","","2019-12-06","female","Christianity","","","","","","","","","PARENT","new_student","new_student","","0","0","0","0","","0","","check_result","activated","2022-03-15 15:04:33"),
("387","3871957f96bb88","195","312","1","19","0","0","0","","EPIPHANY","","EZEUGWU","S/21/0387","$2y$10$qhohkJy/KX56AwktDPi3luHGvVt9R6tYiKlN4I1sycfiinooeFdPy","zeonglobal","zeonglobal","","2020-01-29","female","Christianity","","","","","","","","","PARENT","","","","0","0","0","0","","0","","check_result","activated","2022-03-15 15:08:56"),
("388","3881959baee044","195","313","1","19","0","0","0","","GIDEON","","IKECHUKWU","S/21/0388","$2y$10$zZdz2IiVEoY6iMFgeY0OZ.0f6RXRnsYd76H245cfl7iR0Qu53yMkG","zeonglobal","zeonglobal","","2021-08-01","male","Christianity","","","","","","","","","PARENT","","","","0","0","0","0","","0","","check_result","activated","2022-03-15 15:11:37"),
("389","389195690534f9","195","314","1","19","0","0","0","","BASIL","","IWUCHUKWU","S/21/0389","$2y$10$wv48ucpCX6RAMzEpaxBAG.9564ovLfHIdjTttr7d5HaW0ELSCSK.2","zeonglobal","zeonglobal","","2019-08-18","male","Christianity","","","","","","","","","PARENT","","","","0","0","0","0","","0","","check_result","activated","2022-03-15 15:15:04"),
("390","390195ea218d84","195","202","1","19","0","0","0","","DANIEL","","LAWAL","S/21/0390","$2y$10$x6449gbX9b8SkXw8Hkc0SeBc5IhjTX5nBkRikihBBgdboGVhH8f1S","aldaniel","aldaniel","","2019-04-23","male","Christianity","","","","","","","","","PARENT","","","","0","0","0","0","","0","","check_result","activated","2022-03-15 15:17:13"),
("391","39119537a7270a","195","9","1","19","0","0","0","","IFECHUKWU","","NJEZE","S/21/0391","$2y$10$ugkX9EDCjt9kNyTQ/0z5JuhvXRQ1n5UDt4/OBAZAwbc004sIwg.wG","zeifechukwu","zeifechukwu","","2019-03-07","male","Christianity","","","","","","","","","PARENT","","","","0","0","0","0","","0","","check_result","activated","2022-03-15 15:19:30"),
("392","392195993c27bd","195","315","1","19","0","0","0","","CHIMUANYA","","NWACHUKWU","S/21/0392","$2y$10$MYXCwqFsTihrr4H9sVQZ4entEMpxwyyC61z890HUDFycNzbb2g6lq","zeonglobal","zeonglobal","","2019-05-12","female","Christianity","","","","","","","","","PARENT","","","","0","0","0","0","","0","","check_result","activated","2022-03-15 15:25:17"),
("393","393195f1198663","195","316","1","19","0","0","0","","CHIOMA","JOHN","NWABUEZE","S/21/0393","$2y$10$/Daemnr0316CbmOEV/jYZevADbwOH0yQeFuHiBDef5eVvatR5Vgt2","zeonglobal","zeonglobal","","2019-09-09","female","Christianity","","","","","","","","","PARENT","","","","0","0","0","0","","0","","check_result","activated","2022-03-15 15:46:59"),
("394","3941950975547c","195","317","1","19","0","0","0","","CHIKA","","NTIMA","S/21/0394","$2y$10$KNGPXWvsdpP7zAaCq2TgTe1J8cCA2a6i5Son5T4QZ0EaOsvNggFK.","zeonglobal","zeonglobal","","2019-05-02","female","Christianity","","","","","","","","","PARENT","","","","0","0","0","0","","0","","check_result","activated","2022-03-15 15:53:47"),
("395","395195be336000","195","318","1","19","0","0","0","","CHIMBUSOMA","","OBI","S/21/0395","$2y$10$JNaiRg5ZZdG2VNmHUUw9eOKhDRxU8N7SLLjP2gGmmu6K/Xom8wFEW","zeonglobal","zeonglobal","","2019-05-11","female","Christianity","","","","","","","","","PARENT","","","","0","0","0","0","","0","","check_result","activated","2022-03-15 16:01:46"),
("396","396195dc46ce82","195","319","1","19","0","0","0","","CHISOM","","ODILINYE","S/21/0396","$2y$10$AQxC13yFDqu1/YafseOJquNYHWukkyLIH34/cHB28MfM2/4Z5fcmm","zeonglobal","zeonglobal","","2020-01-08","female","Christianity","","","","","","","","","PARENT","","","","0","0","0","0","","0","","check_result","activated","2022-03-15 16:15:09"),
("397","397195ae927a34","195","320","1","19","0","0","0","","CHIMAOBI","","OGBODO","S/21/0397","$2y$10$Lee1VopCjA.YpzRM2yy4MeRdF0Bt8O9y92aPdCrXlz8NLLE.TCVxi","zeonglobal","zeonglobal","","2019-10-31","male","Christianity","","","","","","","","","PARENT","","","","0","0","0","0","","0","","check_result","activated","2022-03-15 16:19:32"),
("398","398195f4509070","195","321","1","19","0","0","0","","JACHIKE","","OKECHUKWU","S/21/0398","$2y$10$a/Dtzvg1e3nS8Dyq8l9DT.Z7Y3cPo/gVHatHh0G4brZtZV3khHFrK","zeonglobal","zeonglobal","","2020-01-30","male","Christianity","","","","","","","","","PARENT","","","","0","0","0","0","","0","","check_result","activated","2022-03-15 16:23:32"),
("399","39919560113724","195","322","1","19","0","0","0","","ANTHONY","","OKOLI","S/21/0399","$2y$10$42VElOVHrbEiz4kZ5IuXoeSXx1ywUvEOeLEGnl5UsT4nczdwL17W.","zeonglobal","zeonglobal","","2019-04-14","male","Christianity","","","","","","","","","PARENT","","","","0","0","0","0","","0","","check_result","activated","2022-03-15 16:27:56"),
("400","400195ee7bee72","195","323","1","19","0","0","0","","ZIKACHIRA","","OKAFOR","S/21/0400","$2y$10$PH8YiAwRhQ8WY4A5zX.UierMCdJ2.q8hOkmqY2uImJaoJNnJZNapK","zeonglobal","zeonglobal","","2020-03-13","male","Christianity","","","","","","","","","PARENT","new_student","new_student","","0","0","0","0","","0","","check_result","activated","2022-03-15 16:31:10");
INSERT INTO students VALUES
("401","401195da4a02f3","195","6","1","19","0","0","0","","CHIZARAMEKPERE","","KAMA","S/21/0401","$2y$10$varnKYngvciIpIR1DnzgweRX/T6CgMenjjmGs.bc5Gjxd2wvwINsa","machizaramekpere","machizaramekpere","","2019-10-12","female","Christianity","","","","","","","","","PARENT","","","","0","0","0","0","","0","","check_result","activated","2022-03-15 23:03:44"),
("402","4021952c8ce3a6","195","324","1","19","0","0","0","","OLIVIA","","UMEH","S/21/0402","$2y$10$w/vpNun.I9xxnLylVnjwuOaW.oy1eu5TUsDui96K3EsEP3JbV4Cc2","zeonglobal","zeonglobal","","2019-09-28","female","Christianity","","","","","","","","","PARENT","","","","0","0","0","0","","0","","check_result","activated","2022-03-15 23:06:29"),
("403","403195f26551ef","195","325","1","19","0","0","0","","OMASIRICHI","","UKWU","S/21/0403","$2y$10$81W93qZiZIThc.9urIGkculesG4gV/oXSx73qbbvOM0p/3OF0FA2S","zeonglobal","zeonglobal","","2019-01-07","female","Christianity","","","","","","","","","PARENT","new_student","new_student","","0","0","0","0","","0","","check_result","activated","2022-03-15 23:09:45"),
("404","4041953bb31ebd","195","326","1","19","0","0","0","","CHIMAOBI","","OKEKE","S/21/0404","$2y$10$.dxoyRF6mkrGUU6VAf40LOrjzR2fz0bWGqBp/LJPhNdig9Q.Vlnhu","zeonglobal","zeonglobal","","2019-08-16","male","Christianity","","","","","","","","","PARENT","","","","0","0","0","0","","0","","check_result","activated","2022-03-15 23:11:59"),
("405","405195863ea3f5","195","327","1","19","0","0","0","","PATIENCE","","ZAPHANIA","S/21/0405","$2y$10$gWb4Ca5c0RFDFvMU38l2BOImnGN9ix6H/7o0hUUNB8yUlM3/87fjy","zeonglobal","zeonglobal","","2019-08-13","female","Christianity","","","","","","","","","PARENT","","","","0","0","0","0","","0","","check_result","activated","2022-03-15 23:14:45"),
("406","40619511e4b9e5","195","84","2","20","0","0","0","","CHIEMEZUGO","ALVARO","ADINDE","S/21/0406","$2y$10$e9TNLW36sCXiRuKsNAwAa.Vk8yFadGixMlzqfs6H7AKEsRJc8F83m","dechiemezugo","dechiemezugo","","2018-08-01","male","Christianity","","","","","","","","","PARENT","","","","0","0","0","0","","0","","check_result","activated","2022-03-15 23:24:48"),
("407","407195eee1951d","195","152","2","20","0","0","0","","UDOCHUKWU","SHAWN","ACHIFE","S/21/0407","$2y$10$.mohNgycua5RWoaCb4e1fe5Wi3hmiHGDPB9Xaa6g.ZeB.Exnkh4ta","feudochukwu","feudochukwu","","2018-12-10","male","Christianity","","","","","","","","","PARENT","","","","0","0","0","0","","0","","check_result","activated","2022-03-15 23:26:26"),
("408","408195702779ae","195","328","2","20","0","0","0","","IKEMDINACHI","GOLDMELVIN","ANIOGO","S/21/0408","$2y$10$8Id4gHFf006mNumkDW.rfehNSV2Pj.mPXI0fqYSOkIx/RWmoYD4l.","zeonglobal","zeonglobal","","2018-09-19","male","Christianity","","","","","","","","","PARENT","","","","0","0","0","0","","0","","check_result","activated","2022-03-15 23:32:00"),
("409","409195dec20c0e","195","180","2","20","0","0","0","","UCHECHUKWU","","ARNOLD","S/21/0409","$2y$10$JppqYn8TnjqkX.jicbpFLe/A8fVJ13QibuwzlQ/3uHU/DLm3G5SOy","lduchechukwu","lduchechukwu","","2018-03-08","male","Christianity","","","","","","","","","PARENT","","","","0","0","0","0","","0","","check_result","activated","2022-03-15 23:33:48"),
("410","410195afe4cdb3","195","329","2","20","0","0","0","","MUNACHIMSO","","DIUGWU","S/21/0410","$2y$10$ckiOnF1/5fORdnC2zBJ7S.EQF.8p9QRafhQpRGzn/h.i60Wb8alDC","zeonglobal","zeonglobal","","2018-08-27","male","Christianity","","","","","","","","","PARENT","","","","0","0","0","0","","0","","check_result","activated","2022-03-15 23:38:15"),
("411","41119539fc80b5","195","330","2","20","0","0","0","","CHIZITELUM","","ENE","S/21/0411","$2y$10$a19RKqXfsezTbyeYcC0nB.KPVrJF03miiepe5XweWipTDIRMiuDfC","zeonglobal","zeonglobal","","2018-08-24","male","Christianity","","","","","","","","","PARENT","","","","0","0","0","0","","0","","check_result","activated","2022-03-15 23:41:01"),
("412","4121954048e684","195","331","2","20","0","0","0","","CHINEDU","","EZE","S/21/0412","$2y$10$b5ohdfNRAHW1QHsY2zrtkOM7OoBJphRKDhdoySHgVWnGD/jQ3P2BS","zeonglobal","zeonglobal","","2018-07-01","male","Christianity","","","","","","","","","PARENT","","","","0","0","0","0","","0","","check_result","activated","2022-03-15 23:44:59"),
("413","413195d729e462","195","332","2","20","0","0","0","","UGOMSINACHI","","IKENNA","S/21/0413","$2y$10$9NsoqE8iC0Sb27G0uysBhuPsR3CsMaGDPGxSpAt0YtKdf29aiFdoK","zeonglobal","zeonglobal","","2019-01-23","male","Christianity","","","","","","","","","PARENT","","","","0","0","0","0","","0","","check_result","activated","2022-03-15 23:49:24"),
("414","414195c5c3aee9","195","0","2","20","0","0","0","","JOSHUA","JAYANMA","IWUCHUKWU","S/21/0414","$2y$10$6huT9/3YEPSBLAIg1aHQLeQCu3qGaJs.5SkSDZJdvzQePVuPegfJS","wujoshua","wujoshua","","2018-07-18","male","Christianity","","","","","","","","","PARENT","new_student","new_student","","0","0","0","0","","0","","check_result","activated","2022-03-15 23:51:22"),
("415","41519567058b04","195","333","2","20","0","0","0","","CHINAEMEZE","","NNAJI","S/21/0415","$2y$10$eYHFzzsEb4zQwGxGGRBilOcZzN/Uh394JiWdrhiZYHWmw7zjJscpq","zeonglobal","zeonglobal","","2018-08-21","male","Christianity","","","","","","","","","PARENT","","","","0","0","0","0","","0","","check_result","activated","2022-03-15 23:55:05"),
("416","41619578b1a9f8","195","39","2","20","0","0","0","","MUNACHIMSO","","NWATU","S/21/0416","$2y$10$hkDrCFMVHN.uP/35F7rr.eHoZlqIz4b6hqg31In6PdhH3t.1XpJES","tumunachimso","tumunachimso","","2019-01-19","male","Christianity","","","","","","","","","PARENT","","","","0","0","0","0","","0","","check_result","activated","2022-03-15 23:56:03"),
("417","4171952a52e6c1","195","334","2","20","0","0","0","","OTITOCHUKWU","","OMEJE","S/21/0417","$2y$10$VPeAnLh5J7iw3KI2w6dhZuMJysTBgFhNXvFlHb5MotDXtPNAgxyN2","zeonglobal","zeonglobal","","2018-10-24","male","Christianity","","","","","","","","","PARENT","new_student","new_student","","0","0","0","0","","0","","check_result","activated","2022-03-15 23:59:11"),
("418","418195877af9fc","195","335","2","20","0","0","0","","KAMETO","","NWANNA","S/21/0418","$2y$10$zfjBJ9cPkF51tInXF.j3/es6uJ1nQFPTgKbp5vadVTEJUZanGTA4.","zeonglobal","zeonglobal","","2018-10-14","female","Christianity","","","","","","","","","PARENT","","","","0","0","0","0","","0","","check_result","activated","2022-03-16 12:52:16"),
("419","4191958295d7b4","195","336","2","20","0","0","0","","NNEOMA","","OKOH","S/21/0419","$2y$10$DG8qIrN2I5V0v756W.XVeeUqYPWi6T5ERRUaT1bh7ewtNwCwjFcc.","zeonglobal","zeonglobal","","2018-09-22","female","Christianity","","","","","","","","","PARENT","","","","0","0","0","0","","0","","check_result","activated","2022-03-16 12:56:20"),
("420","420195d10479af","195","337","2","20","0","0","0","","CHIZARAM","","ONYERIBE","S/21/0420","$2y$10$1czuAATsAoTyQRAYx1UXqOlmz/v.E5ARIycm6TtiRGbj1dNBMgqqy","zeonglobal","zeonglobal","","2018-11-25","female","Christianity","","","","","","","","","PARENT","","","","0","0","0","0","","0","","check_result","activated","2022-03-16 13:00:21"),
("421","421195e62fe396","195","338","2","20","0","0","0","","ADAUGO","","UBA","S/21/0421","$2y$10$1UdUHBnGERTEA5r.OclbaOizSnY/4kdk5H0G2W9ZGjJz/EK3YGoqC","zeonglobal","zeonglobal","","2018-10-05","female","Christianity","","","","","","","","","PARENT","","","","0","0","0","0","","0","","check_result","activated","2022-03-16 13:02:49"),
("422","422195bdcef144","195","339","2","20","0","0","0","","OLUEBUBECHUKWU","RAINA","ENEH","S/21/0422","$2y$10$87ZNvIPXA/PHm14Y9abJ9O.kfz7swKc1r76iisAyP65MftuB42MRm","zeonglobal","zeonglobal","","2018-10-04","female","Christianity","","","","","","","","","PARENT","new_student","new_student","","0","0","0","0","","0","","check_result","activated","2022-03-16 13:15:26"),
("423","423195d7db56a2","195","340","2","20","0","0","0","","CHINEDU","YAKIM","UGWU","S/21/0423","$2y$10$LlwIo41ulxeyoo/IxgpTU.jSfY8rdgHqcO4XlDzdeKCKjzCKIDZ2i","zeonglobal","zeonglobal","","2018-11-17","male","Christianity","","","","","","","","","PARENT","","","","0","0","0","0","","0","","check_result","activated","2022-03-16 13:19:29"),
("424","424195064f9c69","195","341","2","20","0","0","0","","IFEOMA","","ANYANSI","S/21/0424","$2y$10$.WjF9CJMeh9lsICltZdg6.vL.LSSB779BAKQpu8k2SXW7i3ENHgmm","zeonglobal","zeonglobal","","2018-11-29","female","Christianity","","","","","","","","","PARENT","","","","0","0","0","0","","0","","check_result","activated","2022-03-16 13:26:45"),
("425","4251958b4b591d","195","342","2","20","0","0","0","","SONIA","","ASOGWA","S/21/0425","$2y$10$lgQ.4Caf4JrkxvIu72IkhODfYwTupHdsqIVQe7/oF4e7vjaKT.Jeu","zeonglobal","zeonglobal","","2018-09-05","female","Christianity","","","","","","","","","PARENT","","","","0","0","0","0","","0","","check_result","activated","2022-03-16 13:33:35"),
("426","4261953d99371d","195","251","2","20","0","0","0","","ADAUGO","","CHIME","S/21/0426","$2y$10$ytAvy55YbGojapSACOOCce.PpSeEkQ7qemtOiBREuIOHZCp.SRrMa","meadaugo","meadaugo","","2018-06-30","female","Christianity","","","","","","","","","PARENT","","","","0","0","0","0","","0","","check_result","activated","2022-03-16 13:46:09"),
("427","4271950e282171","195","35","2","20","0","0","0","","ESPERANZA","","EDEH","S/21/0427","$2y$10$Pc8UX2f2sbyvZmZMv6CwWeJm0rJ6IhqbXE/94kvIZk/gLHQcDs4gy","ehesperanza","ehesperanza","","2018-05-30","female","Christianity","","","","","","","","","PARENT","","","","0","0","0","0","","0","","check_result","activated","2022-03-16 13:50:55"),
("428","428195843fb123","195","263","2","20","0","0","0","","CHIMDINDU","MIRACLE","EMEJURU","S/21/0428","$2y$10$YDab1P4s9gg.5tEWs.gWBuM.KJLK/vUWEqG1e4lLd8bANMBI0JvIS","ruchimdindu","ruchimdindu","","2018-10-12","female","Christianity","","","","","","","","","PARENT","","","","0","0","0","0","","0","","check_result","activated","2022-03-16 13:52:29"),
("429","4291950a909525","195","265","2","20","0","0","0","","VICTORIA","NGOZI","EZEOCHA","S/21/0429","$2y$10$M4BgkYfHpeOAqDrJ4ZKvjOchfr8wRUINOkjTe.eNbeg9VEq1DUYzu","havictoria","havictoria","","2018-04-12","female","Christianity","","","","","","","","","PARENT","","","","0","0","0","0","","0","","check_result","activated","2022-03-16 23:09:15"),
("430","430195dbd14351","195","312","2","20","0","0","0","","CHRISTABEL","","EZEUGWU","S/21/0430","$2y$10$oSoBIKDA/IWvNwC2uuC3suubxpQpAyHBgsLygjHW4K4kSliMDqXU2","wuchristabel","wuchristabel","","2018-11-06","female","Christianity","","","","","","","","","PARENT","new_student","new_student","","0","0","0","0","","0","","check_result","activated","2022-03-16 23:13:08"),
("431","43119555c83c0e","195","313","2","20","0","0","0","","MIRACLE","","IKECHUKWU","S/21/0431","$2y$10$gK5XGUIFLDktKbwGJyXcAeuDbrfqmJK.lRj7RUQUeOvOEXzAhua7G","wumiracle","wumiracle","","2018-05-16","female","Christianity","","","","","","","","","PARENT","","","","0","0","0","0","","0","","check_result","activated","2022-03-16 23:25:04"),
("432","4321951584233f","195","343","2","20","0","0","0","","MITCHELL","CHINAZA","NDU","S/21/0432","$2y$10$zWAtkvcHtptZuoAFSjOmN.enWCR0vDgFTWkUVp/Hnvrstg6IU5RCa","zeonglobal","zeonglobal","","2018-10-04","female","Christianity","","","","","","","","","PARENT","new_student","new_student","","0","0","0","0","","0","","check_result","activated","2022-03-16 23:29:26"),
("433","4331958872f9cf","195","296","2","20","0","0","0","","AKWAUGO","NUELA","NNAJIOFOR","S/21/0433","$2y$10$3zsudA8PP3gQ3FQ7gIKJv.7qnfpKFLsyoVUdei.fLU0gFS.1jc3EC","orakwaugo","orakwaugo","","2018-09-17","female","Christianity","","","","","","","","","PARENT","new_student","new_student","","0","0","0","0","","0","","check_result","activated","2022-03-16 23:32:36"),
("434","4341958904d562","195","315","2","20","0","0","0","","RITA","ZIMI","NWACHUKWU","S/21/0434","$2y$10$.0xO.JrZrP9JRVNK7cDhAeWMcpYDNYy.1KnFep73MrWmDeIM1UgP.","wurita","wurita","","2019-01-01","female","Christianity","","","","","","","","","PARENT","","","","0","0","0","0","","0","","check_result","activated","2022-03-16 23:34:46"),
("435","435195c82e251b","195","344","4","9","0","0","0","","ROYALTY","","ORJI-ADIMEAMI","S/21/0435","$2y$10$o.KBfIQfan5/7xEvrKWLXexUbFBIHFc/wnq9fJBl587kL/9.Ej/B6","zeonglobal","zeonglobal","","2016-06-20","female","Christianity","","","","","","","","","PARENT","","","","0","0","0","0","","0","","check_result","activated","2022-03-17 02:14:33"),
("436","4361954eabb852","195","57","4","9","0","0","0","","CHKANYIMA","","ROLAND","S/21/0436","$2y$10$tAoP.ycIYVJxy85Kc8hOc.QqsdY.B60434.KTRpJo.hQ.He0heYuq","ndchkanyima","ndchkanyima","","2016-03-13","female","Christianity","","","","","","","","","PARENT","","","","0","0","0","0","","0","","check_result","activated","2022-03-17 02:16:24"),
("437","4371956a41808d","195","345","4","9","0","0","0","","CHINAZA","","UBADIMMA","S/21/0437","$2y$10$aDwkbV5mOdjQlB1Hem/cl.a9gWNdCQmXUTAlFSf3z0faDW1mwTLQu","zeonglobal","zeonglobal","","2017-03-16","female","Christianity","","","","","","","","","PARENT","new_student","new_student","","0","0","0","0","","0","","check_result","activated","2022-03-17 02:19:01"),
("438","438195d5504da4","195","137","4","9","0","0","0","","CHINAZA","","UGWUANYI","S/21/0438","$2y$10$o9rN1XEc.wunZS87HjqfBu/4T49Kj0rn.zypxzAplvxTibGTkqqPC","yichinaza","yichinaza","","2015-12-03","female","Christianity","","","","","","","","","PARENT","","","","0","0","0","0","","0","","check_result","activated","2022-03-17 02:20:32"),
("439","43919515e1c85e","195","346","4","11","0","0","0","","KACHIMSICHO","","CHIJIOKE","S/21/0439","$2y$10$aG40RLbw7RM79PwjxlDdwO6Fmr9KvqrM3PS9w0qdqNEyIlzYuY8JC","zeonglobal","zeonglobal","","2016-09-02","male","Christianity","","","","","","","","","PARENT","","","","0","0","0","0","","0","","check_result","activated","2022-03-17 02:29:40"),
("440","44019570a5ee64","195","347","4","11","0","0","0","","STEPHANIE","NNEOMA","EJIOFOR","S/21/0440","$2y$10$abhKktV3RemghLUVjx/r2eFzgh8RYKKlOA633OpJiZ6fFnAhnbPl2","zeonglobal","zeonglobal","","2016-10-20","female","Christianity","","","","","","","","","PARENT","","","","0","0","0","0","","0","","check_result","activated","2022-03-17 03:20:28"),
("441","441195966f2134","195","74","4","11","0","0","0","","UDOCHUKWU","GODSWILL","CHUKWUBUEZE","S/21/0441","$2y$10$FTyczrmBQWkpzTD82RV5QuELSutMn11JTstCbfWpliWETyxk1.IVi","zeudochukwu","zeudochukwu","","2016-10-20","male","Christianity","","","","","","","","","PARENT","","","","0","0","0","0","","0","","check_result","activated","2022-03-17 03:22:06"),
("442","4421953ede047d","195","342","4","11","0","0","0","","AVISHA","","ASOGWA","S/21/0442","$2y$10$xpDykSMc0nOLpkMp072wiOSuX9FtVzYW2pXEydYZRLM9mKlK2L3pG","waavisha","waavisha","","2016-10-05","female","Christianity","","","","","","","","","PARENT","","","","0","0","0","0","","0","","check_result","activated","2022-03-17 03:24:41"),
("443","44319501b85f15","195","62","4","11","0","0","0","","CHINENYE","","EZUMA","S/21/0443","$2y$10$rn0V69AABkH1sWcd/6cTXu1vfzgAmAfdpylps2qX5Ddrzmb82ZGoS","machinenye","machinenye","","2016-07-05","female","Christianity","","","","","","","","","PARENT","","","","0","0","0","0","","0","","check_result","activated","2022-03-17 03:28:28"),
("444","444195e2c1bcf3","195","20","4","11","0","0","0","","DANICHI","","ROTENNA","S/21/0444","$2y$10$2R5Zt.tr.hGaDl864DjEq.6/Lm8LP8E5s29cyIil58zXfpN.diE5G","nadanichi","nadanichi","","2016-08-06","female","Christianity","","","","","","","","","PARENT","","","","0","0","0","0","","0","","check_result","activated","2022-03-17 03:30:24"),
("445","4451958c6c1097","195","348","4","11","0","0","0","","CHIEMELA","MICHAEL","KAMSIYO","S/21/0445","$2y$10$FDI86byGhQFalJLaUBLFwOWR7QCiqxO5GimnA7/2q83gZVoBZ6iX.","zeonglobal","zeonglobal","","2018-05-25","male","Christianity","","","","","","","","","PARENT","","","","0","0","0","0","","0","","check_result","activated","2022-03-17 03:32:32"),
("446","44619523eaa8de","195","349","4","11","0","0","0","","CHIMEREMUMMA","","ECHEBI","S/21/0446","$2y$10$wBQ2P4TsDX/IusHSIsv75eTdmB6eamsvdfMpX9MeWCErJbHqTHU96","zeonglobal","zeonglobal","","2016-05-11","female","Christianity","","","","","","","","","PARENT","","","","0","0","0","0","","0","","check_result","activated","2022-03-17 03:35:37"),
("447","447195ae3b1f98","195","48","4","11","0","0","0","","CHIMDINDU","","NONYE","S/21/0447","$2y$10$vjlu7S4vWOXfrWQ1IAnNcOV7cia5RZ7RRPzdbvg0sZZtI7AM6ar6a","yechimdindu","yechimdindu","","2016-12-11","female","Christianity","","","","","","","","","PARENT","","","","0","0","0","0","","0","","check_result","activated","2022-03-17 03:41:16"),
("448","448195c9f8c3a6","195","350","4","11","0","0","0","","OLISAJAMIKE","","IDENGI","S/21/0448","$2y$10$yVF5HhqwLArafnYVpqfg.ea2HNBaLoksCftTh/WCVtx9KATkM5z0O","zeonglobal","zeonglobal","","2016-07-11","male","Christianity","","","","","","","","","PARENT","","","","0","0","0","0","","0","","check_result","activated","2022-03-17 03:45:26"),
("449","449195437f6ccc","195","351","4","11","0","0","0","","ZENITH","","OKOH","S/21/0449","$2y$10$b32k/JTDztGGSl/2t8qLcOjl6QQuVPMEAAInPnMTxWXb0LLinmiVu","zeonglobal","zeonglobal","","2014-07-07","male","Christianity","","","","","","","","","PARENT","","","","0","0","0","0","","0","","check_result","activated","2022-03-17 03:48:31"),
("450","4501959101b18e","195","164","4","11","0","0","0","","MMASINACHI","","ONYENALI","S/21/0450","$2y$10$vFt3ZiwuqV.xDHNQ0tckn.pnl/hzm9MOtQEU1HTTNa2OjO0Do1l6i","limmasinachi","limmasinachi","","2016-06-08","female","Christianity","","","","","","","","","PARENT","","","","0","0","0","0","","0","","check_result","activated","2022-03-17 03:49:59"),
("451","451195500b08e7","195","352","4","11","0","0","0","","LOTENNA","CHIMAMANDA","OKOH","S/21/0451","$2y$10$r4LJZYjZJATeIBIHcPZ9J.PgqPNS.Q81/DB5ULXSzVO4DGe2TWiSO","zeonglobal","zeonglobal","","2016-11-15","male","Christianity","","","","","","","","","PARENT","","","","0","0","0","0","","0","","check_result","activated","2022-03-17 03:54:42"),
("452","45219514702a6f","195","353","4","11","0","0","0","","CHISIMDI","CHIEME","ASOGWA","S/21/0452","$2y$10$9lNjmdRGKndSgDy.TLoPGOYrTm0ZmU2qclOydzzWtNRxQyALFpBaa","zeonglobal","zeonglobal","","2016-01-01","female","Christianity","","","","","","","","","PARENT","","","","0","0","0","0","","0","","check_result","activated","2022-03-17 03:58:51"),
("453","4531956b1dfd7d","195","353","4","11","0","0","0","","CHIJINDU","CHINAECHEREM","ASOGWA","S/21/0453","$2y$10$q1iRxnse5TMrAknvWwecj.KrHkX08T6JK7U45scu3AAH4M.tAzUcq","wachijindu","wachijindu","","2016-01-01","female","Christianity","","","","","","","","","PARENT","","","","0","0","0","0","","0","","check_result","activated","2022-03-17 04:00:38"),
("454","454195ba4ac183","195","151","2","21","0","0","0","","KASINMA","","NWACHUKWU","S/21/0454","$2y$10$g6LpUjbnjjwhaP.n5zVj4uuJWyWVA4oOLarfs4xMIW3FBJhWllQJy","wukasinma","wukasinma","","2018-08-01","female","Christianity","","","","","","","","","PARENT","","","","0","0","0","0","","0","","check_result","activated","2022-03-17 13:44:07"),
("455","455195a8e9c00c","195","354","2","21","0","0","0","","LAURA","","ODI","S/21/0455","$2y$10$9vK5HUuOrg435YacDaaHqOy0Onj0DsisEtcUuFfsIE9qSf0WFdhqO","zeonglobal","zeonglobal","","2018-06-10","female","Christianity","","","","","","","","","PARENT","","","","0","0","0","0","","0","","check_result","activated","2022-03-17 13:46:42"),
("456","456195967379ce","195","153","2","21","0","0","0","","EBERECHUKWU","","ORIAKU","S/21/0456","$2y$10$A6hvx4CioRpf8W99DcgXCuYlrCtuhdlwaddb5d/2lkslS2sRQmuzm","kueberechukwu","kueberechukwu","","2018-06-22","female","Christianity","","","","","","","","","PARENT","","","","0","0","0","0","","0","","check_result","activated","2022-03-17 14:12:12"),
("457","4571954a38c2d4","195","355","2","21","0","0","0","","CHUKWUMA","","OKEKE","S/21/0457","$2y$10$pfEY1p77/rATZrxp6jSyfebQN.LNoLgxdeyP2.UC0FMkphCfwYx.i","zeonglobal","zeonglobal","","2018-12-05","male","Christianity","","","","","","","","","PARENT","","","","0","0","0","0","","0","","check_result","activated","2022-03-17 14:14:37"),
("458","458195c2080a4a","195","356","2","21","0","0","0","","IFEANYI","","ONAH","S/21/0458","$2y$10$jqYpTtyvFZSilfLg1gUgV.LeZH9ABkGOIqdNvG0yZK1M9CG6RaDxi","zeonglobal","zeonglobal","","2018-08-03","male","Christianity","","","","","","","","","PARENT","","","","0","0","0","0","","0","","check_result","activated","2022-03-17 14:19:03"),
("459","45919568f59a92","195","357","2","21","0","0","0","","IFECHUKWU","","OKAGU","S/21/0459","$2y$10$bgRE6OM7HbWF3IE0y/Lxv.9uSsfrJss6nU29RlAD.krNh/fsE.pke","zeonglobal","zeonglobal","","2018-07-27","male","Islam","","","","","","","","","PARENT","","","","0","0","0","0","","0","","check_result","activated","2022-03-17 14:21:42"),
("460","46019573991ece","195","298","2","21","0","0","0","","AKUABATA","","OBU","S/21/0460","$2y$10$fWEE/j9ZXfDx3CRf.Brvu.p/F/6XPwd13I0B/OiuplBygHGi7wNza","buakuabata","buakuabata","","2018-09-05","female","Christianity","","","","","","","","","PARENT","","","","0","0","0","0","","0","","check_result","activated","2022-03-17 14:22:58"),
("461","4611950774a203","195","358","2","21","0","0","0","","BRIAN","","AJINA","S/21/0461","$2y$10$24ykrVHwAKSsXxsILk71Fu9mxU3B9WK8sKy.mqhbgOZlObRmshpuu","zeonglobal","zeonglobal","","2018-05-16","male","Christianity","","","","","","","","","PARENT","","","","0","0","0","0","","0","","check_result","activated","2022-03-17 14:27:42"),
("462","462195aa67ef33","195","359","2","21","0","0","0","","UCHECHUKWU","","IMOBEKEE","S/21/0462","$2y$10$R2FBDvwgk1C5.jd4nTE0vemINaSVK42LSXD.RM5k0YXiEMNNpdLJK","zeonglobal","zeonglobal","","2018-09-24","male","Christianity","","","","","","","","","PARENT","","","","0","0","0","0","","0","","check_result","activated","2022-03-17 14:30:05"),
("463","46319547dd694e","195","360","2","21","0","0","0","","AGU","CHIMDIUTO","JOSEPH","S/21/0463","$2y$10$PW9Iv5woxqZuTi7yCrs52.c.Ydoy4msE80Q9vBvLttZ12.Pko3oa6","zeonglobal","zeonglobal","","2018-08-07","male","Christianity","","","","","","","","","PARENT","","","","0","0","0","0","","0","","check_result","activated","2022-03-17 14:32:41"),
("464","4641952f91f7ff","195","360","2","21","0","0","0","","AGU","CHIAMAKA","JOSEPH","S/21/0464","$2y$10$RQFyymMb01p5WK81Xvs0je.ezUQeVvkMto5p2rarpgYFKuynxP4w.","phagu","phagu","","2018-08-07","female","Christianity","","","","","","","","","PARENT","","","","0","0","0","0","","0","","check_result","activated","2022-03-17 14:34:12"),
("465","465195d05c2dd3","195","361","2","21","0","0","0","","GOLD","CHIDERA","UCHECHUKWU","S/21/0465","$2y$10$Y2B1mUWZtMrFQAgo4QxG0ujY/CISGQdGMVpEbIHL4Z.vSXFvl4sZO","zeonglobal","zeonglobal","","2018-05-22","female","Christianity","","","","","","","","","PARENT","","","","0","0","0","0","","0","","check_result","activated","2022-03-17 14:36:48"),
("466","4661951cfb0aa0","195","362","2","21","0","0","0","","MUNACHIMSO","","ENYI","S/21/0466","$2y$10$r8vF4AgeJEsALEAU/ob/a..2jOrN437cxkRImIMrCaZJdp2z5kDsq","zeonglobal","zeonglobal","","2018-07-28","male","Christianity","","","","","","","","","PARENT","","","","0","0","0","0","","0","","check_result","activated","2022-03-17 14:53:10"),
("467","4671952a9ce453","195","363","2","21","0","0","0","","CHIEWATAUDO","","ONYEADOR","S/21/0467","$2y$10$FQaMj3zVeq1yTrxO60H8UeoC3EIamvS7.egE1ihHrzk1zl5kpFiAS","zeonglobal","zeonglobal","","2018-04-06","female","Christianity","","","","","","","","","PARENT","","","","0","0","0","0","","0","","check_result","activated","2022-03-17 14:56:34"),
("468","468195c1a789eb","195","341","2","21","0","0","0","","ONYEDIKA","","ANYANSI","S/21/0468","$2y$10$GFcnIouSHvEnuhvZm2pVXugvQCQ.N/jgzMkfpbKnVkL6JIrdcjsQW","sionyedika","sionyedika","","2018-11-29","male","Christianity","","","","","","","","","PARENT","","","","0","0","0","0","","0","","check_result","activated","2022-03-17 14:57:32"),
("469","4691957082fcd9","195","364","2","21","0","0","0","","SOCHIKAYIMA","S","IGWILO","S/21/0469","$2y$10$OSZQXpBBEEGWeFiezYFi3.uXOcthAn74jvCKZaf.5kIxxhiSc.DZC","zeonglobal","zeonglobal","","2018-11-03","female","Christianity","","","","","","","","","PARENT","","","","0","0","0","0","","0","","check_result","activated","2022-03-17 15:00:14"),
("470","47019557857c89","195","365","2","21","0","0","0","","IFECHUKWU","","OBASI","S/21/0470","$2y$10$9PsPtJnj75CStxW0H1B5M.5d.kZRT3agtT9.YXWb/ohM1W4dr7rM6","siifechukwu","siifechukwu","","2018-01-16","male","Christianity","","","","","","","","","PARENT","","","","0","0","0","0","","0","","check_result","activated","2022-03-17 15:01:41"),
("471","4711959235cf46","195","284","2","21","0","0","0","","CHIMDINDU","","ORABUEZE","S/21/0471","$2y$10$WYI8KUQ/7WlbLk9gY9b8P.97XAfLP3ualG0WL2pPjxWL9Q6QJY9KO","zechimdindu","zechimdindu","","2018-01-30","female","Christianity","","","","","","","","","PARENT","","","","0","0","0","0","","0","","check_result","activated","2022-03-17 15:05:51"),
("472","4721950a8d2000","195","366","2","21","0","0","0","","NMASINACHI","","UDOKWU","S/21/0472","$2y$10$kfl7CfKrLhLcAsgvHvxhdeWOGo4.ftKNCGoX2WqcDjLAMszaFSJqe","zeonglobal","zeonglobal","","2018-05-11","female","Christianity","","","","","","","","","PARENT","","","","0","0","0","0","","0","","check_result","activated","2022-03-17 15:08:13"),
("473","473195d276da1f","195","367","2","21","0","0","0","","VICTORIA","","IKE","S/21/0473","$2y$10$rx6d5jX4Bj3VB4L/QHBdoePAdVP8DBhHBYkNPccajQETWGG37OHPm","zeonglobal","zeonglobal","","2018-06-26","female","Christianity","","","","","","","","","PARENT","","","","0","0","0","0","","0","","check_result","activated","2022-03-17 15:11:23"),
("474","474195c8677227","195","368","2","21","0","0","0","","OLUOMA","","ANIOBI","S/21/0474","$2y$10$oZRHe2pB2ypRrBfzluDJqOkiqHVQgHMblG2.lp0C.B3YrXc/C4CmK","zeonglobal","zeonglobal","","2018-12-03","female","Christianity","","","","","","","","","PARENT","","","","0","0","0","0","","0","","check_result","activated","2022-03-17 15:49:30"),
("475","47519557937781","195","176","2","21","0","0","0","","GREATMAN","","OZOR","S/21/0475","$2y$10$pJlCmrB8GeaO7p76DfYgS.ukCdVFgcy4KOe9mgPsFc823KwClda0.","orgreatman","orgreatman","","2018-12-28","male","Christianity","","","","","","","","","PARENT","","","","0","0","0","0","","0","","check_result","activated","2022-03-17 15:50:59"),
("476","4761953a18312f","195","194","2","21","0","0","0","","OBICHUKWU","","OBUEZE","S/21/0476","$2y$10$Q.AQBAt6/i4YUt9Kbftp8uTIQEvj/jQUtsAO4XvrmKMoBmxJKEp42","zeobichukwu","zeobichukwu","","2018-09-30","male","Christianity","","","","","","","","","PARENT","","","","0","0","0","0","","0","","check_result","activated","2022-03-17 15:53:06"),
("477","477195ff13c4e6","195","2","2","21","0","0","0","","VICTOR","","DURU","S/21/0477","$2y$10$QnKFg0.IpyWrQCK5aHDeM.2CJdgMVxx0rOBSEIyTNqJd0rgJsAxYO","ruvictor","ruvictor","","2019-05-14","male","Christianity","","","","","","","","","PARENT","","","","0","0","0","0","","0","","check_result","activated","2022-03-17 15:54:20"),
("478","478195e0998caf","195","369","2","21","0","0","0","","ARINZE","","CHUKWUDI","S/21/0478","$2y$10$WuVGaUoKooLnzXyO6ZFSpe6bG4Sjx4PH9j7I0EbLM7wW8wIPS4HUi","zeonglobal","zeonglobal","","2019-02-09","male","Christianity","","","","","","","","","PARENT","","","","0","0","0","0","","0","","check_result","activated","2022-03-17 15:57:35"),
("479","47919513c8d4a7","195","370","2","21","0","0","0","","KEFECHUKWU","","AGU","S/21/0479","$2y$10$cPW5cQCoJF6nSSouswB/Ieb4uXfPJk1pdK4gDzlWztlqiriUFu67K","zeonglobal","zeonglobal","","2018-06-10","male","Christianity","","","","","","","","","PARENT","","","","0","0","0","0","","0","","check_result","activated","2022-03-17 16:02:49"),
("480","480195acefc930","195","371","2","21","0","0","0","","SOGIDECHUKWU","","OKAFOR","S/21/0480","$2y$10$uOO2aQuu8OvmZtbNXGOm9O1XKt4EynLKAzimS5TEpU4t3qYDErHEW","zeonglobal","zeonglobal","","2022-03-17","male","Christianity","","","","","","","","","PARENT","","","","0","0","0","0","","0","","check_result","activated","2022-03-17 16:05:51"),
("481","48119559b4dcde","195","260","2","22","0","0","0","","PRINCESS","SOPHIA","UZOECHI","S/21/0481","$2y$10$HfNBqEdw1W/PBgS3Nu5nJeM77Ino013iir0V059MRxwwP9kyYYelu","hiprincess","hiprincess","","2018-12-05","female","Christianity","","","","","","","","","PARENT","","","","0","0","0","0","","0","","check_result","activated","2022-03-17 16:08:54"),
("482","482195d3d50364","195","372","2","22","0","0","0","","CHIMDIEBUBE","","ANADUAKA","S/21/0482","$2y$10$RA7EeQOug9Vg92zSg1gnU.Nq0s4c4e2VEVUNUVtqt0kuQ/eG83Ev2","zeonglobal","zeonglobal","","2018-08-22","male","Christianity","","","","","","","","","PARENT","","","","0","0","0","0","","0","","check_result","activated","2022-03-17 16:11:22"),
("483","483195a3bf1fa0","195","373","2","22","0","0","0","","DESTINY","CHIEMERIE","EKETE","S/21/0483","$2y$10$tD13U9H7oWIAbTkaVGpTA.0N3AKBQuxvhNuM4NDjSb6jhkLuxZYDK","zeonglobal","zeonglobal","","2019-04-01","female","Christianity","","","","","","","","","PARENT","","","","0","0","0","0","","0","","check_result","activated","2022-03-17 16:13:56"),
("484","4841950bd8965b","195","374","2","22","0","0","0","","ZIMCHIKACHIM","","EZE","S/21/0484","$2y$10$1zqR0m3UWZfvNIdO9f0CCeLgqBwt2FvoY/JnJ2JqoGRoscCVhdD9q","zeonglobal","zeonglobal","","2018-12-26","male","Christianity","","","","","","","","","PARENT","","","","0","0","0","0","","0","","check_result","activated","2022-03-17 16:16:39"),
("485","48519586359f4e","195","375","2","22","0","0","0","","PRAISE","CHIMDIUTO","MADUABUCHI","S/21/0485","$2y$10$MzsWiFDVWGf0lsdWh3Zv2eO2j8t0R7D1aWqrRYdNoSIdqVGdSLbb2","zeonglobal","zeonglobal","","2018-12-14","male","Christianity","","","","","","","","","PARENT","","","","0","0","0","0","","0","","check_result","activated","2022-03-17 16:19:06"),
("486","486195652720ef","195","315","2","22","0","0","0","","JIDECHUKWU","","NWACHUKWU","S/21/0486","$2y$10$YZP7wUiUvyTgwWwu9YKwmObQQm1Ls4NYzB3Iyvg5rXWYEb3vHfeW2","wujidechukwu","wujidechukwu","","2018-01-10","male","Christianity","","","","","","","","","PARENT","","","","0","0","0","0","","0","","check_result","activated","2022-03-17 16:20:31"),
("487","48719597036d07","195","27","2","22","0","0","0","","ORAJIMETOCHUKWU","","NWACHUKWU","S/21/0487","$2y$10$r5R.tINvVbevOCHBiyKwvulTQiFs1PMdoWKMIhqTkc1BOE8/RwaN.","wuorajimetochukwu","wuorajimetochukwu","","2018-10-19","male","Christianity","","","","","","","","","PARENT","","","","0","0","0","0","","0","","check_result","activated","2022-03-18 08:37:10"),
("488","488195811a6aca","195","376","2","22","0","0","0","","HARRY","CHIMGOZIRIM","NWONOVO","S/21/0488","$2y$10$r5Nb8l4SDJXQO5kd7tzEauCHgZdUEN2t6aur5Rr/vA.SbMxZ9BtX6","zeonglobal","zeonglobal","","2019-09-19","male","Christianity","","","","","","","","","PARENT","","","","0","0","0","0","","0","","check_result","activated","2022-03-18 08:40:14"),
("489","489195973355f3","195","376","2","22","0","0","0","","CHIMEREMEZE","","NWONOVO","S/21/0489","$2y$10$jFC7aQEzG9FSlFSRkYtIOucgOeUnjIFt4.Ky1L7WUmWdrwWqr3mAC","vochimeremeze","vochimeremeze","","2019-09-19","male","Christianity","","","","","","","","","PARENT","","","","0","0","0","0","","0","","check_result","activated","2022-03-18 08:41:52"),
("490","49019547cbbb5f","195","377","2","22","0","0","0","","DARIO","","OGBUKA","S/21/0490","$2y$10$S7eRUkE20tAAt43CnoM3Me7H6htmSDrP.zdsBD0ZweV7Qc89gb4J2","zeonglobal","zeonglobal","","2018-06-30","male","Christianity","","","","","","","","","PARENT","","","","0","0","0","0","","0","","check_result","activated","2022-03-18 08:44:29"),
("491","49119583b473b1","195","378","2","22","0","0","0","","KYRIAN","","OKECHUKWU","S/21/0491","$2y$10$AejTquPh.M3gfHkj27UvSuNsTX1qsa.xgW.Bp0EOgfaU7X/gN757.","zeonglobal","zeonglobal","","2018-11-01","male","Christianity","","","","","","","","","PARENT","","","","0","0","0","0","","0","","check_result","activated","2022-03-18 09:01:52"),
("492","492195a51f4fc5","195","379","2","22","0","0","0","","JIDENNA","ELIAS","ONYE","S/21/0492","$2y$10$kvwSyQfyXOsyEs.Z/9R.0eOnFtuNLjWDrdNJrebLZsWRJjATkC5AS","zeonglobal","zeonglobal","","2018-03-18","male","Christianity","","","","","","","","","PARENT","","","","0","0","0","0","","0","","check_result","activated","2022-03-18 09:08:58"),
("493","493195cc6da6a2","195","380","2","22","0","0","0","","NNAMDI","","OSEGBO","S/21/0493","$2y$10$RV2xu/Wc8kKq.McLb.CTk.MEx.LfrCO9ddM0YVDzXIYCbhKF5ykB6","zeonglobal","zeonglobal","","2019-09-06","male","Christianity","","","","","","","","","PARENT","","","","0","0","0","0","","0","","check_result","activated","2022-03-18 09:14:56"),
("494","494195204ba85e","195","381","2","22","0","0","0","","CHIBUEZE","","OZOENWU","S/21/0494","$2y$10$w10vhHkG48X5wh9/tylbK.96UWJe75Ci/qS9DDN/yo8KxtBMEPPXm","zeonglobal","zeonglobal","","2018-03-03","male","Christianity","","","","","","","","","PARENT","","","","0","0","0","0","","0","","check_result","activated","2022-03-18 09:23:42"),
("495","49519522240b02","195","20","2","22","0","0","0","","ZINACHIMDIM","","ROTENNA","S/21/0495","$2y$10$Ze3N/ng1jf0SgGl.nDTYKOio4HsPe2v/LjUGpdfImzcUh3uJH6Po6","nazinachimdim","nazinachimdim","","2018-11-07","female","Christianity","","","","","","","","","PARENT","","","","0","0","0","0","","0","","check_result","activated","2022-03-18 09:34:22"),
("496","4961952a1e2502","195","382","2","22","0","0","0","","CHIMGOZIRIM","","UGWUOKE","S/21/0496","$2y$10$j0RfMi6MEEnURNSqgMo3zOf.oeYgOQXoYlPaYD8UWJNpRgy5jTtYW","zeonglobal","zeonglobal","","2018-05-22","female","Christianity","","","","","","","","","PARENT","","","","0","0","0","0","","0","","check_result","activated","2022-03-18 09:42:01"),
("497","4971958dd4b353","195","288","2","22","0","0","0","","MUNACHIMSO","","ACHI","S/21/0497","$2y$10$eSo3u7qSdtBWxGm3UoaMnOYaULSoXO/7wBWF2qoHIdF.xT1oiKZeC","himunachimso","himunachimso","","2018-07-09","female","Christianity","","","","","","","","","PARENT","","","","0","0","0","0","","0","","check_result","activated","2022-03-18 09:43:36"),
("498","4981957f13e018","195","383","2","22","0","0","0","","PURITY","OBIDIASO","AGU","S/21/0498","$2y$10$zcUw93pJ1QTJVv.i4ajD9uoMcT6nuZZMl1NqSFwz5xOotXKZ3C3.m","zeonglobal","zeonglobal","","2017-06-16","female","Christianity","","","","","","","","","PARENT","","","","0","0","0","0","","0","","check_result","activated","2022-03-18 09:53:29"),
("499","499195f734ac6b","195","384","2","22","0","0","0","","CHRISTABEL","","EDEMBA","S/21/0499","$2y$10$Ouz24cHz3g4Ye0bsQ7Kjved/pbkCWA0MkuijHfEYAGP8zqBetPIZG","zeonglobal","zeonglobal","","2018-04-14","female","Christianity","","","","","","","","","PARENT","","","","0","0","0","0","","0","","check_result","activated","2022-03-18 10:02:40"),
("500","500195597335d1","195","385","2","22","0","0","0","","CHINAEMEREM","","EZEMA","S/21/0500","$2y$10$m0xbseOdBidbG8HHaF4R4uKi.m/cvZSgN0e4fS1HAC4HAAlpmvjFe","zeonglobal","zeonglobal","","2018-01-28","female","Christianity","","","","","","","","","PARENT","","","","0","0","0","0","","0","","check_result","activated","2022-03-18 10:12:10");
INSERT INTO students VALUES
("501","50119531d28c02","195","304","2","22","0","0","0","","TWINKLE","","MBA","S/21/0501","$2y$10$ODwQqfkecwkHVhUo/9NNpO82kwBEQl9IyiLPsRbeN1FMT0BdC1SfW","batwinkle","batwinkle","","2018-08-09","female","Christianity","","","","","","","","","PARENT","","","","0","0","0","0","","0","","check_result","activated","2022-03-18 10:13:56"),
("502","502195c1fc4f5b","195","386","2","22","0","0","0","","CHIMAMANDA","","NKWONTA","S/21/0502","$2y$10$BG98p2UG.6CAyXFxsrj/U.4RfJ8kN.7yTavQcYwTBH.3ezEjcy6cK","zeonglobal","zeonglobal","","2018-10-01","female","Christianity","","","","","","","","","PARENT","","","","0","0","0","0","","0","","check_result","activated","2022-03-18 11:08:31"),
("503","50319553860651","195","387","2","22","0","0","0","","DANIELLA","AKUSINACHI","OBASI","S/21/0503","$2y$10$eICPXihvuKRRfRbeXoXd0es.LnXtmu5QaWr1YBKVujgDD70XG/Nn6","zeonglobal","zeonglobal","","2018-03-27","female","Christianity","","","","","","","","","PARENT","","","","0","0","0","0","","0","","check_result","activated","2022-03-18 11:12:08"),
("504","504195a65df4ab","195","52","2","22","0","0","0","","DOMINION","CHIMDIUTO","OGBODO","S/21/0504","$2y$10$XRUNLASUa3HncNM.j2aVaepFCZCs2XQiW9/ebcGu7yoWNRUMNftve","dodominion","dodominion","","2018-06-20","female","Christianity","","","","","","","","","PARENT","","","","0","0","0","0","","0","","check_result","activated","2022-03-18 11:14:08"),
("505","505195619a18a4","195","388","2","22","0","0","0","","OLIVIA","CHIMKASIMA","OGBODO","S/21/0505","$2y$10$fXH77CfIFgUugggAZhxsrOkWkzv2FMQ3XM9pgrq.cCEJ2W3jrw14i","zeonglobal","zeonglobal","","2018-10-03","female","Christianity","","","","","","","","","PARENT","","","","0","0","0","0","","0","","check_result","activated","2022-03-18 11:23:09"),
("506","5061954cf2ff12","195","389","2","22","0","0","0","","OGOCHUKWU","","OGBUABOR","S/21/0506","$2y$10$kHsIJsolg7AgYewZ./MfOuEeriujkq6lN16VxL1b.ALu5fEkL4wGe","zeonglobal","zeonglobal","","2018-06-18","female","Christianity","","","","","","","","","PARENT","","","","0","0","0","0","","0","","check_result","activated","2022-03-18 11:36:11"),
("507","5071953a2f33df","195","390","2","22","0","0","0","","ADANNA","","OHAKWE","S/21/0507","$2y$10$jgBzqsr/toNN5qdu1qWvCeHOxpfYEE99BgtTATiEGyMNBmaBwZmuS","zeonglobal","zeonglobal","","2018-12-01","female","Christianity","","","","","","","","","PARENT","","","","0","0","0","0","","0","","check_result","activated","2022-03-18 11:42:07"),
("508","50819509763689","195","259","2","22","0","0","0","","CHIAMAKA","","OMELI","S/21/0508","$2y$10$0yDQq3NYCe3enCITU8m1j.ZIRDGdeY8PsvLCai7g9huskWxpFKiOG","lichiamaka","lichiamaka","","2018-11-03","female","Christianity","","","","","","","","","PARENT","","","","0","0","0","0","","0","","check_result","activated","2022-03-18 11:44:06"),
("509","509195b9e2d982","195","149","2","22","0","0","0","","CHISIMDI","","ONYIA","S/21/0509","$2y$10$DZf6/tLBaqreGTi066/2u.RAdao9v.b0UmVAB8CAFNS1KmDyFYSk6","iachisimdi","iachisimdi","","2017-02-02","female","Christianity","","","","","","","","","PARENT","","","","0","0","0","0","","0","","check_result","activated","2022-03-18 11:45:47"),
("510","510195728ae932","195","391","5","23","0","0","0","","PAUL","","OGBONNA","S/21/0510","$2y$10$gUZZJnb4myuXEm/R9KK75u5ZbsSWpH5qaP147oLBSUXCAiwdc348G","zeonglobal","zeonglobal","","2016-01-26","female","Christianity","","","","","","","","","PARENT","","","","0","0","0","0","","0","","check_result","activated","2022-03-18 12:32:16"),
("511","511195790213b2","195","80","5","23","0","0","0","","CHIZARAM","CHERISH","NWANJOKU","S/21/0511","$2y$10$ors2DpXn4gXSK9QUJVnIu.H3rrHlOeKceXqFvTH6RScQAbDKW0.ia","kuchizaram","kuchizaram","","2015-02-17","female","Christianity","","","","","","","","","PARENT","","","","0","0","0","0","","0","","check_result","activated","2022-03-18 12:33:49"),
("512","512195c7507dfa","195","224","5","23","0","0","0","","FELICITY","","CHIDIOBI","S/21/0512","$2y$10$ILj8m8PJgAznyRF.rW95SOBMAOeEwz/BxX/9v.9UaLjzjWJo0tCTu","bifelicity","bifelicity","","2015-03-18","female","Christianity","","","","","","","","","PARENT","","","","0","0","0","0","","0","","check_result","activated","2022-03-18 12:35:29"),
("513","513195aedf2968","195","257","5","23","0","0","0","","MUNACHI","","NWAKAMMA","S/21/0513","$2y$10$.XGwU1.bFLrW2VAYYz.iy.i5PWpFsqETGKDfhcx/4VjD4iHm8eao2","mamunachi","mamunachi","","2015-09-12","female","Christianity","","","","","","","","","PARENT","","","","0","0","0","0","","0","","check_result","activated","2022-03-18 12:36:58"),
("514","514195b545ea1b","195","282","5","23","0","0","0","","MIRACLE","","OKONKWO","S/21/0514","$2y$10$v5Ixstah9YIye1nsn.KFfuaqXQDCBK7H4L6XvTobXrtcDu6i/13Kq","womiracle","womiracle","","2015-07-24","male","Christianity","","","","","","","","","PARENT","","","","0","0","0","0","","0","","check_result","activated","2022-03-18 12:38:21"),
("515","515195fe18320f","195","247","5","23","0","0","0","","BLESSING","","OBINNA","S/21/0515","$2y$10$HRKtTSzx69R9gXP.Fs6wY.Ccr4p7EBotHWA/pe3v6i07eGHOCy1Wy","nablessing","nablessing","","2015-09-02","female","Christianity","","","","","","","","","PARENT","","","","0","0","0","0","","0","","check_result","activated","2022-03-18 12:41:27"),
("516","51619596f1f54d","195","385","5","23","0","0","0","","CHRISTIAN","","EZEMA","S/21/0516","$2y$10$40nVJpT63il8gEoqpN6g1eRjxgFFs3Zg57jfLzheJzNXKerBbd6Lm","machristian","machristian","","2015-06-06","male","Christianity","","","","","","","","","PARENT","","","","0","0","0","0","","0","","check_result","activated","2022-03-18 12:42:35"),
("517","5171956f2cda15","195","319","5","23","0","0","0","","CHINECHEREM","","ODILINYE","S/21/0517","$2y$10$1jnX7.kbLVnuCGLqUidNc.6uffR4aDXA234qYn5p5WUKiwVK9Cx7G","yechinecherem","yechinecherem","","2015-09-18","female","Christianity","","","","","","","","","PARENT","","","","0","0","0","0","","0","","check_result","activated","2022-03-18 12:43:49"),
("518","51819543b6c373","195","274","5","23","0","0","0","","SASAH","","OPPAH","S/21/0518","$2y$10$r/w2RrAutDF6fxmnTM2MR.ffAsBFHVQc65llZcXcyWMC36BgGsiAy","ahsasah","ahsasah","","2016-11-26","female","Christianity","","","","","","","","","PARENT","","","","0","0","0","0","","0","","check_result","activated","2022-03-18 12:51:16"),
("519","519195e8a4fcb4","195","392","5","23","0","0","0","","KOSISOCHUKWU","MARTINS","EZE","S/21/0519","$2y$10$TMfQwtJReQMwtdNMHEpmh.QOzAwqBOP4xJhfpH.9dAKHw1Wjj2kSu","zeonglobal","zeonglobal","","2015-11-10","male","Christianity","","","","","","","","","PARENT","","","","0","0","0","0","","0","","check_result","activated","2022-03-18 12:55:19"),
("520","520195cbca49f0","195","252","5","23","0","0","0","","VICTORY","","CHUKWUKA","S/21/0520","$2y$10$MBn.kt9zBFe0btt29bVsn.IT3425.kzjxrmRlIYYLDmK/Pdnswtoa","kavictory","kavictory","","2015-08-10","male","Christianity","","","","","","","","","PARENT","","","","0","0","0","0","","0","","check_result","activated","2022-03-18 12:56:30"),
("521","521195b3c8df96","195","393","5","23","0","0","0","","CHIZARAM","","NWANA","S/21/0521","$2y$10$C8Z.3t0Mr969zHZ7Va5KuO9gSP3LvX.dqAgWvlDhUlyJgFUoZMIpW","zeonglobal","zeonglobal","","2015-06-11","female","Christianity","","","","","","","","","PARENT","","","","0","0","0","0","","0","","check_result","activated","2022-03-18 12:59:55"),
("522","522195602a0478","195","394","5","23","0","0","0","","CHINEDUM","","ONYEKWELU","S/21/0522","$2y$10$IrVmByxmCXvRVjiLeIrGnelWnUdCJ47Phe8K.6PRO3OQm6RY7ECuS","zeonglobal","zeonglobal","","2016-03-03","male","Christianity","","","","","","","","","PARENT","","","","0","0","0","0","","0","","check_result","activated","2022-03-18 13:03:26"),
("523","52319511c43204","195","395","5","23","0","0","0","","CHINECHEREM","","OKWUDILI","S/21/0523","$2y$10$gnna6BOlnTrbc81Hlm9lQunoX5kQsGnCJOLiv5q/Djwj0/mobIhHO","zeonglobal","zeonglobal","","2015-03-07","female","Christianity","","","","","","","","","PARENT","","","","0","0","0","0","","0","","check_result","activated","2022-03-18 13:06:29"),
("524","5241957ab9ec02","195","33","5","23","0","0","0","","FAVOUR","","ANIUDE","S/21/0524","$2y$10$KFR75FErkJtgtvQBjiVHYubo48O4ZqXurfy/PAX0Z8oLlG5fXjskm","defavour","defavour","","2015-06-30","female","Christianity","","","","","","","","","PARENT","","","","0","0","0","0","","0","","check_result","activated","2022-03-18 13:07:31"),
("525","52519584c7f39b","195","44","5","23","0","0","0","","BLESSING","N","ANI","S/21/0525","$2y$10$qxJUvrr/uznEO3FQIYE0s.RdyeEPNz8GsmhSV2C0ufNLd8kdARlji","niblessing","niblessing","","2016-01-03","female","Christianity","","","","","","","","","PARENT","","","","0","0","0","0","","0","","check_result","activated","2022-03-18 13:08:32"),
("526","5261955972562e","195","248","5","23","0","0","0","","LOUIS","","OKAFOR","S/21/0526","$2y$10$BVZeYMSnlkv8fZFQxteiLuuXLnisP7AS2l8dlZUHhoSajFdUCyLNS","orlouis","orlouis","","2015-01-02","male","Christianity","","","","","","","","","PARENT","","","","0","0","0","0","","0","","check_result","activated","2022-03-18 13:10:09"),
("527","52719592ca0bb4","195","269","5","23","0","0","0","","KACHI","","OKWYABBA","S/21/0527","$2y$10$X4vEiMKMV6gu10AzxRnhEONNDCSKXwWGgSSADmTcc3C2cKhBHodgK","bakachi","bakachi","","2014-10-25","male","Christianity","","","","","","","","","PARENT","","","","0","0","0","0","","0","","check_result","activated","2022-03-18 13:11:24"),
("528","528195373f1c28","195","176","5","23","0","0","0","","IKEMDINACHI","","OZOR","S/21/0528","$2y$10$O22D.dO0lzfUkekLVVrWi.B6sxahh1BPaIeurZtWrcczX6e/gxBia","orikemdinachi","orikemdinachi","","2015-10-10","male","Christianity","","","","","","","","","PARENT","","","","0","0","0","0","","0","","check_result","activated","2022-03-18 13:13:03"),
("529","5291956e541946","195","345","5","23","0","0","0","","MICHELLE","","UBADINMA","S/21/0529","$2y$10$1A510AN6kWMxED8DWuzngOmq7VbQGAyzzkhSrJ5R34zh6nvjyGx5i","mamichelle","mamichelle","","2015-08-29","female","Christianity","","","","","","","","","PARENT","","","","0","0","0","0","","0","","check_result","activated","2022-03-18 13:28:47"),
("530","53019577866ede","195","318","5","23","0","0","0","","KANYITO","","OBI","S/21/0530","$2y$10$.00cJHpf7PVkGBornsOFmuC3Xlm2zvxZXY7ca/cWZbHntmY.J9fwm","bikanyito","bikanyito","","2015-05-07","male","Christianity","","","","","","","","","PARENT","","","","0","0","0","0","","0","","check_result","activated","2022-03-18 13:36:02"),
("531","53119566fd84bb","195","381","5","23","0","0","0","","CHIBUZOR","CHRISTABEL","OZOENWU","S/21/0531","$2y$10$IcfnPGM0/bwuHzQ2laTCOegIKwL9SZlm2qVfryZF6Ed9LFoCya.mK","wuchibuzor","wuchibuzor","","2015-10-26","female","Christianity","","","","","","","","","PARENT","","","","0","0","0","0","","0","","check_result","activated","2022-03-18 13:38:14"),
("532","5321957ba1bc07","195","396","5","23","0","0","0","","CHIDOZIE","","EXCEL","S/21/0532","$2y$10$CEioQs8ejHnVu9D9t.qIe.Dj.6IBYinlmcw7KTxVxrW7GE5nq/Lxa","zeonglobal","zeonglobal","","2014-12-01","female","Christianity","","","","","","","","","PARENT","","","","0","0","0","0","","0","","check_result","activated","2022-03-18 13:45:30"),
("533","533195313c8387","195","219","5","23","0","0","0","","CHIMDUMEBI","","GODWIN","S/21/0533","$2y$10$WkMqG0ZN9sqcjSVtnLnFd.EeSX1/6waMHiYb.gnO7L9KiNkjyhkoK","inchimdumebi","inchimdumebi","","2015-12-15","female","Christianity","","","","","","","","","PARENT","","","","0","0","0","0","","0","","check_result","activated","2022-03-18 13:48:33"),
("534","5341954c25de72","195","45","5","23","0","0","0","","MARY","","CHIBUZOR","S/21/0534","$2y$10$sENB6AnRQc6QzwWnATZIM.q6XBskRRe.iqi6gCjUzUXsgSCZzOWfe","ormary","ormary","","2015-07-16","female","Christianity","","","","","","","","","PARENT","","","","0","0","0","0","","0","","check_result","activated","2022-03-18 13:51:32"),
("535","53519559943b7e","195","161","5","23","0","0","0","","IZUCHUKWU","","ANIKWE","S/21/0535","$2y$10$FaioJ3OzOAAbIgh2Bn0DYORM0/rXdwA8hTvATeJ3XYcHRwrdvCdhC","weizuchukwu","weizuchukwu","","2015-03-03","male","Christianity","","","","","","","","","PARENT","","","","0","0","0","0","","0","","check_result","activated","2022-03-18 13:55:27"),
("536","5361953598413a","195","397","5","23","0","0","0","","ONYEDIKACHI","","NWIGWE","S/21/0536","$2y$10$7UccdqYR7IlrOK5pUrKd5uenZCthJVJ0abpAY2U.hu47BsIzEb/c6","zeonglobal","zeonglobal","","2015-11-05","male","Christianity","","","","","","","","","PARENT","","","","0","0","0","0","","0","","check_result","activated","2022-03-18 13:59:10"),
("537","53719580d01532","195","92","5","23","0","0","0","","BRYAN","","OGBODO","S/21/0537","$2y$10$mvJB7btsHUJPseGpUeylJuoGJDQm/CimrJCBvFVNdOvAjp0MV4FK.","dobryan","dobryan","","2015-10-27","male","Christianity","","","","","","","","","PARENT","","","","0","0","0","0","","0","","check_result","activated","2022-03-18 14:04:00"),
("538","5381950918c8f4","195","64","5","23","0","0","0","","JIDEOFOR","ONYEDIKACHI","UCHENNA","S/21/0538","$2y$10$GJimUuPWNV9nvXgfldH0NeuiReiWAA0f/g0CSGhdpsZfqMjuXZ7Xm","najideofor","najideofor","","2015-09-22","male","Christianity","","","","","","","","","PARENT","","","","0","0","0","0","","0","","check_result","activated","2022-03-18 14:10:06"),
("539","539195e02211f2","195","80","5","23","0","0","0","","CHIZARAM","","NWANJOKU","S/21/0539","$2y$10$0uCJrrIKA2ePBy4AldJkqOK1.JIjrzOARz5hE9iHMrEsycWXcvXHO","kuchizaram","kuchizaram","","2015-05-17","female","Christianity","","","","","","","","","PARENT","","","","0","0","0","0","","0","","check_result","activated","2022-03-18 14:12:09"),
("540","540195146e4e2e","195","229","5","23","0","0","0","","C","","OGBUKE","S/21/0540","$2y$10$RsC5f2DK33ZAKCJXuX/aCuspy7T/e341E4PmDx00SqC5TXGRtGLoa","kec","kec","","2015-05-26","male","Christianity","","","","","","","","","PARENT","","","","0","0","0","0","","0","","check_result","activated","2022-03-18 14:19:00"),
("541","5411950d5f28a0","195","193","5","23","0","0","0","","STANLEY","","OKEKE","S/21/0541","$2y$10$EdxHT0Zqi7aaJZFz5kapG.b0T3yf6qxy5gJ.lgdgI/dw3QKM1qtSy","kestanley","kestanley","","2015-06-13","male","Christianity","","","","","","","","","PARENT","","","","0","0","0","0","","0","","check_result","activated","2022-03-18 14:22:22"),
("542","5421955554e956","195","148","5","23","0","0","0","","GODSPOWER","","NWEKE","S/21/0542","$2y$10$rPaT38x2w4ci.WoQ4Q1iB./MaFDo.7Sld8c8eE50QqlTv1Iketelu","kegodspower","kegodspower","","2015-04-30","male","Christianity","","","","","","","","","PARENT","","","","0","0","0","0","","0","","check_result","activated","2022-03-18 14:44:57"),
("543","5431951a1f0de4","195","398","5","23","0","0","0","","K","","KETOCHUKWU","S/21/0543","$2y$10$.xkuKWaqlkTnijJPy6UpROb3jjC1gsmUAXcD6dzrAADntFSf/P3V6","zeonglobal","zeonglobal","","2015-05-20","male","Christianity","","","","","","","","","PARENT","","","","0","0","0","0","","0","","check_result","activated","2022-03-18 14:49:50"),
("544","54419513c148e5","195","297","5","24","0","0","0","","ARTHUR","","OBE","S/21/0544","$2y$10$vWGGd2szYLh0T/1MAdwzZ.Y593EL/a4j6N4fNj9epzyjPNj2VICze","bearthur","bearthur","","2015-04-22","male","Christianity","","","","","","","","","PARENT","new_student","new_student","","0","0","0","0","","0","","check_result","activated","2022-03-18 14:57:14"),
("545","545195b300af22","195","399","5","24","0","0","0","","CHUKS","","NNENNAYA","S/21/0545","$2y$10$w5Is/gdJ0/4HTInJkQqJkuTT0w63F/ofWml6azPZKn9pQRInEgJuu","zeonglobal","zeonglobal","","2016-05-04","female","Christianity","","","","","","","","","PARENT","","","","0","0","0","0","","0","","check_result","activated","2022-03-18 14:59:57"),
("546","54619520057ed2","195","374","5","24","0","0","0","","KAMSI","","EZE","S/21/0546","$2y$10$rkDvOD.ZTZhQ0ZqCOPQFYOprsSEikb1pU6yDtBlu84E8X.IkVs2na","zekamsi","zekamsi","","2022-03-18","male","Christianity","","","","","","","","","PARENT","new_student","new_student","","0","0","0","0","","0","","check_result","activated","2022-03-18 15:03:02"),
("547","5471959f9c38a5","195","52","5","24","0","0","0","","SAMUEL","","OGBODO","S/21/0547","$2y$10$PorlUBuVS3kUAJfFb4dRJOM1EHABThrsPGkt1T0bLmNm91gRrY6pq","dosamuel","dosamuel","","2015-07-28","female","Christianity","","","","","","","","","PARENT","","","","0","0","0","0","","0","","check_result","activated","2022-03-18 15:03:58"),
("548","548195de2d9373","195","216","5","24","0","0","0","","GABRIEL","","ASOGWA","S/21/0548","$2y$10$SCrb93bdsZxUscQtHsS.5.1MaBfv7asAgB.xvuQ3nY59aX9BCIPqa","wagabriel","wagabriel","","2015-05-10","male","Christianity","","","","","","","","","PARENT","","","","0","0","0","0","","0","","check_result","activated","2022-03-18 15:05:09"),
("549","54919549970fff","195","400","5","24","0","0","0","","DIVINE","","ASOGWA","S/21/0549","$2y$10$O4khP4PKHl9yJSsBOijEmuZAbRmByArdHnnED8glzeXd2G5jJA16C","zeonglobal","zeonglobal","","2016-03-05","male","Christianity","","","","","","","","","PARENT","new_student","new_student","","0","0","0","0","","0","","check_result","activated","2022-03-18 15:07:19"),
("550","55019549886706","195","332","5","24","0","0","0","","EZINNE","","IKENNA","S/21/0550","$2y$10$t8egldRojLph8u.7O3rVMeIkGU2AT3FK7Ysirj1xzG1QBLh5V3GHy","naezinne","naezinne","","2015-09-23","female","Christianity","","","","","","","","","PARENT","","","","0","0","0","0","","0","","check_result","activated","2022-03-18 15:08:21"),
("551","551195a4eb10ec","195","329","5","24","0","0","0","","KENECHUKWU","","UGWU","S/21/0551","$2y$10$NY35g99yuKURIKkDGRGynelysg6yb5XIe8kFh/2PI5TTZn4IQfGdC","wukenechukwu","wukenechukwu","","2014-06-05","male","Christianity","","","","","","","","","PARENT","new_student","new_student","","0","0","0","0","","0","","check_result","activated","2022-03-18 15:13:43"),
("552","552195b2b88553","195","98","5","24","0","0","0","","FELIX","","NNAJIOFOR","S/21/0552","$2y$10$2MaIPgMMTu3MK.TKbWBTSOeYFB801FVCtRxcN1EMdmjKZ1mlszdhm","orfelix","orfelix","","2015-07-05","male","Christianity","","","","","","","","","PARENT","","","","0","0","0","0","","0","","check_result","activated","2022-03-18 15:15:25"),
("553","553195468a0c97","195","113","5","24","0","0","0","","WINFRED","","ANIGBOGU","S/21/0553","$2y$10$eOBLYP/J54qnBCTVZ.FheulHmqX0N2O948VTWq7PcUN8tLpQRcL0W","guwinfred","guwinfred","","2014-04-19","female","Christianity","","","","","","","","","PARENT","","","","0","0","0","0","","0","","check_result","activated","2022-03-18 15:17:08"),
("554","55419539a47e0c","195","121","5","24","0","0","0","","KENECHUKWU","","CHINWETALU","S/21/0554","$2y$10$Bp4YCMuMbZWJADwA6eS/rOSivtMYjQjE7hCzxiymc/8EfIaW8eyW6","lukenechukwu","lukenechukwu","","2015-06-15","male","Christianity","","","","","","","","","PARENT","","","","0","0","0","0","","0","","check_result","activated","2022-03-18 15:18:04"),
("555","5551953929829f","195","298","5","24","0","0","0","","KING-DAVID","","OBU","S/21/0555","$2y$10$vz7qoQJ7QjZb.LmuONwh6OTJhXN.Ygnr0AvzYdN84qgzgcSBoWcZe","buking-david","buking-david","","2016-03-06","male","Christianity","","","","","","","","","PARENT","","","","0","0","0","0","","0","","check_result","activated","2022-03-18 15:19:01"),
("556","556195f1e4eb5f","195","2","5","24","0","0","0","","MITCHELLE","","DURU","S/21/0556","$2y$10$/vjNLhZZcWEdhjQuFkVjZ.r2L.MdSkaxuyFkJAtbmCYCLs77kJUyG","rumitchelle","rumitchelle","","2016-03-15","female","Christianity","","","","","","","","","PARENT","","","","0","0","0","0","","0","","check_result","activated","2022-03-18 15:20:07"),
("557","5571956adcc4a5","195","192","5","24","0","0","0","","CHIEMELIE","","ENEKWE","S/21/0557","$2y$10$o6aMDJvr4kx42iqaXut0LeOXn1BcCgIixJdOJgpvJGa.gfn5STvN2","wechiemelie","wechiemelie","","2015-02-18","female","Christianity","","","","","","","","","PARENT","","","","0","0","0","0","","0","","check_result","activated","2022-03-18 15:23:05"),
("558","558195e8a86c3f","195","140","5","24","0","0","0","","AMANDA","","NWAGBARA","S/21/0558","$2y$10$/c7ojnWoy/C1w/z4v/XWBOKeWyq/Hwp3G6HdIxkVl7LFnOjzrg7gG","raamanda","raamanda","","2015-09-26","female","Christianity","","","","","","","","","PARENT","","","","0","0","0","0","","0","","check_result","activated","2022-03-18 15:24:16"),
("559","559195ed2e05ee","195","46","5","24","0","0","0","","CHIKAIMA","","CHIME","S/21/0559","$2y$10$xdMlMl8kHSX.4SctHHKFw.CYmYTB.wdnAfOISKeEIVMXGVUHJLSxy","mechikaima","mechikaima","","2015-01-09","female","Christianity","","","","","","","","","PARENT","","","","0","0","0","0","","0","","check_result","activated","2022-03-18 15:25:47"),
("560","560195277377d1","195","100","5","24","0","0","0","","CHIMEREMEZE","","CHIME","S/21/0560","$2y$10$GzRxK1XZ35mRDeA.TLtMGOaFifWBGkgGy7w5oSeFZkiAWvxltq4su","mechimeremeze","mechimeremeze","","2015-07-14","male","Christianity","","","","","","","","","PARENT","","","","0","0","0","0","","0","","check_result","activated","2022-03-18 15:26:43"),
("561","561195f575210a","195","231","5","24","0","0","0","","NNABUEZE","","NGWU","S/21/0561","$2y$10$2IFXNQLQLW.0Razfrus8A.d4i712uvube3HVHrkgGVNNCYCeS2BsS","wunnabueze","wunnabueze","","2015-09-20","male","Christianity","","","","","","","","","PARENT","","","","0","0","0","0","","0","","check_result","activated","2022-03-18 15:27:57"),
("562","562195ecfa9901","195","142","5","24","0","0","0","","CHUKWUJIOKE","","OKE","S/21/0562","$2y$10$BRxwfQjvbRC8m1EvVq.IF.3YGvbYXPMK.rzsSBWoxT20e46WTlB3a","kechukwujioke","kechukwujioke","","2015-07-26","male","Christianity","","","","","","","","","PARENT","","","","0","0","0","0","","0","","check_result","activated","2022-03-18 15:29:17"),
("563","563195ff9f9fd5","195","47","5","24","0","0","0","","OLUEBUBE","","CHUKWU","S/21/0563","$2y$10$nHr4AwfoYrFM6Lp4lr8fAeqiJ8X/N1vBvc5N4XaE66K5hBNL/mwmW","wuoluebube","wuoluebube","","2015-01-06","female","Christianity","","","","","","","","","PARENT","","","","0","0","0","0","","0","","check_result","activated","2022-03-18 15:31:00"),
("564","564195d0adbcec","195","334","5","24","0","0","0","","KAMSIYO","","OMEJE","S/21/0564","$2y$10$H62jmFewaKRuFG9Si7iLzeHzVOdOAnflluLywO7kh83zqvVq7TqOK","jekamsiyo","jekamsiyo","","2015-12-12","male","Christianity","","","","","","","","","PARENT","","","","0","0","0","0","","0","","check_result","activated","2022-03-18 15:34:03"),
("565","565195554c0689","195","144","5","24","0","0","0","","KAMSIYOCHUKWU","","IKPEZE","S/21/0565","$2y$10$HYzf16GIxpO8sQ0r7rQxC.KAWX5ffISNbIZLYG.i17Dwco2A8EX1q","zekamsiyochukwu","zekamsiyochukwu","","2015-04-06","female","Christianity","","","","","","","","","PARENT","","","","0","0","0","0","","0","","check_result","activated","2022-03-18 15:38:55"),
("566","566195eba43c06","195","401","5","24","0","0","0","","ADAORA","","OGBODO","S/21/0566","$2y$10$SHNw7iOCJrbHX/lk1/HaEuBPI1JRDQYnh2wfpCEdNLoOgumZIapw.","zeonglobal","zeonglobal","","2014-04-06","female","Christianity","","","","","","","","","PARENT","","","","0","0","0","0","","0","","check_result","activated","2022-03-18 15:58:36"),
("567","5671953c06fcc1","195","237","5","24","0","0","0","","PRINCEWILL","","OKEREKE","S/21/0567","$2y$10$gw930P7wzC3Vom.k1zWZ3eUZl6RXynSvhwelgvOV/Ys.5UkXu2UfK","keprincewill","keprincewill","","2015-06-15","female","Christianity","","","","","","","","","PARENT","","","","0","0","0","0","","0","","check_result","activated","2022-03-18 16:05:13"),
("568","568195a1963df2","195","402","5","24","0","0","0","","GERALD","","APEH","S/21/0568","$2y$10$CdIg6kLLGDppvdgzMpjARO98wIh/AOk/uZ13YYGmayYUmpgRSzSQe","zeonglobal","zeonglobal","","2015-05-18","male","Christianity","","","","","","","","","PARENT","","","","0","0","0","0","","0","","check_result","activated","2022-03-18 16:10:16"),
("569","569195a40a6bad","195","259","5","24","0","0","0","","CHINAMEREM","","OMELI","S/21/0569","$2y$10$liJeFXYmWyAzirSV/OUCS.QZf7vHoMkNF1cJdyS38WWg0MjUWutZO","lichinamerem","lichinamerem","","2014-02-03","female","Christianity","","","","","","","","","PARENT","","","","0","0","0","0","","0","","check_result","activated","2022-03-21 13:02:43"),
("570","570195e5a7c579","195","403","5","24","0","0","0","","CHIZULUM","","ODIMBA","S/21/0570","$2y$10$Eu6J/yKNeTgIhDd3o74OW.jcgFru/SW7VSyTq4sJDDznrZUuEsBqe","zeonglobal","zeonglobal","","2016-07-22","male","Christianity","","","","","","","","","PARENT","","","","0","0","0","0","","0","","check_result","activated","2022-03-21 13:08:08"),
("571","571195b2c6bc77","195","214","5","24","0","0","0","","BRENDAN","","AGBO","S/21/0571","$2y$10$pZUg5YQjvTNxVi3L1.0lWuBueQyG1CsCaD4n8HJ8BzJ8m/P9QPB7u","bobrendan","bobrendan","","2015-06-27","male","Christianity","","","","","","","","","PARENT","","","","0","0","0","0","","0","","check_result","activated","2022-03-21 13:09:17"),
("572","5721956cd29e35","195","404","5","24","0","0","0","","GOODNESS","","OKECHI","S/21/0572","$2y$10$.lK0y2FcuLuBTb5Zce0PmehOgusfBC317lcJbgdTbSfoHQ3C.B3gO","zeonglobal","zeonglobal","","2015-04-04","female","Christianity","","","","","","","","","PARENT","","","","0","0","0","0","","0","","check_result","activated","2022-03-21 13:11:57"),
("573","57319586817132","195","405","5","24","0","0","0","","CHIDUBEM","FELIX","UGWU","S/21/0573","$2y$10$Jh5GJ0yWZh7teP0Nt4Seb.Hi8tTYwvioaEh8HPzjizBrRXsgE2Am2","zeonglobal","zeonglobal","","2015-05-11","male","Christianity","","","","","","","","","PARENT","new_student","new_student","","0","0","0","0","","0","","check_result","activated","2022-03-21 13:20:01"),
("574","57419504b51a3b","195","406","5","24","0","0","0","","GEOVANNI","","EDEH","S/21/0574","$2y$10$.XYlpNHODzt5nkMeTLXSz.E/an15Ybkmpi/BRAeFsHSJ1x1W1NTH.","zeonglobal","zeonglobal","","2015-11-20","male","Christianity","","","","","","","","","PARENT","","","","0","0","0","0","","0","","check_result","activated","2022-03-21 13:24:01"),
("575","5751959265c1ad","195","407","5","24","0","0","0","","CHIMAMANDA","","NNABUGWU","S/21/0575","$2y$10$BSt6J49j5.rBzpP6Cqc/beTgjfgYoEfabIhjNLH725FOQcIC2Z6n.","zeonglobal","zeonglobal","","2014-11-19","female","Christianity","","","","","","","","","PARENT","new_student","new_student","","0","0","0","0","","0","","check_result","activated","2022-03-21 13:42:29"),
("576","57619570286efa","195","0","5","24","0","0","0","","ADAOMA","","OGBONNA","S/21/0576","$2y$10$sjL.qWyEvZc1oz81iow3iuHHapPBortGfuWmytF7Xi2EOIMmhu3U6","naadaoma","naadaoma","","2022-03-21","female","Christianity","","","","","","","","","PARENT","new_student","new_student","","0","0","0","0","","0","","check_result","activated","2022-03-21 13:45:26"),
("577","57719577029645","195","408","3","25","0","0","0","","CHIAGOZIEM","","AGBO","S/21/0577","$2y$10$SWL7x.rjIRTHulo1ymr/h.yhiilzBegG32EwMzuL6rdLSZvbS3BTe","zeonglobal","zeonglobal","","2017-11-08","male","Christianity","","","","","","","","","PARENT","","","","0","0","0","0","","0","","check_result","activated","2022-03-22 11:24:15"),
("578","5781955090f268","195","408","3","25","0","0","0","","CHINDINDU","","AGBO","S/21/0578","$2y$10$bq3Ni3ZrQEutk9VXtHBR3Ogr9u9ZpyKP4P0N61jSnk9TEVq5AqyEC","bochindindu","bochindindu","","2017-11-08","male","Christianity","","","","","","","","","PARENT","","","","0","0","0","0","","0","","check_result","activated","2022-03-22 11:27:30"),
("579","5791959d87f988","195","0","3","25","0","0","0","","KENENNA","","AGU","S/21/0579","$2y$10$1SAKMgEjBH2d7K.LqC4ppuQt0pgUIGJQm6Bs2HZD2352W3aIZit6S","gukenenna","gukenenna","","2018-12-01","male","Christianity","","","","","","","","","PARENT","","","","0","0","0","0","","0","","check_result","activated","2022-03-22 11:28:33"),
("580","5801956195eec6","195","0","3","25","0","0","0","","CHIJINDU","","ASOGWA","S/21/0580","$2y$10$.5ytNNv8HJRTqQbzTlYHZ.XQiT1pwXh1PBS1QTP3.7O2UhQrZVRL.","wachijindu","wachijindu","","2017-05-04","male","Christianity","","","","","","","","","PARENT","","","","0","0","0","0","","0","","check_result","activated","2022-03-22 11:29:47"),
("581","58119515f80048","195","0","3","25","0","0","0","","GREATNESS","","CHIJIOKE","S/21/0581","$2y$10$5HErsqwVovHUpqN6thxcvOiYRcryrHfIbJ2dWc/A9trg0Dc3AAH3m","kegreatness","kegreatness","","2017-05-04","male","Christianity","","","","","","","","","PARENT","","","","0","0","0","0","","0","","check_result","activated","2022-03-22 11:30:39"),
("582","582195977385cb","195","0","3","25","0","0","0","","VALENTINE","","CHIME","S/21/0582","$2y$10$j3LqBIhSp4UXhgsDo1af/uSzjmAPxkc4GISW51Zq/S2oWOkX4GhqG","mevalentine","mevalentine","","2017-02-06","male","Christianity","","","","","","","","","PARENT","","","","0","0","0","0","","0","","check_result","activated","2022-03-22 11:31:29"),
("583","5831954306de49","195","0","3","25","0","0","0","","KAMSIYO","","DAVID","S/21/0583","$2y$10$nNSfhkgXiygXC615Yyaiv.vZGJofxiQlPa4U12hnUEx/yKc41QgYK","idkamsiyo","idkamsiyo","","2017-07-14","male","Christianity","","","","","","","","","PARENT","","","","0","0","0","0","","0","","check_result","activated","2022-03-22 11:33:04"),
("584","584195a282c3b1","195","0","3","25","0","0","0","","CHIAGOZIE","","EMMANUEL","S/21/0584","$2y$10$Zpligkl.e/gexkJpGetnjeduNM9K7qD./lBZz8Up4F.5cBBTPbUr6","elchiagozie","elchiagozie","","2017-09-08","male","Christianity","","","","","","","","","PARENT","","","","0","0","0","0","","0","","check_result","activated","2022-03-22 11:34:11"),
("585","58519543ae270e","195","0","3","25","0","0","0","","IKENNA","","IFEZUE","S/21/0585","$2y$10$I.A5U9rKVkSDadMbgO0pN.LbeGX6sIzvUG7tKvQVXnK7vBIrQl2hm","ueikenna","ueikenna","","2018-01-05","male","Christianity","","","","","","","","","PARENT","","","","0","0","0","0","","0","","check_result","activated","2022-03-22 11:34:54"),
("586","586195e28e9c8a","195","0","3","25","0","0","0","","NAETONNA","","IGBEGWU","S/21/0586","$2y$10$IMFAhyzEqssaU1fmtoK6QO4LOFxT16BUCoi/wO/AyHdSo0zjqqlO.","wunaetonna","wunaetonna","","2017-04-08","male","Christianity","","","","","","","","","PARENT","","","","0","0","0","0","","0","","check_result","activated","2022-03-22 11:35:46"),
("587","5871953a59c332","195","0","3","25","0","0","0","","GENIMEA","","MODI","S/21/0587","$2y$10$uXxgKaHH.FCSoa2eOgMQj.T1IUKUSasubUZMeZ3sWmG0X1uUYnLz2","digenimea","digenimea","","2018-02-12","male","Christianity","","","","","","","","","PARENT","","","","0","0","0","0","","0","","check_result","activated","2022-03-22 11:36:36"),
("588","588195df5fa6d9","195","0","3","25","0","0","0","","DAVID","","NNAJI","S/21/0588","$2y$10$HtNTMONPoYQZ2w0iYyTFpulC3qrgOWQpJg3TXPnzqNw96kuwTn1Uy","jidavid","jidavid","","2017-11-11","male","Christianity","","","","","","","","","PARENT","","new_student","","0","0","0","0","","0","","check_result","activated","2022-03-22 11:37:31"),
("589","5891951c5d540b","195","0","3","25","0","0","0","","HENRY","","NWANNE","S/21/0589","$2y$10$kvOya0mO1tKu.vXPvq4D3uuNWko8DmoUM4ySTcsqUkiuy31bEuHMW","nehenry","nehenry","","2017-10-25","male","Christianity","","","","","","","","","PARENT","","","","0","0","0","0","","0","","check_result","activated","2022-03-22 11:42:16"),
("590","59019550cda979","195","0","3","25","0","0","0","","BRYAN","","OBUEZE","S/21/0590","$2y$10$Y1v116Ugk9BON4nHkIlPF.uAG4aaR0I2J5NcVSGu6BBRRnU0OgARm","zebryan","zebryan","","2018-03-01","male","Christianity","","","","","","","","","PARENT","","new_student","","0","0","0","0","","0","","check_result","activated","2022-03-22 11:43:11"),
("591","5911954ea85475","195","0","3","25","0","0","0","","WISDOM","","ODO","S/21/0591","$2y$10$4QMKmkRTHFihFmnSYAZt8eDqeJx82feTOttQYKHgktVu0YWUxXdBO","dowisdom","dowisdom","","2018-12-14","male","Christianity","","","","","","","","","PARENT","","","","0","0","0","0","","0","","check_result","activated","2022-03-22 11:43:55"),
("592","592195b41169a5","195","0","3","25","0","0","0","","KOSISOCHUKWU","","ORJI","S/21/0592","$2y$10$fMeLPvb8VMPzrtcG27SGs.d8p/ei4oVWrTgvu9n3IUaR1UJQIAqqG","jikosisochukwu","jikosisochukwu","","2018-01-05","male","Christianity","","","","","","","","","PARENT","","","","0","0","0","0","","0","","check_result","activated","2022-03-22 11:44:45"),
("593","5931952408e057","195","0","3","25","0","0","0","","CHIKAMSO","","OWOH","S/21/0593","$2y$10$gm6a3Unklvwi22.vCX83yOhzT.HO.rlIEZumZz4jCQIbjmIC1y1Bm","ohchikamso","ohchikamso","","2017-09-17","male","Christianity","","","","","","","","","PARENT","","","","0","0","0","0","","0","","check_result","activated","2022-03-22 11:45:27"),
("594","5941957dd95164","195","0","3","25","0","0","0","","IFUNANYA","","ANIOBI","S/21/0594","$2y$10$9Wq11OTkuD2m68anoHn2.eUutJE0W4pPv53xy3Nm4jWjiHZE/SnKC","biifunanya","biifunanya","","2017-12-07","female","Christianity","","","","","","","","","PARENT","","","","0","0","0","0","","0","","check_result","activated","2022-03-22 11:46:19"),
("595","59519589217ba6","195","0","3","25","0","0","0","","CHRISTIAN","","AWOM","S/21/0595","$2y$10$p3CKfdAONnEQYCNampul2.v897kH6NQM8/lJCzlZkcO/kcREVBECy","omchristian","omchristian","","2017-09-15","female","Christianity","","","","","","","","","PARENT","","","","0","0","0","0","","0","","check_result","activated","2022-03-22 11:48:03"),
("596","5961951772f80c","195","0","3","25","0","0","0","","PURITY","","CHINWETALU","S/21/0596","$2y$10$ltA44xEtXyj2ZYhFCv6JseQyuA/O9ffMOQAoUFH/.2DdKDSJRef22","lupurity","lupurity","","2017-08-28","female","Christianity","","","","","","","","","PARENT","","","","0","0","0","0","","0","","check_result","activated","2022-03-22 11:51:13"),
("597","5971957e71d553","195","0","3","25","0","0","0","","NNENNA","","CHRISTOPHER","S/21/0597","$2y$10$IQyLiXugHQyg7ZxUSrzEoubZ9CGJvUsMRu79c2Gfjn4SAEiX/D1kq","ernnenna","ernnenna","","2018-01-16","female","Christianity","","","","","","","","","PARENT","","","","0","0","0","0","","0","","check_result","activated","2022-03-22 11:52:07"),
("598","59819594ff141e","195","0","3","25","0","0","0","","CHINWEMMERI","","IKPEZE","S/21/0598","$2y$10$8sfjkkMHqvYBoYmxpeW1ju22er44n3dT3OpeE99HFCyIUwId1slwG","zechinwemmeri","zechinwemmeri","","2018-01-16","female","Christianity","","","","","","","","","PARENT","","","","0","0","0","0","","0","","check_result","activated","2022-03-22 11:52:54"),
("599","599195521b236a","195","0","3","25","0","0","0","","FAVOUR","","KENNETH","S/21/0599","$2y$10$ezYyIfxpTb1t5rhzd.lxT.0VD/L4r7o7C5IS2TgiS5sTpMepo4zhe","thfavour","thfavour","","2017-11-06","female","Christianity","","","","","","","","","PARENT","","","","0","0","0","0","","0","","check_result","activated","2022-03-22 11:54:09"),
("600","600195f62d1871","195","0","3","25","0","0","0","","GRACE","","KENNETH","S/21/0600","$2y$10$mrVuFS2RMmZiCyE3gpU1VO7ozi0WZZ6HGBQuFXIVoi1TorT/oAYXS","thgrace","thgrace","","2017-11-06","male","Christianity","","","","","","","","","PARENT","","","","0","0","0","0","","0","","check_result","activated","2022-03-22 11:54:58");
INSERT INTO students VALUES
("601","601195475b1336","195","305","3","25","0","0","0","","MICHELLE","","MBONU","S/21/0601","$2y$10$tmmQ.u/UOMhoFOF5jEfvz.n.acvfpU3Oj0MYrMAz6HsBuVFBIgc9K","numichelle","numichelle","","2017-05-07","male","Christianity","","","","","","","","","PARENT","","","","0","0","0","0","","0","","check_result","activated","2022-03-22 11:56:11"),
("602","60219504de611a","195","9","3","25","0","0","0","","MAKUOCHUKWU","","NJEZE","S/21/0602","$2y$10$r6El1giaj.JGETA8PHSn.emG8rucSEZ5/d7Mntfl2gCxpe/zM6Qxe","zemakuochukwu","zemakuochukwu","","2017-05-25","male","Christianity","","","","","","","","","PARENT","","","","0","0","0","0","","0","","check_result","activated","2022-03-22 11:57:02"),
("603","603195e389782c","195","24","3","25","0","0","0","","CHIZITERE","","NNAMANI","S/21/0603","$2y$10$MhJj37R/v.m7DKY4OuIamOkQ/DX.VB6wqZuILmXZlwI6l2IYz/Z36","nichizitere","nichizitere","","2017-11-30","female","Christianity","","","","","","","","","PARENT","","","","0","0","0","0","","0","","check_result","activated","2022-03-22 11:58:18"),
("604","6041956a1a3d14","195","399","3","25","0","0","0","","IVY","","NWANKWO","S/21/0604","$2y$10$y5OkpUsHikgmyfPYTIdsY.v5NhTwpL1RLHgdmw98roj6qCV0BNRoC","woivy","woivy","","2017-08-02","female","Christianity","","","","","","","","","PARENT","","","","0","0","0","0","","0","","check_result","activated","2022-03-22 11:59:02"),
("605","6051957991ac14","195","93","3","25","0","0","0","","CHIDIEBERE","","OGBUKE","S/21/0605","$2y$10$IO2CoR0hL/iG1sDqxhrkZOcRicUANmnrIuvD5kyK8.yDoqf6Ajnw2","kechidiebere","kechidiebere","","2017-09-29","female","Christianity","","","","","","","","","PARENT","","","","0","0","0","0","","0","","check_result","activated","2022-03-22 12:00:09"),
("606","606195f42e4f03","195","143","3","25","0","0","0","","MMAMACHUKWU","","OKE","S/21/0606","$2y$10$Jqu3Zuaa1sFYi2f3MQFGbO/e2FZTU92OeoGZVwvKKUnJaUvE8pjlS","kemmamachukwu","kemmamachukwu","","2017-06-17","female","Christianity","","","","","","","","","PARENT","","","","0","0","0","0","","0","","check_result","activated","2022-03-22 12:29:27"),
("607","607195e6137efd","195","184","3","25","0","0","0","","EXCELLENT","","ONUIGBO","S/21/0607","$2y$10$.BgCp0nWsJFiWwTOBruxZOe1tRKwD0XFfargfPb9woqRLYEGxnc/.","boexcellent","boexcellent","","2017-04-03","female","Christianity","","","","","","","","","PARENT","","","","0","0","0","0","","0","","check_result","activated","2022-03-22 12:30:19"),
("608","60819517d80cf5","195","409","3","26","0","0","0","","CHINAZAEKPERE","","ONUOHA","S/21/0608","$2y$10$78ngfLke.TAnrj2e52dSsevGs//zOfSBrLj9hlOnJ/2tnKcLPLefu","zeonglobal","zeonglobal","","2017-10-05","female","Christianity","","","","","","","","","PARENT","","","","0","0","0","0","","0","","check_result","activated","2022-03-22 13:00:41"),
("609","60919512d4f5c8","195","410","3","26","0","0","0","","CHINWE","","CHIMKAMMA","S/21/0609","$2y$10$JNfNGIAgs1jb7OF8iUhzJOuEU2u72yukxWEBajEkWGcJDJjyokn2i","zeonglobal","zeonglobal","","2017-05-03","female","Christianity","","","","","","","","","PARENT","","","","0","0","0","0","","0","","check_result","activated","2022-03-22 13:16:25"),
("610","61019529301166","195","0","3","26","0","0","0","","CHIMNESO","","AGUJIOBI","S/21/0610","$2y$10$NWNSC4T3iQNQyVsezLEKn..4SBKI9QyGwnU7EY3alzWWwwcG7lIce","bichimneso","bichimneso","","2017-06-06","female","Christianity","","","","","","","","","PARENT","","","","0","0","0","0","","0","","check_result","activated","2022-03-22 13:17:56"),
("611","61119587ee58e1","195","50","3","26","0","0","0","","UCHENNA","","ENE","S/21/0611","$2y$10$mVSwFV6SrXciSnY0ruAg0ORzC.DmQuqOJf4tYZoePbgeLDqGPzE66","neuchenna","neuchenna","","2017-04-24","male","Christianity","","","","","","","","","PARENT","","","","0","0","0","0","","0","","check_result","activated","2022-03-22 13:19:07"),
("612","612195ae9e72fc","195","332","3","26","0","0","0","","JIMETO","","IKENNA","S/21/0612","$2y$10$PIV0QyQp8YkQBBGaR.HLAuRF/.25n71ezjcDVjyAqg0P7LdKMhWCi","najimeto","najimeto","","2019-03-26","male","Christianity","","","","","","","","","PARENT","","","","0","0","0","0","","0","","check_result","activated","2022-03-22 13:21:27"),
("613","613195212b82db","195","411","3","26","0","0","0","","NAETO","","ODUCHE","S/21/0613","$2y$10$TnR6f.6bwYd5xUHU021T4eOfCocFp/Qu5umKaGt234JjtiFySjAe6","zeonglobal","zeonglobal","","2017-07-18","male","Christianity","","","","","","","","","PARENT","","","","0","0","0","0","","0","","check_result","activated","2022-03-22 13:26:01"),
("614","614195eb7efd3a","195","385","3","26","0","0","0","","EKPEREAMAKA","","EZEMA","S/21/0614","$2y$10$.XuzGRJBqTNVPBUYm1Uxt.x7lSi/hO1TuE/D3V8ZBzB0OC/vXvfQW","maekpereamaka","maekpereamaka","","2022-03-22","female","Christianity","","","","","","","","","PARENT","","","","0","0","0","0","","0","","check_result","activated","2022-03-22 13:28:16"),
("615","6151954826386e","195","309","3","26","0","0","0","","WISDOM","","EKEOWA","S/21/0615","$2y$10$K31wF9i0mei6hLskBauOM.3Z7DuvXcDa0K/nyL1T6FJSsMCG7BzTK","wawisdom","wawisdom","","2017-10-25","male","Christianity","","","","","","","","","PARENT","","","","0","0","0","0","","0","","check_result","activated","2022-03-22 13:29:23"),
("616","616195435e6474","195","412","3","26","0","0","0","","CHIMNONSO","","AMOBI","S/21/0616","$2y$10$c6uP6ZhbfIEcW1RHxfIHCeKRwHyxtURZTKDcol2hR0sfuU3SzEN9q","zeonglobal","zeonglobal","","2017-04-14","female","Christianity","","","","","","","","","PARENT","","","","0","0","0","0","","0","","check_result","activated","2022-03-22 13:32:24"),
("617","617195236d7757","195","413","3","26","0","0","0","","PROSPER","","UGWU","S/21/0617","$2y$10$/9Jgr2Z.r2MsUKDt.ldYkO2ckYVlc2ziqsCO2Rt7UjanKjvbzTYqa","zeonglobal","zeonglobal","","2017-01-04","male","Christianity","","","","","","","","","PARENT","","","","0","0","0","0","","0","","check_result","activated","2022-03-22 13:45:45"),
("618","618195e34097ab","195","314","3","26","0","0","0","","IWUCHUKWU","","BOBBY","S/21/0618","$2y$10$c4W/JwWq9Li/OFjmeOKNf..UtC3ptmXjKBCkzwCmBKmVEhxd53N5S","byiwuchukwu","byiwuchukwu","","2016-01-12","male","Christianity","","","","","","","","","PARENT","","","","0","0","0","0","","0","","check_result","activated","2022-03-22 13:48:39"),
("619","619195504e555c","195","67","3","26","0","0","0","","IFEZENE","","CHIDIMMA","S/21/0619","$2y$10$zAyoPLCk25sn53bsTa.hj.Bwb0AXbGVcWeNZtNjUPIVOyeZe7YY.y","maifezene","maifezene","","2018-01-05","female","Christianity","","","","","","","","","PARENT","","","","0","0","0","0","","0","","check_result","activated","2022-03-22 13:51:35"),
("620","62019521d77fe4","195","414","3","26","0","0","0","","CHIZULUKAEME","","NNAMANI","S/21/0620","$2y$10$svVemwBUNUxDho.3UivCb.FNt9wy9lO7/l/QMYHxms5FeQP0F3M0q","zeonglobal","zeonglobal","","2017-12-17","male","Christianity","","","","","","","","","PARENT","","","","0","0","0","0","","0","","check_result","activated","2022-03-22 13:59:03"),
("621","621195eccbbcbc","195","414","3","26","0","0","0","","KENECHUKWU","","NNAMANI","S/21/0621","$2y$10$XivK2BvcENe5C72ib4Ja.Orfav6VfBEJM6bVju.p263lPpjmRzDrW","nikenechukwu","nikenechukwu","","2017-12-17","female","Christianity","","","","","","","","","PARENT","","","","0","0","0","0","","0","","check_result","activated","2022-03-22 14:00:40"),
("622","6221951cf6d66f","195","214","3","26","0","0","0","","KAITOBECHUKWU","","AGBO","S/21/0622","$2y$10$DlIEyPdItRjfAGUEPZ6hT.mLa1H.X/9eVtwVg/N7rv1a8rhQw5X4O","bokaitobechukwu","bokaitobechukwu","","2019-01-30","male","Christianity","","","","","","","","","PARENT","","","","0","0","0","0","","0","","check_result","activated","2022-03-22 14:02:25"),
("623","6231954fb4fe11","195","299","3","26","0","0","0","","MARVIS","CHINUALUMOGU","OKORIE","S/21/0623","$2y$10$o5s7dt5b7dG1rUtWCtsyn.lTB6PolHh3DF4H3ORbArTG0C5BtwihO","iemarvis","iemarvis","","2017-09-15","female","Christianity","","","","","","","","","PARENT","","","","0","0","0","0","","0","","check_result","activated","2022-03-22 14:04:12"),
("624","6241953465864c","195","276","3","26","0","0","0","","CHIAGOZIEM","","OKORO","S/21/0624","$2y$10$DWBYGD9gtvy3yAI547e/WuS1CjkQ9HzcOIjTtXj20EyGGZFt.xwLW","rochiagoziem","rochiagoziem","","2017-06-12","female","Christianity","","","","","","","","","PARENT","","","","0","0","0","0","","0","","check_result","activated","2022-03-22 14:09:29"),
("625","625195cf9ef4ce","195","415","3","26","0","0","0","","CEDAR","AFAM","UGWU","S/21/0625","$2y$10$rnIdQKfMozV.dyZwa63LlOo./8f0XUnhUitiLqHYJT1aoDeMX7.EW","zeonglobal","zeonglobal","","2017-06-17","male","Christianity","","","","","","","","","PARENT","","","","0","0","0","0","","0","","check_result","activated","2022-03-22 14:13:57"),
("626","62619538b48796","195","416","3","26","0","0","0","","CHIEKEZITAM","","UME","S/21/0626","$2y$10$3IlEXntGIDdl33L6J21Dr.j/R7kIYIrH1b7sMRlwgwYnT.3RF7Jia","zeonglobal","zeonglobal","","2017-11-27","male","Christianity","","","","","","","","","PARENT","","","","0","0","0","0","","0","","check_result","activated","2022-03-22 14:20:50"),
("627","627195f8a2dc40","195","417","3","26","0","0","0","","ROYALTY","","ORJI-ADIMEGWU","S/21/0627","$2y$10$ZyW48VAECGLK4I.7PFym7.wI1cjIvoXaEdPC4z23oKMOouulfs0Va","zeonglobal","zeonglobal","","2018-03-16","male","Christianity","","","","","","","","","PARENT","","","","0","0","0","0","","0","","check_result","activated","2022-03-22 14:25:25"),
("628","628195a21e8db8","195","301","3","26","0","0","0","","PERCY","","OBODOZIE","S/21/0628","$2y$10$MgiTEd5vS6iV8i23mDbxL.EcDtdQyeU9VIV6jXRHcuwOs7h.cFb9e","iepercy","iepercy","","2017-11-13","male","Christianity","","","","","","","","","PARENT","","","","0","0","0","0","","0","","check_result","activated","2022-03-22 14:27:00"),
("629","629195013b7386","195","0","3","26","0","0","0","","OLACHI","","OZO-OKOROAFOR","S/21/0629","$2y$10$4JqLnQjr/whzGKaS1R91u.ZxQsM.e2Lrvmq/qR1WVqfc5RphTXqcq","orolachi","orolachi","","2022-03-22","female","Christianity","","","","","","","","","PARENT","","","","0","0","0","0","","0","","check_result","activated","2022-03-22 14:27:56"),
("630","630195961836c4","195","286","3","26","0","0","0","","CYNTHIA","MARY","UGWU","S/21/0630","$2y$10$CaA1ADFSxV4hXS/qM44LSeLTnk3EcQBxMPB5T/6nrJhymSb4HqwHy","wucynthia","wucynthia","","2017-02-16","female","Christianity","","","","","","","","","PARENT","","","","0","0","0","0","","0","","check_result","activated","2022-03-22 14:29:43"),
("631","631195b12e0bd3","195","418","4","11","0","0","0","","GABRIELLA","","EMEKWURU","S/21/0631","$2y$10$tf2.DCeu19zEtEE0QhcuzOaDB3BzLqo0eCRalL1T1XqOttzw5mhNm","zeonglobal","zeonglobal","","2016-10-06","female","Christianity","","","","","","","","","PARENT","","","","0","0","0","0","","0","","check_result","activated","2022-03-22 14:42:01"),
("632","6321950d95c355","195","310","4","11","0","0","0","","CHUKWUEBUKA","","EMMANUEL","S/21/0632","$2y$10$CbaZOPw.LuqmhoQ/FxoVq.tMQLSYMcGuYyS03uk1KM1liNQuHNbka","elchukwuebuka","elchukwuebuka","","2016-01-25","male","Christianity","","","","","","","","","PARENT","","","","0","0","0","0","","0","","check_result","activated","2022-03-22 14:45:34"),
("633","633195f3cbdd6c","195","1","4","11","0","0","0","","ADACHUKWU","","AGUJIOBI","S/21/0633","$2y$10$Gypsj47CBvlDLKxug6Z6HeBdRk1eDPhsoALc1/n4ZkR8kUVH3GJxe","biadachukwu","biadachukwu","","2016-10-07","male","Christianity","","","","","","","","","PARENT","","","","0","0","0","0","","0","","check_result","activated","2022-03-22 14:47:07"),
("634","6341950166e03c","195","113","4","11","0","0","0","","DIVINE","TREASURE","ANIGBOGU","S/21/0634","$2y$10$z98b5hNL9QT9leEc3PCPp.Z6d4uLvUEV3BgyPh6pp3YDJ1F1t22vq","gudivine","gudivine","","2017-10-29","female","Christianity","","","","","","","","","PARENT","new_student","new_student","","0","0","0","0","","0","","check_result","activated","2022-03-22 14:49:09"),
("635","6351957d85c2e6","195","326","4","11","0","0","0","","CHIOMA","PRINCESS","OKEKE","S/21/0635","$2y$10$qyAEAqZWNcAtCVKQkWlHSOEu772WrcsFZVWIXZvJaXpse2DVmCeRO","kechioma","kechioma","","2016-09-16","female","Christianity","","","","","","","","","PARENT","","","","0","0","0","0","","0","","check_result","activated","2022-03-22 14:54:21"),
("636","63619597b60bb2","195","302","4","11","0","0","0","","CHIKANA","","CHUKWUEMEKA","S/21/0636","$2y$10$MRM/wroc.NjEu0IdlNtMJe5XE6B8kHfNXF2/.uFg5fXSifprTnJnS","kachikana","kachikana","","2016-09-16","female","Christianity","","","","","","","","","PARENT","","","","0","0","0","0","","0","","check_result","activated","2022-03-23 06:45:00"),
("637","637195886f1ac1","195","419","4","11","0","0","0","","DIVINE-TREASURE","CHISIMDI","MAMAH","S/21/0637","$2y$10$qlK4Yk43FfFjo.TqHyAkhOYKnnWk8LHal4pXp2XliV/UpkaXOFVuu","zeonglobal","zeonglobal","","2016-11-21","female","Christianity","","","","","","","","","PARENT","","","","0","0","0","0","","0","","check_result","activated","2022-03-23 06:49:37"),
("638","6381957a86cdd5","195","420","4","11","0","0","0","","AUGUSTINE","CHIJINDU","CHUKWUDI","S/21/0638","$2y$10$tmxfk68jHdrV6s4UdTWbGuQHBZlclb0TvzxFTKUTRaHYKt6bClOMa","zeonglobal","zeonglobal","","2016-06-13","male","Christianity","","","","","","","","","PARENT","","","","0","0","0","0","","0","","check_result","activated","2022-03-23 06:52:41"),
("639","639195831ca5af","195","421","4","11","0","0","0","","GERALD","UDOCHUKWU","ECHEMA","S/21/0639","$2y$10$eW/1pmFcReL5zfD7fz8qdupZwvZuDAysARo1YwlXa687aTrhPQPLu","zeonglobal","zeonglobal","","2016-01-04","male","Christianity","","","","","","","","","PARENT","","","","0","0","0","0","","0","","check_result","activated","2022-03-23 06:55:06"),
("640","640195e8e2118a","195","277","4","11","0","0","0","","ONYEKA","BLESSING","ORJI","S/21/0640","$2y$10$w2Vxw3uicSRUMNapaP7NNuglteC9yAmnqHoctCFp7uYxmWRzRgysG","jionyeka","jionyeka","","2017-09-17","female","Christianity","","","","","","","","","PARENT","","","","0","0","0","0","","0","","check_result","activated","2022-03-23 06:56:22"),
("641","641195b087a56f","195","373","4","11","0","0","0","","PURITY","","EKETE","S/21/0641","$2y$10$NTQuDT0Ua8lgoeGkw8kEV.8pBBym63UWmujIMWP4ejstlLzrBtxXi","tepurity","tepurity","","2017-07-27","female","Christianity","","","","","","","","","PARENT","","","","0","0","0","0","","0","","check_result","activated","2022-03-23 06:57:56"),
("642","64219514baacf7","195","422","4","11","0","0","0","","HAPPINESS","","ADINDU","S/21/0642","$2y$10$wTnWXEnWHWnlHZLHyiE3cuJW2uSAZ5V1dma3CeSPWYyeJyWxn3cJa","zeonglobal","zeonglobal","","2017-01-13","female","Christianity","","","","","","","","","PARENT","","","","0","0","0","0","","0","","check_result","activated","2022-03-23 07:00:19"),
("643","643195edd6401c","195","423","4","11","0","0","0","","IFECHUKWU","","AGODI","S/21/0643","$2y$10$gqF/6A/TvIDU5n1IoVn4tOmjBvy0JY1fHe/SqpyMTzYl02/sAk9IG","zeonglobal","zeonglobal","","2016-09-08","female","Christianity","","","","","","","","","PARENT","","","","0","0","0","0","","0","","check_result","activated","2022-03-23 07:02:14"),
("644","6441956d95caa9","195","424","4","11","0","0","0","","BEST","OHARANAMMA","ANEKE","S/21/0644","$2y$10$oZTFVcuOK7sL2aKl1.aRVeIHoMxLo/3b7iIISUsOertJywOuUYcgu","zeonglobal","zeonglobal","","2016-06-14","female","Christianity","","","","","","","","","PARENT","new_student","new_student","","0","0","0","0","","0","","check_result","activated","2022-03-23 07:04:12"),
("645","6451959ab320e1","195","390","4","11","0","0","0","","MUNACHIMSO","","OHAKWE","S/21/0645","$2y$10$d1dFh49RVkOUhsWuiKLlO.WtK8yp7aZa35mZCNg4l8IuFoAEeVvb.","wemunachimso","wemunachimso","","2016-10-27","male","Christianity","","","","","","","","","PARENT","","","","0","0","0","0","","0","","check_result","activated","2022-03-23 07:07:44"),
("646","64619530e13a1c","195","86","4","11","0","0","0","","CHIMAMANDA","","CHIJIOKE","S/21/0646","$2y$10$vOcWBXymTdRAkXvqSIsrbuz7/sMitwkx.DasAFLfntZdzOfRuY9BO","kechimamanda","kechimamanda","","2016-02-07","female","Christianity","","","","","","","","","PARENT","","","","0","0","0","0","","0","","check_result","activated","2022-03-23 07:08:38"),
("648","6481955870248a","195","283","4","11","0","0","0","","EMMANUEL","MUNACHIMSO","BONAFRANCIS","S/21/0647","$2y$10$MnX4xZQKBmneORbbF/WDI.pLdhZAa.BYtCPeqE8ia06NU2mrMrt/q","isemmanuel","isemmanuel","","2016-10-14","male","Christianity","","","","","","","","","PARENT","","","","0","0","0","0","","0","","check_result","activated","2022-03-23 07:10:40"),
("649","649195cc84c15e","195","425","6","12","0","0","0","","ADAUGO","","NKOLOAJU","S/21/0648","$2y$10$EiUb37CTYHRMBQOiHEfygeN544fh2liMnW541O3FKSWbPA.lusagG","zeonglobal","zeonglobal","","2022-03-23","female","Christianity","","","","","","","","","PARENT","new_student","new_student","","0","0","0","0","","0","","check_result","activated","2022-03-23 07:17:36"),
("650","650195893173eb","195","0","6","12","0","0","0","","EKWO","","CHIEMERIE","S/21/0649","$2y$10$HJiynA/SRcI1gi6pf/xBBuO65QBDmv6ng9/rNSCK9KTFjuxIRy/Xi","ieekwo","ieekwo","","2022-03-22","male","Christianity","","","","","","","","","PARENT","","","","0","0","0","0","","0","","check_result","activated","2022-03-23 07:21:36"),
("651","651195e279f3e4","195","426","6","12","0","0","0","","CHIKA","","EZIHE","S/21/0650","$2y$10$a8ByvM3WwN9GXwGYGvhhw.bgiB3MLjbT6SLiaA/rT0GnHljTKvqde","zeonglobal","zeonglobal","","2022-03-22","male","Christianity","","","","","","","","","PARENT","","","","0","0","0","0","","0","","check_result","activated","2022-03-23 07:24:30"),
("652","652195bc71165e","195","42","6","12","0","0","0","","CHIZARAM","","UZOIGWE","S/21/0651","$2y$10$EacqQHJ7n4m8N.Du6yf7iukULmIo/1CDzCTc2xkY/xcFIverNX88e","wechizaram","wechizaram","","2016-08-01","male","Christianity","","","","","","","","","PARENT","","","","0","0","0","0","","0","","check_result","activated","2022-03-23 07:25:32"),
("653","653195f6c19851","195","16","6","12","0","0","0","","CHIMSIMDI","","OZOBU","S/21/0652","$2y$10$.4ZksvUYuuhbwE.CVvdC4erF.5bkCfl7B2XzwgEjlja1y/1DdruBi","buchimsimdi","buchimsimdi","","2014-03-16","male","Christianity","","","","","","","","","PARENT","","","","0","0","0","0","","0","","check_result","activated","2022-03-23 07:26:40"),
("654","65419543d7eb55","195","164","6","12","0","0","0","","CHUKWUNONSO","","ONYENALI","S/21/0653","$2y$10$xtO2FY.HMHdFsj53Vc9Dv.pvBTGpG1bDM7QimykW9nwG.eodBNxSi","lichukwunonso","lichukwunonso","","2014-03-25","male","Christianity","","","","","","","","","PARENT","","","","0","0","0","0","","0","","check_result","activated","2022-03-23 08:15:28"),
("655","6551957f1c803b","195","427","6","12","0","0","0","","FESOCHUKWU","","OKOH","S/21/0654","$2y$10$ZeEqvR5aAoFj7CIXiFya4.zWS42.DvRlKZrgTCGb4sRfcKmu.OLii","zeonglobal","zeonglobal","","2014-08-24","male","Christianity","","","","","","","","","PARENT","","","","0","0","0","0","","0","","check_result","activated","2022-03-23 08:17:14"),
("656","6561959ad60a14","195","349","6","12","0","0","0","","PRISCA","CHINAZAEKPERE","ECHEBI","S/21/0655","$2y$10$N.z38ZP2Q1BEvK3Mc64Q0Ov8Qz05F7jnZH7AdVVKKkx1biIJ5Zhsq","biprisca","biprisca","","2014-03-18","female","Christianity","","","","","","","","","PARENT","","","","0","0","0","0","","0","","check_result","activated","2022-03-23 08:18:31"),
("657","65719509c3384e","195","151","6","12","0","0","0","","ALEX","","NWACHUKWU","S/21/0656","$2y$10$FCGj/Jie/jw8tHUeWB/nhOm46Ofq8ZrAj4VjKSa7cqDHbBFZu4ik.","wualex","wualex","","2014-06-03","male","Christianity","","","","","","","","","PARENT","","","","0","0","0","0","","0","","check_result","activated","2022-03-23 08:19:21"),
("658","658195f0ca2a00","195","0","6","12","0","0","0","","VERA","","NWAOKIKE","S/21/0657","$2y$10$SNnsKwO/w8g6ITMUXRHED.9KIF62X6UHDoBUON.P3BkkPHKiZQWeO","kevera","kevera","","2014-07-09","female","Christianity","","","","","","","","","PARENT","","","","0","0","0","0","","0","","check_result","activated","2022-03-23 08:20:33"),
("659","6591956b9d8073","195","276","6","12","0","0","0","","CHIBUIKEM","","OKORO","S/21/0658","$2y$10$9WAqfJxOJ8JN0ZyL90is7uwwGbKuLYweFLu0Z..59gwsxRympH7ye","rochibuikem","rochibuikem","","2015-09-02","male","Christianity","","","","","","","","","PARENT","","","","0","0","0","0","","0","","check_result","activated","2022-03-23 08:21:20"),
("660","6601959919ffee","195","428","6","12","0","0","0","","CHIBUIFEM","","NWACHUKWU","S/21/0659","$2y$10$a2DVRDsqfxfdOt1DMJfd6.Zm3.mlnkJyMlFqtKjM6jC1xjTGj1mum","zeonglobal","zeonglobal","","2014-08-28","female","Christianity","","","","","","","","","PARENT","","","","0","0","0","0","","0","","check_result","activated","2022-03-23 08:23:17"),
("661","661195bb9aa8f4","195","429","6","12","0","0","0","","JEWEL","OGBODO","CHIKEZIE","S/21/0660","$2y$10$ogQagc3sj4LUTVEpxV8JEuuHolB7wjzhDoou5Z64.UmUAAHNHZJy6","zeonglobal","zeonglobal","","2014-02-05","male","Christianity","","","","","","","","","PARENT","","","","0","0","0","0","","0","","check_result","activated","2022-03-23 08:25:17"),
("662","6621958e96dc32","195","0","6","12","0","0","0","","ONYEDIKACHI","","ACHI","S/21/0661","$2y$10$fRh/OxGASTSL5SqQbncFrePlchNKBH6hLlHHTDY.Pz00ByXDf2oEO","hionyedikachi","hionyedikachi","","2015-04-12","male","Christianity","","","","","","","","","PARENT","","","","0","0","0","0","","0","","check_result","activated","2022-03-23 08:26:02"),
("663","66319578cdba23","195","182","6","12","0","0","0","","NNEOMA","","UKWUEZE","S/21/0662","$2y$10$0jeTytwssBwbbf56UonbG.MUlATR.S.bAv9l2b3vUErkEZ4HslHp6","zenneoma","zenneoma","","2015-05-31","male","Christianity","","","","","","","","","PARENT","","","","0","0","0","0","","0","","check_result","activated","2022-03-23 08:27:09"),
("664","664195bb291fe7","195","139","6","12","0","0","0","","CHISIMDI","","ENEH","S/21/0663","$2y$10$Z0ber1R0qYb9PkwCRUE7FeR/wRke5dIcbfTFE4pK4uBcdKrAAVGwC","ehchisimdi","ehchisimdi","","2014-03-01","male","Christianity","","","","","","","","","PARENT","","","","0","0","0","0","","0","","check_result","activated","2022-03-23 08:28:00"),
("665","665195b2a3142c","195","7","6","12","0","0","0","","CHINECHEREM","","MADUABUCHI","S/21/0664","$2y$10$jyevI5GjqT9RGHRd0u/G1u6Mgwez0Yk3EuyxmelNJGc1dRKGfC2gS","hichinecherem","hichinecherem","","2014-07-10","male","Christianity","","","","","","","","","PARENT","","","","0","0","0","0","","0","","check_result","activated","2022-03-23 08:29:11"),
("666","66619565e5ca51","195","326","6","12","0","0","0","","JUSTICE","","OKEKE","S/21/0665","$2y$10$oSvZFSdLWWnLGQMcxTtBI.U2IxyAm/iHPsDJu/GVkIg5/9Jpu1kpG","kejustice","kejustice","","2014-08-28","male","Christianity","","","","","","","","","PARENT","","","","0","0","0","0","","0","","check_result","activated","2022-03-23 09:47:11"),
("667","667195b683ea38","195","12","6","12","0","0","0","","CHIZARAM","","OBASI","S/21/0666","$2y$10$mA7TjyYAaDWMAfTy7yAkQezmqd2A0TFUWht9KxHHgUsuPt7iAufJi","zichizaram","zichizaram","","2014-04-11","female","Christianity","","","","","","","","","PARENT","","","","0","0","0","0","","0","","check_result","activated","2022-03-23 09:51:56"),
("668","668195d8e64778","195","430","6","12","0","0","0","","EBUBECHUKWU","","AGU","S/21/0667","$2y$10$plXWfGjDf2m5eayyGoE6E.y2iQKBKpk6bVbA3XPzNQb5uMsi9DMQ6","zeonglobal","zeonglobal","","2014-04-03","female","Christianity","","","","","","","","","PARENT","","","","0","0","0","0","","0","","check_result","activated","2022-03-23 09:56:30"),
("669","669195407cca61","195","39","6","12","0","0","0","","C","NNENNA","NWATU","S/21/0668","$2y$10$l5SZl96fMgqy/WdmrCGyjuymm5q22Z1koXcUMzAYJl0eLpkcZ9tZm","tuc","tuc","","2014-09-26","female","Christianity","","","","","","","","","PARENT","","","","0","0","0","0","","0","","check_result","activated","2022-03-23 09:57:42"),
("670","670195df5fdf3c","195","431","6","12","0","0","0","","VANIA","","MBONU","S/21/0669","$2y$10$TlXb6ms8dFl0Rwhqp39qkuFb/ZpJvgxYvUpWXS9YWhg8w4bqUZyoi","zeonglobal","zeonglobal","","2014-10-02","female","Christianity","","","","","","","","","PARENT","","","","0","0","0","0","","0","","check_result","activated","2022-03-23 09:59:51"),
("671","6711958984910c","195","0","6","12","0","0","0","","PRECIOUS","","EZEAKOR","S/21/0670","$2y$10$eyVv2o/0FNnhLzSErmDDRO0ZcDh1Xfd8GXAXzHxJ6KvKJXOaUNVoC","orprecious","orprecious","","2014-10-30","female","Christianity","","","","","","","","","PARENT","","","","0","0","0","0","","0","","check_result","activated","2022-03-23 10:00:54"),
("672","67219509547090","195","152","6","12","0","0","0","","KOSISOCHUKWU","","ACHIFE","S/21/0671","$2y$10$wMLvRm3F/Wmxfij.GNkM3OeW7HgrMdJLn3hpfEY4az/qRuvuY4DQe","fekosisochukwu","fekosisochukwu","","2015-01-27","female","Christianity","","","","","","","","","PARENT","","","","0","0","0","0","","0","","check_result","activated","2022-03-23 10:02:23"),
("673","673195fcbe32ed","195","432","6","12","0","0","0","","CHIDIMMA","","NWEKE","S/21/0672","$2y$10$EMibhYfT3fj2QzrkQ6Hnc.WYAOCCZVGwjP1UHe8aWzpkI24WExLBm","zeonglobal","zeonglobal","","2014-09-26","female","Christianity","","","","","","","","","PARENT","","","","0","0","0","0","","0","","check_result","activated","2022-03-23 10:04:45"),
("674","6741953681130e","195","194","6","12","0","0","0","","UGOCHUKWU","","OBUEZE","S/21/0673","$2y$10$g5/0SjEVslDAF2Z1pJtKvexWO2BpYzIKT2lf1C22jyRG8KrMdtL4W","zeugochukwu","zeugochukwu","","2014-03-28","male","Christianity","","","","","","","","","PARENT","","","","0","0","0","0","","0","","check_result","activated","2022-03-23 10:05:53"),
("675","675195f5551f3a","195","433","6","12","0","0","0","","JAMES","","OKONKWO","S/21/0674","$2y$10$wBqMeVT8hv/dzYUU36TDLe4OXUWoe28nuNZ926t5D1SFXcNWa92Ce","zeonglobal","zeonglobal","","2014-07-09","male","Christianity","","","","","","","","","PARENT","","","","0","0","0","0","","0","","check_result","activated","2022-03-23 10:09:51"),
("676","67619597fe7ae5","195","434","6","12","0","0","0","","CHUKWUEMEKA","MICHAEL","NNABUEZE","S/21/0675","$2y$10$j9vaKHPfkRXrxvsS23T84.XnDfj.xGTVCfsdBtO4ZdEovmB8u2yHO","zeonglobal","zeonglobal","","2013-11-16","male","Christianity","","","","","","","","","PARENT","","","","0","0","0","0","","0","","check_result","activated","2022-03-23 10:17:00");




CREATE TABLE `subclass` (
  `subclass_id` int(11) NOT NULL AUTO_INCREMENT,
  `subclass_name` varchar(30) NOT NULL,
  PRIMARY KEY (`subclass_id`)
) ENGINE=InnoDB AUTO_INCREMENT=27 DEFAULT CHARSET=latin1;


INSERT INTO subclass VALUES
("1","MODESTIA"),
("2","SAPIENCIA"),
("3","CHARISMA"),
("4","PERITA"),
("5","PURRISSIMA"),
("6","PAZ"),
("7","INTEGRIDAD"),
("8","DIGRIDAD"),
("9","DAHLIA"),
("10","ZINIA"),
("11","OLEANDER"),
("12","RUBY"),
("13","DIAMOND"),
("14","EMERALD"),
("15","HONESTIDAD"),
("16","UNIDAD"),
("17","ROSE"),
("18","NOBLE"),
("19","JOY"),
("20","JASMINE"),
("21","CARNATION"),
("22","LACELEAF"),
("23","ROSEMANO"),
("24","PEONY"),
("25","DAISY"),
("26","LILY");




CREATE TABLE `subject_class` (
  `subject_class_id` int(11) NOT NULL AUTO_INCREMENT,
  `subject_id` int(11) NOT NULL,
  `class_id` int(11) NOT NULL,
  PRIMARY KEY (`subject_class_id`)
) ENGINE=InnoDB AUTO_INCREMENT=11 DEFAULT CHARSET=latin1;


INSERT INTO subject_class VALUES
("1","1","6"),
("2","1","7"),
("3","1","8"),
("4","1","9"),
("5","1","4"),
("6","1","3"),
("7","1","2"),
("8","1","1"),
("9","1","10"),
("10","1","5");




CREATE TABLE `subjects` (
  `subject_id` int(11) NOT NULL AUTO_INCREMENT,
  `subject_name` varchar(50) NOT NULL,
  `subject_short` varchar(30) NOT NULL,
  `groups` varchar(100) NOT NULL,
  PRIMARY KEY (`subject_id`),
  KEY `groups` (`groups`)
) ENGINE=InnoDB AUTO_INCREMENT=20 DEFAULT CHARSET=latin1;


INSERT INTO subjects VALUES
("1","ENGLISH LANGUAGE ","ENG","both"),
("2","MATHEMATICS","MATHS","both"),
("3","PHONICS","PHONICS","both"),
("4","IGBO LANGUAGE","IGBO","both"),
("5","CULTURAL AND CREATIVE ARTS","C.C.A","both"),
("6","HEALTH EDUCATION","H.E","primary"),
("7","BASIC SCIENCE","B.SCI","primary"),
("8","MORAL INSTRUCTION","M/INST","nursery"),
("9","HEALTH HABITS","H.H","nursery"),
("10","MUSIC AND DANCE","M.D","both"),
("11","SOCIAL STUDIES","S.S","both"),
("12","SCIENCE","SCI","nursery"),
("13","HOME ECONOMICS","H.ECONS","primary"),
("14","VERBAL REASONING","VERBAL","primary"),
("15","QUANTITATIVE REASONING","Q.REAS","primary"),
("16","CHRISTIAN RELIGIOUS KNOWLEDGE","C.R.K","primary"),
("17","CIVIC EDUCATION","CIVIC","both"),
("18","AGRICULTURAL SCIENCE","AGRIC SCI","primary"),
("19","CURRENT AFFAIRS","C.AFFAIRS","primary");




CREATE TABLE `test` (
  `test_id` int(11) NOT NULL AUTO_INCREMENT,
  `test_page_id` int(11) NOT NULL,
  `student_id` int(11) NOT NULL,
  `class_id` int(11) NOT NULL,
  `subclass_id` int(11) NOT NULL,
  `subject_id` int(11) NOT NULL,
  `class_name` varchar(50) NOT NULL,
  `subclass_name` varchar(50) NOT NULL,
  `subject_name` varchar(100) NOT NULL,
  `student_score` float DEFAULT NULL,
  `status` varchar(10) NOT NULL,
  `sessions` char(20) NOT NULL,
  `terms` char(20) NOT NULL,
  PRIMARY KEY (`test_id`),
  KEY `test_page_id` (`test_page_id`),
  KEY `class_id` (`class_id`),
  KEY `subclass_id` (`subclass_id`),
  KEY `subject_id` (`subject_id`),
  KEY `student_score` (`student_score`),
  KEY `status` (`status`),
  KEY `sessions` (`sessions`),
  KEY `terms` (`terms`)
) ENGINE=InnoDB DEFAULT CHARSET=latin1;






CREATE TABLE `test_page` (
  `test_page_id` int(11) NOT NULL AUTO_INCREMENT,
  `subject_id` int(11) NOT NULL,
  `class_id` int(11) NOT NULL,
  `subclass_id` int(11) NOT NULL,
  `class_name` varchar(50) NOT NULL,
  `subclass_name` varchar(50) NOT NULL,
  `subject_name` varchar(100) NOT NULL,
  `test_title` varchar(100) NOT NULL,
  `total_score` float NOT NULL,
  `students` int(11) NOT NULL,
  `status` varchar(10) NOT NULL,
  `sessions` char(20) NOT NULL,
  `terms` char(20) NOT NULL,
  `date_added` datetime NOT NULL,
  PRIMARY KEY (`test_page_id`)
) ENGINE=InnoDB DEFAULT CHARSET=latin1;






CREATE TABLE `topic` (
  `topic_id` int(11) NOT NULL AUTO_INCREMENT,
  `topic_name` varchar(200) NOT NULL,
  `class_id` int(11) NOT NULL,
  `subclass_id` int(11) NOT NULL,
  `subject_id` int(11) NOT NULL,
  `user_id` int(11) NOT NULL,
  `table_name` varchar(20) NOT NULL,
  `published` varchar(20) NOT NULL DEFAULT 'not_published',
  `discussion_signal` tinyint(4) NOT NULL,
  `sessions` varchar(15) NOT NULL,
  `terms` varchar(15) NOT NULL,
  `date_added` datetime NOT NULL DEFAULT current_timestamp(),
  PRIMARY KEY (`topic_id`),
  KEY `class_id` (`class_id`),
  KEY `subclass_id` (`subclass_id`),
  KEY `subject_id` (`subject_id`),
  KEY `user_id` (`user_id`),
  KEY `published` (`published`)
) ENGINE=InnoDB DEFAULT CHARSET=utf8mb4;






CREATE TABLE `topic_discussions` (
  `topic_discussions_id` int(11) NOT NULL AUTO_INCREMENT,
  `topic_id` int(11) NOT NULL,
  `user_id` int(11) NOT NULL,
  `table_name` varchar(20) NOT NULL,
  `discussion` varchar(300) NOT NULL,
  `date_added` datetime NOT NULL DEFAULT current_timestamp(),
  PRIMARY KEY (`topic_discussions_id`),
  KEY `user_id` (`user_id`),
  KEY `topic_id` (`topic_id`)
) ENGINE=InnoDB DEFAULT CHARSET=utf8mb4;






CREATE TABLE `transfer_current_fees_info` (
  `current_fees_info_id` int(11) unsigned NOT NULL AUTO_INCREMENT,
  `student_id` int(11) unsigned NOT NULL,
  `class_id` int(10) unsigned NOT NULL,
  `current_school_fees` decimal(15,2) NOT NULL,
  `past_debt` decimal(15,2) NOT NULL,
  `amount_to_pay` decimal(15,2) NOT NULL,
  `amount_paid` decimal(15,2) NOT NULL,
  `discount` decimal(15,2) NOT NULL,
  `surcharge_amount` decimal(15,2) NOT NULL,
  `surcharge_reason` varchar(500) NOT NULL,
  `wave_over` decimal(15,2) NOT NULL,
  `owing` decimal(15,2) NOT NULL,
  `present_owing` decimal(15,2) NOT NULL,
  `class_fee` decimal(15,2) NOT NULL,
  `plan_fee` decimal(15,2) NOT NULL,
  `new_student_fee` decimal(15,2) NOT NULL,
  `room_fee` decimal(15,2) NOT NULL,
  `sessions` varchar(20) NOT NULL,
  `terms` varchar(20) NOT NULL,
  PRIMARY KEY (`current_fees_info_id`),
  KEY `student_id` (`student_id`),
  KEY `sess_term` (`sessions`,`terms`)
) ENGINE=InnoDB DEFAULT CHARSET=latin1;






CREATE TABLE `transfer_fees_discount` (
  `fees_discount_id` int(11) NOT NULL AUTO_INCREMENT,
  `student_id` int(11) NOT NULL,
  `amount` decimal(15,2) NOT NULL,
  `reason` varchar(300) NOT NULL,
  `sessions` varchar(20) NOT NULL,
  `terms` varchar(20) NOT NULL,
  PRIMARY KEY (`fees_discount_id`),
  KEY `student_id` (`student_id`),
  KEY `session_term` (`sessions`,`terms`)
) ENGINE=InnoDB DEFAULT CHARSET=latin1;






CREATE TABLE `transfer_result_main` (
  `result_main_id` int(11) NOT NULL AUTO_INCREMENT,
  `student_id` int(11) NOT NULL,
  `class_id` int(11) NOT NULL,
  `class_name` char(50) NOT NULL,
  `section` varchar(10) NOT NULL,
  `subclass_id` int(11) NOT NULL,
  `subclass_name` char(50) NOT NULL,
  `total` float NOT NULL,
  `cumulative_total` float NOT NULL,
  `total_obtainable` float NOT NULL,
  `cumu_total_obtainable` float NOT NULL,
  `average` varchar(10) NOT NULL,
  `cumulative_average` varchar(10) NOT NULL,
  `position_class` varchar(20) NOT NULL,
  `cumulative_position_class` varchar(20) NOT NULL,
  `position_subclass` varchar(20) NOT NULL,
  `cumulative_position_subclass` varchar(20) NOT NULL,
  `student_attendance` int(11) DEFAULT NULL,
  `total_attendance` int(11) DEFAULT NULL,
  `total_student_class` int(10) unsigned NOT NULL,
  `total_student_subclass` int(10) unsigned NOT NULL,
  `cumulative_total_student_class` int(10) unsigned NOT NULL,
  `cumulative_total_student_subclass` int(10) unsigned NOT NULL,
  `handwriting` int(11) NOT NULL,
  `cumulative_handwriting` int(11) NOT NULL,
  `neatness` int(11) NOT NULL,
  `cumulative_neatness` int(11) NOT NULL,
  `punctuality` int(11) NOT NULL,
  `cumulative_punctuality` int(11) NOT NULL,
  `attentiveness` int(11) NOT NULL,
  `cumulative_attentiveness` int(11) NOT NULL,
  `initiative` int(11) NOT NULL,
  `cumulative_initiative` int(11) NOT NULL,
  `respect` int(11) NOT NULL,
  `cumulative_respect` int(11) NOT NULL,
  `obedience` int(11) NOT NULL,
  `cumulative_obedience` int(11) NOT NULL,
  `attitude` int(11) NOT NULL,
  `cumulative_attitude` int(11) NOT NULL,
  `honesty` int(11) NOT NULL,
  `cumulative_honesty` int(11) NOT NULL,
  `creativity` int(11) NOT NULL,
  `cumulative_creativity` int(11) NOT NULL,
  `behaviour1_name` varchar(100) NOT NULL,
  `behaviour2_name` varchar(100) NOT NULL,
  `behaviour3_name` varchar(100) NOT NULL,
  `behaviour4_name` varchar(100) NOT NULL,
  `behaviour5_name` varchar(100) NOT NULL,
  `behaviour6_name` varchar(100) NOT NULL,
  `behaviour7_name` varchar(100) NOT NULL,
  `behaviour8_name` varchar(100) NOT NULL,
  `behaviour9_name` varchar(100) NOT NULL,
  `behaviour10_name` varchar(100) NOT NULL,
  `promotion` varchar(50) NOT NULL,
  `promotion_class_id` int(11) NOT NULL,
  `promotion_class_name` varchar(50) NOT NULL,
  `promotion_comment` varchar(500) NOT NULL,
  `promotion_subclass_id` int(11) NOT NULL,
  `promotion_subclass_name` varchar(50) NOT NULL,
  `pass_ave` varchar(5) NOT NULL,
  `scratch_card_number` varchar(16) NOT NULL,
  `next_term_begins` date NOT NULL,
  `ca1_total_score` float NOT NULL,
  `ca2_total_score` float NOT NULL,
  `ca3_total_score` float NOT NULL,
  `ca4_total_score` float NOT NULL,
  `ca5_total_score` float NOT NULL,
  `ca6_total_score` float NOT NULL,
  `ca_total_score` float NOT NULL,
  `exam_total_score` float NOT NULL,
  `no_of_ca` int(11) NOT NULL,
  `exam_name` varchar(50) NOT NULL,
  `ca_name_1` varchar(50) NOT NULL,
  `ca_name_2` varchar(50) NOT NULL,
  `ca_name_3` varchar(50) NOT NULL,
  `ca_name_4` varchar(50) NOT NULL,
  `ca_name_5` varchar(50) NOT NULL,
  `ca_name_6` varchar(50) NOT NULL,
  `principal_name` varchar(100) NOT NULL,
  `principal_comment` text NOT NULL,
  `form_staff_name` varchar(200) NOT NULL,
  `form_staff_comment` text NOT NULL,
  `student_affairs_comment` text NOT NULL,
  `cumulative_principal_comment` text NOT NULL,
  `cumulative_form_staff_comment` text NOT NULL,
  `principal_signature` varchar(150) NOT NULL,
  `second_principal_signature` varchar(60) NOT NULL,
  `visited` int(11) NOT NULL,
  `sessions` varchar(20) NOT NULL,
  `terms` varchar(20) NOT NULL,
  PRIMARY KEY (`result_main_id`),
  KEY `student_id` (`student_id`),
  KEY `sessions` (`sessions`),
  KEY `terms` (`terms`),
  KEY `promotion` (`promotion`)
) ENGINE=InnoDB DEFAULT CHARSET=latin1;






CREATE TABLE `transfer_result_subject` (
  `result_subject_id` int(11) NOT NULL AUTO_INCREMENT,
  `student_id` int(11) NOT NULL,
  `class_id` int(11) NOT NULL,
  `subclass_id` int(11) NOT NULL,
  `class_name` varchar(50) NOT NULL,
  `subclass_name` varchar(50) NOT NULL,
  `subject_name` varchar(100) NOT NULL,
  `subject_id` int(11) NOT NULL,
  `ca1` float DEFAULT NULL,
  `ca2` float DEFAULT NULL,
  `ca3` float DEFAULT NULL,
  `ca4` float DEFAULT NULL,
  `ca5` float DEFAULT NULL,
  `ca6` float DEFAULT NULL,
  `ca` float DEFAULT NULL,
  `exam` float DEFAULT NULL,
  `sum_total` float DEFAULT NULL,
  `total` float NOT NULL,
  `cumulative_score` float NOT NULL,
  `cumulative_score_percent` float DEFAULT NULL,
  `cumulative_position` char(10) NOT NULL,
  `position_subclass` varchar(20) NOT NULL,
  `grade` varchar(5) NOT NULL,
  `grade_comment` varchar(50) NOT NULL,
  `staff_name` varchar(200) NOT NULL,
  `staff_comment` varchar(60) NOT NULL,
  `attendance` int(11) DEFAULT NULL,
  `percent_attendance` varchar(10) DEFAULT NULL,
  `handwriting` int(11) NOT NULL,
  `neatness` int(11) NOT NULL,
  `punctuality` int(11) NOT NULL,
  `attentiveness` int(11) NOT NULL,
  `initiative` int(11) NOT NULL,
  `respect` int(11) NOT NULL,
  `obedience` int(11) NOT NULL,
  `attitude` int(11) NOT NULL,
  `honesty` int(11) NOT NULL,
  `creativity` int(11) NOT NULL,
  `status` varchar(10) NOT NULL,
  `sessions` varchar(20) NOT NULL,
  `terms` varchar(10) NOT NULL,
  PRIMARY KEY (`result_subject_id`),
  KEY `sess_term` (`sessions`,`terms`),
  KEY `foreign_keys` (`student_id`,`class_id`,`subclass_id`,`subject_id`),
  KEY `status` (`status`)
) ENGINE=InnoDB DEFAULT CHARSET=latin1;






CREATE TABLE `transfer_salary_info` (
  `salary_info_id` int(11) NOT NULL AUTO_INCREMENT,
  `staff_id` int(11) NOT NULL,
  `current_salary` decimal(15,2) NOT NULL,
  `past_debt` decimal(15,2) NOT NULL,
  `amount_to_pay` decimal(15,2) NOT NULL,
  `amount_paid` decimal(15,2) NOT NULL,
  `wave_over` decimal(15,2) NOT NULL,
  `current_debt` decimal(15,2) NOT NULL,
  `deduct` decimal(15,2) NOT NULL,
  `appreciation_amount` decimal(15,2) NOT NULL,
  `appreciation_reason` varchar(500) NOT NULL,
  `owing` decimal(15,2) NOT NULL,
  `sessions` varchar(20) NOT NULL,
  `terms` varchar(20) NOT NULL,
  `months` varchar(30) NOT NULL,
  PRIMARY KEY (`salary_info_id`),
  KEY `staff_id` (`staff_id`),
  KEY `sessions` (`sessions`)
) ENGINE=InnoDB DEFAULT CHARSET=latin1;






CREATE TABLE `transfer_salary_payment` (
  `salary_payment_id` int(11) NOT NULL AUTO_INCREMENT,
  `staff_id` int(11) NOT NULL,
  `accountant_id` int(10) unsigned NOT NULL,
  `amount_paid` decimal(15,2) NOT NULL,
  `staff_name` varchar(200) NOT NULL,
  `sessions` varchar(20) NOT NULL,
  `terms` varchar(20) NOT NULL,
  `months` varchar(30) NOT NULL,
  `date_added` datetime NOT NULL,
  PRIMARY KEY (`salary_payment_id`)
) ENGINE=InnoDB DEFAULT CHARSET=latin1;






CREATE TABLE `transfer_school_fees` (
  `school_fees_id` int(11) NOT NULL AUTO_INCREMENT,
  `transaction_id` char(20) NOT NULL,
  `student_id` int(11) NOT NULL,
  `staff_id` int(11) NOT NULL,
  `plan_id` int(11) NOT NULL,
  `school_fees_payment_mode_id` int(11) NOT NULL,
  `payment_mode` varchar(300) NOT NULL,
  `staff_name` varchar(200) NOT NULL,
  `amount_paid` decimal(15,2) NOT NULL,
  `payment_no` varchar(20) NOT NULL,
  `fees_status` varchar(20) NOT NULL,
  `sessions` varchar(20) NOT NULL,
  `terms` varchar(10) NOT NULL,
  `date_added` datetime NOT NULL,
  PRIMARY KEY (`school_fees_id`),
  KEY `sessions` (`sessions`),
  KEY `terms` (`terms`),
  KEY `transaction_id` (`transaction_id`),
  KEY `school_fees_payment_mode_id` (`school_fees_payment_mode_id`)
) ENGINE=InnoDB DEFAULT CHARSET=latin1;






CREATE TABLE `transferred_students` (
  `transferred_student_id` int(11) NOT NULL AUTO_INCREMENT,
  `student_id` int(11) NOT NULL,
  `parent_id` int(11) NOT NULL,
  `student_name` varchar(300) NOT NULL,
  `class_id` int(11) NOT NULL,
  `old_class_name` varchar(100) NOT NULL,
  `new_class_name` varchar(100) NOT NULL,
  `serial_number` varchar(50) NOT NULL,
  `school_id` int(11) NOT NULL,
  `database_name` varchar(100) NOT NULL,
  `status` varchar(30) NOT NULL,
  `date_transferred` datetime NOT NULL,
  PRIMARY KEY (`transferred_student_id`)
) ENGINE=InnoDB DEFAULT CHARSET=latin1;






CREATE TABLE `zoom` (
  `zoom_id` int(11) NOT NULL AUTO_INCREMENT,
  `class_id` int(11) NOT NULL,
  `class_category_id` int(11) NOT NULL,
  `email` varchar(100) NOT NULL,
  `pass` varchar(50) NOT NULL,
  `api_key` varchar(200) NOT NULL,
  `api_secret` varchar(200) NOT NULL,
  `meeting_id` varchar(20) NOT NULL,
  `meeting_password` varchar(30) NOT NULL,
  `meeting_url_pwd` varchar(400) NOT NULL,
  `host_key` varchar(20) NOT NULL,
  `date_added` datetime NOT NULL DEFAULT current_timestamp(),
  PRIMARY KEY (`zoom_id`),
  KEY `class_id` (`class_id`),
  KEY `class_category_id` (`class_category_id`)
) ENGINE=InnoDB DEFAULT CHARSET=utf8;






